INSERT INTO `outgoings` (`id`, `transactions_types_id`, `flows_id`, `entities_id`, `autonumber`, `number`, `date`, `ingoing_id`, `priorities_id`, `confidentialities_id`, `urgencies_id`, `receivingmethods_id`, `need_response`, `response`, `sign`, `pages`, `outgoings_id`, `steps_id`, `created_at`, `updated_at`, `creator_id`, `type`, `archive`, `finished`, `folders_id`, `agree_number`, `level_agree_number`) VALUES
(117, 3, 1, NULL, 57, 'R01-M002-DD-57-V', '2024-05-06 00:00:00', NULL, NULL, NULL, NULL, NULL, NULL, NULL, NULL, '<p><br></p><table class=\"table table-bordered\" style=\"text-align: left;\"><tbody><tr><td style=\"text-align: right;\"><p style=\"text-align: center; \"><b>&nbsp; &nbsp; المملكة العربية السعودية</b></p><p style=\"text-align: center; \">الفرع الرئيسي<br></p><p style=\"text-align: center; \">الادارة المركزية&nbsp;-&nbsp;قسم التطوير<br></p><p style=\"text-align: center; \"><b><span style=\"text-align: center; background-color: transparent; color: inherit; font-size: 1rem;\"></span></b></p></td><td><p style=\"text-align: center;\"><img src=\"data:image/png;base64,[BLOB]\" data-filename=\"logo.png\" style=\"width: 80px;\"><br></p></td><td style=\"text-align: left;\"><p style=\"text-align: center; \"><b>التاريخ :&nbsp; &nbsp;</b>6-5-2024</p><p style=\"text-align: center; \"><b>الرقم :&nbsp;</b>R01-M002-DD-57-V</p></td></tr></tbody></table><div align=\"center\"><table class=\"MsoTableGrid\" dir=\"rtl\" border=\"1\" cellspacing=\"0\" cellpadding=\"0\" width=\"735\" style=\"width: 551.05pt; border: none;\"> <tbody><tr style=\"mso-yfti-irow:0;mso-yfti-firstrow:yes;height:37.4pt\">  <td width=\"135\" style=\"width:101.25pt;border-top:double 1.5pt;border-left:solid 1.0pt;  border-bottom:solid 1.0pt;border-right:double 1.5pt;border-color:windowtext;  mso-border-top-alt:double 1.5pt;mso-border-left-alt:solid .5pt;mso-border-bottom-alt:  solid .5pt;mso-border-right-alt:double 1.5pt;mso-border-color-alt:windowtext;  background:#CCCCCC;padding:0cm 5.4pt 0cm 5.4pt;height:37.4pt\">  <p class=\"MsoNormal\" dir=\"RTL\" style=\"text-align:justify;text-justify:kashida;  text-kashida:0%\"><b><span lang=\"AR-SA\" style=\"font-family: &quot;DecoType Naskh&quot;;\">إجراءات منح اجازة</span></b><b><span lang=\"AR-SA\" style=\"font-family:&quot;DecoType Naskh&quot;\"><o:p></o:p></span></b></p>  </td>  <td width=\"600\" valign=\"top\" style=\"width:449.8pt;border-top:double windowtext 1.5pt;  border-left:double windowtext 1.5pt;border-bottom:solid windowtext 1.0pt;  border-right:none;mso-border-right-alt:solid windowtext .5pt;mso-border-top-alt:  double 1.5pt;mso-border-left-alt:double 1.5pt;mso-border-bottom-alt:solid .5pt;  mso-border-right-alt:solid .5pt;mso-border-color-alt:windowtext;padding:0cm 5.4pt 0cm 5.4pt;  height:37.4pt\">  <p class=\"MsoNormal\" dir=\"RTL\" style=\"margin-right:18.0pt;text-align:justify;  text-justify:kashida;text-kashida:0%\"><span lang=\"AR-SA\" style=\"font-size:5.0pt\">&nbsp;</span></p>  <p class=\"MsoNormal\" dir=\"RTL\" style=\"margin-right:36.0pt;text-align:justify;  text-justify:kashida;text-kashida:0%;text-indent:-18.0pt;mso-list:l0 level1 lfo1;  tab-stops:list 36.0pt\"><!--[if !supportLists]-->1-<span style=\"font-variant-numeric: normal; font-variant-east-asian: normal; font-variant-alternates: normal; font-kerning: auto; font-optical-sizing: auto; font-feature-settings: normal; font-variation-settings: normal; font-variant-position: normal; font-stretch: normal; font-size: 7pt; line-height: normal; font-family: &quot;Times New Roman&quot;;\">&nbsp;&nbsp;&nbsp;&nbsp;&nbsp; </span><!--[endif]--><span dir=\"RTL\"></span><span lang=\"AR-SA\">( عادية – اضطرارية ) تملأ الخطوات ( 1-2-4 )<o:p></o:p></span></p>  <p class=\"MsoNormal\" dir=\"RTL\" style=\"margin-right:36.0pt;text-align:justify;  text-justify:kashida;text-kashida:0%;text-indent:-18.0pt;mso-list:l0 level1 lfo1;  tab-stops:list 36.0pt\"><!--[if !supportLists]-->2-<span style=\"font-variant-numeric: normal; font-variant-east-asian: normal; font-variant-alternates: normal; font-kerning: auto; font-optical-sizing: auto; font-feature-settings: normal; font-variation-settings: normal; font-variant-position: normal; font-stretch: normal; font-size: 7pt; line-height: normal; font-family: &quot;Times New Roman&quot;;\">&nbsp;&nbsp;&nbsp;&nbsp;&nbsp; </span><!--[endif]--><span dir=\"RTL\"></span><span lang=\"AR-SA\">( مرضية – وضع – عدة – مرافقة ) تملأ الخطوات  (1- 3 – 4 )</span></p>  </td> </tr> <tr style=\"mso-yfti-irow:1;height:137.35pt\">  <td width=\"135\" style=\"width:101.25pt;border-top:none;border-left:solid windowtext 1.0pt;  border-bottom:solid windowtext 1.0pt;border-right:double windowtext 1.5pt;  mso-border-top-alt:solid windowtext .5pt;mso-border-alt:solid windowtext .5pt;  mso-border-right-alt:double windowtext 1.5pt;background:#CCCCCC;padding:0cm 5.4pt 0cm 5.4pt;  height:137.35pt\">  <p class=\"MsoNormal\" dir=\"RTL\" style=\"text-align:justify;text-justify:kashida;  text-kashida:0%\"><b><span lang=\"AR-SA\" style=\"font-family: &quot;DecoType Naskh&quot;;\">( 1 ) طلب الإجازة</span></b><b><span lang=\"AR-SA\" style=\"font-family:&quot;DecoType Naskh&quot;\"><o:p></o:p></span></b></p>  </td>  <td width=\"600\" valign=\"top\" style=\"width:449.8pt;border-top:none;border-left:  double windowtext 1.5pt;border-bottom:solid windowtext 1.0pt;border-right:  none;mso-border-top-alt:solid windowtext .5pt;mso-border-right-alt:solid windowtext .5pt;  mso-border-alt:solid windowtext .5pt;mso-border-left-alt:double windowtext 1.5pt;  padding:0cm 5.4pt 0cm 5.4pt;height:137.35pt\">  <p class=\"MsoNormal\" dir=\"RTL\" style=\"margin-top:12.0pt;text-align:justify;  text-justify:kashida;text-kashida:0%\"><span lang=\"AR-SA\" style=\"font-size:13.0pt;  font-family:&quot;Traditional Arabic&quot;,serif;mso-ascii-font-family:&quot;Times New Roman&quot;;  mso-hansi-font-family:&quot;Times New Roman&quot;\">الاسم :&nbsp;&nbsp;</span><span lang=\"AR-SA\" style=\"font-size: 13pt; font-family: &quot;Traditional Arabic&quot;, serif;\">&nbsp;</span>أدمن مدير النظام<span lang=\"AR-SA\" style=\"font-size: 13pt; font-family: &quot;Traditional Arabic&quot;, serif;\">&nbsp; &nbsp;</span></p><p class=\"MsoNormal\" dir=\"RTL\" style=\"margin-top:12.0pt;text-align:justify;  text-justify:kashida;text-kashida:0%\"><span lang=\"AR-SA\" style=\"font-size: 13pt; font-family: &quot;Traditional Arabic&quot;, serif;\">الوظيفة  :&nbsp;&nbsp;</span><br></p><p class=\"MsoNormal\" dir=\"RTL\" style=\"margin-top:12.0pt;text-align:justify;  text-justify:kashida;text-kashida:0%\"><span lang=\"AR-SA\" style=\"font-size: 13pt; font-family: &quot;Traditional Arabic&quot;, serif;\">مــــدة الإجازة : </span><span lang=\"AR-SA\" style=\"font-size: 8pt; font-family: &quot;Traditional Arabic&quot;, serif;\">..............................................................</span><span lang=\"AR-SA\" style=\"font-size: 13pt; font-family: &quot;Traditional Arabic&quot;, serif;\">  تاريخ بداية الإجازة : &nbsp;&nbsp;&nbsp;&nbsp;/&nbsp;&nbsp; &nbsp;&nbsp;&nbsp;/  &nbsp;&nbsp;&nbsp;&nbsp;&nbsp;14هـ</span><br></p>  <p class=\"MsoNormal\" dir=\"RTL\" style=\"text-align:justify;text-justify:kashida;  text-kashida:0%\"><span lang=\"AR-SA\" style=\"font-size:13.0pt;font-family:&quot;Traditional Arabic&quot;,serif;  mso-ascii-font-family:&quot;Times New Roman&quot;;mso-hansi-font-family:&quot;Times New Roman&quot;\">العنوان  أثناء الإجازة :</span><span lang=\"AR-SA\" style=\"font-size:8.0pt;font-family:  &quot;Traditional Arabic&quot;,serif;mso-ascii-font-family:&quot;Times New Roman&quot;;  mso-hansi-font-family:&quot;Times New Roman&quot;\">....................................................................................................................................</span><span lang=\"AR-SA\" style=\"font-size:13.0pt;font-family:&quot;Traditional Arabic&quot;,serif;  mso-ascii-font-family:&quot;Times New Roman&quot;;mso-hansi-font-family:&quot;Times New Roman&quot;\"><o:p></o:p></span></p>  <p class=\"MsoNormal\" dir=\"RTL\" style=\"text-align:justify;text-justify:kashida;  text-kashida:0%\"><font face=\"Traditional Arabic, serif\"><span style=\"font-size: 17.3333px;\">ارسال الى الفرع&nbsp;&nbsp;</span></font></p>  </td> </tr> <tr style=\"mso-yfti-irow:2;height:38.1pt\">  <td width=\"135\" style=\"width:101.25pt;border-top:none;border-left:solid windowtext 1.0pt;  border-bottom:solid windowtext 1.0pt;border-right:double windowtext 1.5pt;  mso-border-top-alt:solid windowtext .5pt;mso-border-alt:solid windowtext .5pt;  mso-border-right-alt:double windowtext 1.5pt;background:#CCCCCC;padding:0cm 5.4pt 0cm 5.4pt;  height:38.1pt\">  <p class=\"MsoNormal\" dir=\"RTL\" style=\"text-align:justify;text-justify:kashida;  text-kashida:0%\"><b><span lang=\"AR-SA\" style=\"font-size: 11.5pt; font-family: &quot;DecoType Naskh&quot;;\">( 2 ) الكفالة لغير  السعوديين</span></b><b><span lang=\"AR-SA\" style=\"font-size:11.5pt;font-family:  &quot;DecoType Naskh&quot;\"><o:p></o:p></span></b></p>  </td>  <td width=\"600\" valign=\"top\" style=\"width:449.8pt;border-top:none;border-left:  double windowtext 1.5pt;border-bottom:solid windowtext 1.0pt;border-right:  none;mso-border-top-alt:solid windowtext .5pt;mso-border-right-alt:solid windowtext .5pt;  mso-border-alt:solid windowtext .5pt;mso-border-left-alt:double windowtext 1.5pt;  padding:0cm 5.4pt 0cm 5.4pt;height:38.1pt\">  <p class=\"MsoNormal\" dir=\"RTL\" style=\"text-align:justify;text-justify:kashida;  text-kashida:0%\"><span lang=\"AR-SA\" style=\"font-size:5.0pt;font-family:&quot;Traditional Arabic&quot;,serif;  mso-ascii-font-family:&quot;Times New Roman&quot;;mso-hansi-font-family:&quot;Times New Roman&quot;\">&nbsp;</span><span lang=\"AR-SA\" style=\"font-size: 1rem; font-family: &quot;Traditional Arabic&quot;, serif;\">أنا  الموقع أدناه أكفل السيد / </span><span lang=\"AR-SA\" style=\"font-size: 8pt; font-family: &quot;Traditional Arabic&quot;, serif;\">..........................................................................................</span><span lang=\"AR-SA\" style=\"font-size: 1rem; font-family: &quot;Traditional Arabic&quot;, serif;\"> كفالة حضورية  ومالية</span></p>  <p class=\"MsoNormal\" dir=\"RTL\" style=\"text-align:justify;text-justify:kashida;  text-kashida:0%\"><span lang=\"AR-SA\" style=\"font-family:&quot;Traditional Arabic&quot;,serif;  mso-ascii-font-family:&quot;Times New Roman&quot;;mso-hansi-font-family:&quot;Times New Roman&quot;\">أسم  الكفيل : </span><span lang=\"AR-SA\" style=\"font-size:8.0pt;font-family:&quot;Traditional Arabic&quot;,serif;  mso-ascii-font-family:&quot;Times New Roman&quot;;mso-hansi-font-family:&quot;Times New Roman&quot;\">........................................................  </span><span lang=\"AR-SA\" style=\"font-family:&quot;Traditional Arabic&quot;,serif;  mso-ascii-font-family:&quot;Times New Roman&quot;;mso-hansi-font-family:&quot;Times New Roman&quot;\">التوقيع  : </span><span lang=\"AR-SA\" style=\"font-size:8.0pt;font-family:&quot;Traditional Arabic&quot;,serif;  mso-ascii-font-family:&quot;Times New Roman&quot;;mso-hansi-font-family:&quot;Times New Roman&quot;\">.................................</span><span lang=\"AR-SA\" style=\"font-family:&quot;Traditional Arabic&quot;,serif;mso-ascii-font-family:  &quot;Times New Roman&quot;;mso-hansi-font-family:&quot;Times New Roman&quot;\"> التاريخ : &nbsp;&nbsp;&nbsp;&nbsp;/&nbsp; &nbsp;&nbsp;&nbsp;/ &nbsp;&nbsp;&nbsp;&nbsp;&nbsp;14هـ</span></p>  </td> </tr> <tr style=\"mso-yfti-irow:3;height:23.75pt\">  <td width=\"135\" style=\"width:101.25pt;border-top:none;border-left:solid windowtext 1.0pt;  border-bottom:solid windowtext 1.0pt;border-right:double windowtext 1.5pt;  mso-border-top-alt:solid windowtext .5pt;mso-border-alt:solid windowtext .5pt;  mso-border-right-alt:double windowtext 1.5pt;background:#CCCCCC;padding:0cm 5.4pt 0cm 5.4pt;  height:23.75pt\">  <p class=\"MsoNormal\" dir=\"RTL\" style=\"text-align:justify;text-justify:kashida;  text-kashida:0%\"><b><span lang=\"AR-SA\" style=\"font-family: &quot;DecoType Naskh&quot;;\">( 3 ) التقرير الطبي</span></b><b><span lang=\"AR-SA\" style=\"font-family:&quot;DecoType Naskh&quot;\"><o:p></o:p></span></b></p>  </td>  <td width=\"600\" valign=\"top\" style=\"width:449.8pt;border-top:none;border-left:  double windowtext 1.5pt;border-bottom:solid windowtext 1.0pt;border-right:  none;mso-border-top-alt:solid windowtext .5pt;mso-border-right-alt:solid windowtext .5pt;  mso-border-alt:solid windowtext .5pt;mso-border-left-alt:double windowtext 1.5pt;  padding:0cm 5.4pt 0cm 5.4pt;height:23.75pt\">  <p class=\"MsoNormal\" dir=\"RTL\" style=\"text-align:justify;text-justify:kashida;  text-kashida:0%\"><span lang=\"AR-SA\" style=\"font-size:5.0pt\">&nbsp;</span><span lang=\"AR-SA\" style=\"font-size: 1rem;\">رقم التقرير : </span><span lang=\"AR-SA\" style=\"font-size: 8pt; font-family: &quot;Traditional Arabic&quot;, serif;\">.......................................................................................</span><span lang=\"AR-SA\" style=\"font-size: 1rem;\"> تاريخ التقرير :&nbsp;&nbsp;&nbsp; &nbsp;&nbsp;/ &nbsp;&nbsp;&nbsp;&nbsp;/&nbsp; &nbsp;&nbsp;&nbsp;&nbsp;14هـ</span></p>  </td> </tr> <tr style=\"mso-yfti-irow:4;mso-yfti-lastrow:yes;height:154.6pt\">  <td width=\"135\" style=\"width:101.25pt;border-top:none;border-left:solid windowtext 1.0pt;  border-bottom:double windowtext 1.5pt;border-right:double windowtext 1.5pt;  mso-border-top-alt:solid windowtext .5pt;mso-border-top-alt:solid .5pt;  mso-border-left-alt:solid .5pt;mso-border-bottom-alt:double 1.5pt;mso-border-right-alt:  double 1.5pt;mso-border-color-alt:windowtext;background:#CCCCCC;padding:0cm 5.4pt 0cm 5.4pt;  height:154.6pt\">  <p class=\"MsoNormal\" dir=\"RTL\" style=\"text-align:justify;text-justify:kashida;  text-kashida:0%\"><b><span lang=\"AR-SA\" style=\"font-family: &quot;DecoType Naskh&quot;;\">( 4 ) الموافقة</span></b><b><span lang=\"AR-SA\" style=\"font-family:&quot;DecoType Naskh&quot;\"><o:p></o:p></span></b></p>  </td>  <td width=\"600\" valign=\"top\" style=\"width:449.8pt;border-top:none;border-left:  double windowtext 1.5pt;border-bottom:double windowtext 1.5pt;border-right:  none;mso-border-top-alt:solid windowtext .5pt;mso-border-right-alt:solid windowtext .5pt;  padding:0cm 5.4pt 0cm 5.4pt;height:154.6pt\">  <p class=\"MsoNormal\" dir=\"RTL\" style=\"text-align:justify;text-justify:kashida;  text-kashida:0%\"><span lang=\"AR-SA\" style=\"font-size:5.0pt;font-family:&quot;Traditional Arabic&quot;,serif;  mso-ascii-font-family:&quot;Times New Roman&quot;;mso-hansi-font-family:&quot;Times New Roman&quot;\">&nbsp;</span><span style=\"font-family: &quot;Traditional Arabic&quot;, serif; font-size: 13pt;\">لا  مانع من منحه الإجازة المطلوبة إذا كان يستحقها نظاماً.</span></p>  <p class=\"MsoNormal\" dir=\"RTL\" style=\"text-align:justify;text-justify:kashida;  text-kashida:0%\"><span lang=\"AR-SA\" style=\"font-family:&quot;Traditional Arabic&quot;,serif;  mso-ascii-font-family:&quot;Times New Roman&quot;;mso-hansi-font-family:&quot;Times New Roman&quot;\">&nbsp;</span><span style=\"font-family: &quot;Monotype Koufi&quot;; font-size: 1rem;\">الرئيس  المباشر</span></p>  <p class=\"MsoNormal\" dir=\"RTL\" style=\"text-align:justify;text-justify:kashida;  text-kashida:0%\"><span lang=\"AR-SA\" style=\"font-size:13.0pt\">الاسم : </span><input class=\"autotext_field\" placeholder=\"اسم الموظف\" id=\"autoname_2\" disabled=\"\" style=\"width: 40%;\">&nbsp; &nbsp;&nbsp;<span lang=\"AR-SA\" style=\"font-size:13.0pt\">ملاحظات :&nbsp;</span><input class=\"text_field\" placeholder=\"ملاحظات رئيس القسم\" id=\"text_3\" style=\"width: 30%;\" disabled=\"\"></p><table class=\"table table-bordered\"><tbody><tr><td>&nbsp; &nbsp; &nbsp; &nbsp; &nbsp; &nbsp; &nbsp; &nbsp; &nbsp; &nbsp; &nbsp; &nbsp; &nbsp; &nbsp; &nbsp;</td><td>&nbsp; &nbsp; &nbsp; &nbsp; &nbsp; &nbsp; &nbsp; &nbsp; &nbsp; &nbsp; &nbsp;</td><td><p><input class=\"autotext_field\" placeholder=\"موافقة/رفض\" id=\"autoagree_2\" disabled=\"\" style=\"width: 100%;\"></p><p><input class=\"autotext_field\" placeholder=\"تاريخ تلقائي\" id=\"autodate_15\" disabled=\"\" style=\"width: 70%;\"><br></p></td></tr></tbody></table>  <p class=\"MsoNormal\" dir=\"RTL\" style=\"text-align:justify;text-justify:kashida;  text-kashida:0%\"><span lang=\"AR-SA\" style=\"font-size:13.0pt\">&nbsp;</span><span style=\"font-family: &quot;Monotype Koufi&quot;; font-size: 1rem;\">رئيس الجهة</span></p>  <p class=\"MsoNormal\" dir=\"RTL\" style=\"text-align:justify;text-justify:kashida;  text-kashida:0%\"><span lang=\"AR-SA\" style=\"font-size:13.0pt\">الاسم :</span><span lang=\"AR-SA\"> </span><input class=\"autotext_field\" placeholder=\"اسم الموظف\" id=\"autoname_3\" disabled=\"\" style=\"width: 40%;\"><span lang=\"AR-SA\" style=\"font-size:8.0pt;font-family:&quot;Traditional Arabic&quot;,serif;  mso-ascii-font-family:&quot;Times New Roman&quot;;mso-hansi-font-family:&quot;Times New Roman&quot;\">&nbsp; &nbsp; &nbsp; &nbsp;&nbsp;</span><span lang=\"AR-SA\" style=\"font-size:13.0pt\">ملاحظات</span><span lang=\"AR-SA\"> </span><span lang=\"AR-SA\" style=\"font-size:13.0pt\">:</span><span lang=\"AR-SA\"> </span><input class=\"text_field\" placeholder=\"ملاحظات المدير\" id=\"text_4\" style=\"width: 30%;\" disabled=\"\"></p><table class=\"table table-bordered\"><tbody><tr><td>&nbsp; &nbsp; &nbsp; &nbsp; &nbsp; &nbsp; &nbsp; &nbsp; &nbsp; &nbsp; &nbsp; &nbsp;&nbsp;<br></td><td>&nbsp; &nbsp; &nbsp; &nbsp; &nbsp; &nbsp; &nbsp; &nbsp; &nbsp; &nbsp; &nbsp;&nbsp;<br></td><td><p><input class=\"autotext_field\" placeholder=\"موافقة/رفض\" id=\"autoagree_3\" disabled=\"\" style=\"width: 100%;\"><br></p></td></tr></tbody></table><p class=\"MsoNormal\" dir=\"RTL\" style=\"text-align:justify;text-justify:kashida;  text-kashida:0%\"><span lang=\"AR-SA\"><o:p></o:p></span></p>  </td> </tr></tbody></table></div>', NULL, 4, '2024-05-06 09:35:01', '2024-05-06 09:35:01', 1, 'internals', 0, 0, NULL, NULL, NULL);
INSERT INTO `outgoings` (`id`, `transactions_types_id`, `flows_id`, `entities_id`, `autonumber`, `number`, `date`, `ingoing_id`, `priorities_id`, `confidentialities_id`, `urgencies_id`, `receivingmethods_id`, `need_response`, `response`, `sign`, `pages`, `outgoings_id`, `steps_id`, `created_at`, `updated_at`, `creator_id`, `type`, `archive`, `finished`, `folders_id`, `agree_number`, `level_agree_number`) VALUES
(118, 3, 1, NULL, 58, 'R01-M002-DD-58-V', '2024-05-06 00:00:00', NULL, NULL, NULL, NULL, NULL, NULL, NULL, NULL, '<p><br></p><table class=\"table table-bordered\" style=\"text-align: left;\"><tbody><tr><td style=\"text-align: right;\"><p style=\"text-align: center; \"><b>&nbsp; &nbsp; المملكة العربية السعودية</b></p><p style=\"text-align: center; \">الفرع الرئيسي<br></p><p style=\"text-align: center; \">الادارة المركزية&nbsp;-&nbsp;قسم التطوير<br></p><p style=\"text-align: center; \"><b><span style=\"text-align: center; background-color: transparent; color: inherit; font-size: 1rem;\"></span></b></p></td><td><p style=\"text-align: center;\"><img src=\"data:image/png;base64,[BLOB]\" data-filename=\"logo.png\" style=\"width: 80px;\"><br></p></td><td style=\"text-align: left;\"><p style=\"text-align: center; \"><b>التاريخ :&nbsp; &nbsp;</b>6-5-2024</p><p style=\"text-align: center; \"><b>الرقم :&nbsp;</b>R01-M002-DD-58-V</p></td></tr></tbody></table><div align=\"center\"><table class=\"MsoTableGrid\" dir=\"rtl\" border=\"1\" cellspacing=\"0\" cellpadding=\"0\" width=\"735\" style=\"width: 551.05pt; border: none;\"> <tbody><tr style=\"mso-yfti-irow:0;mso-yfti-firstrow:yes;height:37.4pt\">  <td width=\"135\" style=\"width:101.25pt;border-top:double 1.5pt;border-left:solid 1.0pt;  border-bottom:solid 1.0pt;border-right:double 1.5pt;border-color:windowtext;  mso-border-top-alt:double 1.5pt;mso-border-left-alt:solid .5pt;mso-border-bottom-alt:  solid .5pt;mso-border-right-alt:double 1.5pt;mso-border-color-alt:windowtext;  background:#CCCCCC;padding:0cm 5.4pt 0cm 5.4pt;height:37.4pt\">  <p class=\"MsoNormal\" dir=\"RTL\" style=\"text-align:justify;text-justify:kashida;  text-kashida:0%\"><b><span lang=\"AR-SA\" style=\"font-family: &quot;DecoType Naskh&quot;;\">إجراءات منح اجازة</span></b><b><span lang=\"AR-SA\" style=\"font-family:&quot;DecoType Naskh&quot;\"><o:p></o:p></span></b></p>  </td>  <td width=\"600\" valign=\"top\" style=\"width:449.8pt;border-top:double windowtext 1.5pt;  border-left:double windowtext 1.5pt;border-bottom:solid windowtext 1.0pt;  border-right:none;mso-border-right-alt:solid windowtext .5pt;mso-border-top-alt:  double 1.5pt;mso-border-left-alt:double 1.5pt;mso-border-bottom-alt:solid .5pt;  mso-border-right-alt:solid .5pt;mso-border-color-alt:windowtext;padding:0cm 5.4pt 0cm 5.4pt;  height:37.4pt\">  <p class=\"MsoNormal\" dir=\"RTL\" style=\"margin-right:18.0pt;text-align:justify;  text-justify:kashida;text-kashida:0%\"><span lang=\"AR-SA\" style=\"font-size:5.0pt\">&nbsp;</span></p>  <p class=\"MsoNormal\" dir=\"RTL\" style=\"margin-right:36.0pt;text-align:justify;  text-justify:kashida;text-kashida:0%;text-indent:-18.0pt;mso-list:l0 level1 lfo1;  tab-stops:list 36.0pt\"><!--[if !supportLists]-->1-<span style=\"font-variant-numeric: normal; font-variant-east-asian: normal; font-variant-alternates: normal; font-kerning: auto; font-optical-sizing: auto; font-feature-settings: normal; font-variation-settings: normal; font-variant-position: normal; font-stretch: normal; font-size: 7pt; line-height: normal; font-family: &quot;Times New Roman&quot;;\">&nbsp;&nbsp;&nbsp;&nbsp;&nbsp; </span><!--[endif]--><span dir=\"RTL\"></span><span lang=\"AR-SA\">( عادية – اضطرارية ) تملأ الخطوات ( 1-2-4 )<o:p></o:p></span></p>  <p class=\"MsoNormal\" dir=\"RTL\" style=\"margin-right:36.0pt;text-align:justify;  text-justify:kashida;text-kashida:0%;text-indent:-18.0pt;mso-list:l0 level1 lfo1;  tab-stops:list 36.0pt\"><!--[if !supportLists]-->2-<span style=\"font-variant-numeric: normal; font-variant-east-asian: normal; font-variant-alternates: normal; font-kerning: auto; font-optical-sizing: auto; font-feature-settings: normal; font-variation-settings: normal; font-variant-position: normal; font-stretch: normal; font-size: 7pt; line-height: normal; font-family: &quot;Times New Roman&quot;;\">&nbsp;&nbsp;&nbsp;&nbsp;&nbsp; </span><!--[endif]--><span dir=\"RTL\"></span><span lang=\"AR-SA\">( مرضية – وضع – عدة – مرافقة ) تملأ الخطوات  (1- 3 – 4 )</span></p>  </td> </tr> <tr style=\"mso-yfti-irow:1;height:137.35pt\">  <td width=\"135\" style=\"width:101.25pt;border-top:none;border-left:solid windowtext 1.0pt;  border-bottom:solid windowtext 1.0pt;border-right:double windowtext 1.5pt;  mso-border-top-alt:solid windowtext .5pt;mso-border-alt:solid windowtext .5pt;  mso-border-right-alt:double windowtext 1.5pt;background:#CCCCCC;padding:0cm 5.4pt 0cm 5.4pt;  height:137.35pt\">  <p class=\"MsoNormal\" dir=\"RTL\" style=\"text-align:justify;text-justify:kashida;  text-kashida:0%\"><b><span lang=\"AR-SA\" style=\"font-family: &quot;DecoType Naskh&quot;;\">( 1 ) طلب الإجازة</span></b><b><span lang=\"AR-SA\" style=\"font-family:&quot;DecoType Naskh&quot;\"><o:p></o:p></span></b></p>  </td>  <td width=\"600\" valign=\"top\" style=\"width:449.8pt;border-top:none;border-left:  double windowtext 1.5pt;border-bottom:solid windowtext 1.0pt;border-right:  none;mso-border-top-alt:solid windowtext .5pt;mso-border-right-alt:solid windowtext .5pt;  mso-border-alt:solid windowtext .5pt;mso-border-left-alt:double windowtext 1.5pt;  padding:0cm 5.4pt 0cm 5.4pt;height:137.35pt\">  <p class=\"MsoNormal\" dir=\"RTL\" style=\"margin-top:12.0pt;text-align:justify;  text-justify:kashida;text-kashida:0%\"><span lang=\"AR-SA\" style=\"font-size:13.0pt;  font-family:&quot;Traditional Arabic&quot;,serif;mso-ascii-font-family:&quot;Times New Roman&quot;;  mso-hansi-font-family:&quot;Times New Roman&quot;\">الاسم :&nbsp;&nbsp;</span><span lang=\"AR-SA\" style=\"font-size: 13pt; font-family: &quot;Traditional Arabic&quot;, serif;\">&nbsp;</span>أدمن مدير النظام<span lang=\"AR-SA\" style=\"font-size: 13pt; font-family: &quot;Traditional Arabic&quot;, serif;\">&nbsp; &nbsp;</span></p><p class=\"MsoNormal\" dir=\"RTL\" style=\"margin-top:12.0pt;text-align:justify;  text-justify:kashida;text-kashida:0%\"><span lang=\"AR-SA\" style=\"font-size: 13pt; font-family: &quot;Traditional Arabic&quot;, serif;\">الوظيفة  :&nbsp;&nbsp;</span><br></p><p class=\"MsoNormal\" dir=\"RTL\" style=\"margin-top:12.0pt;text-align:justify;  text-justify:kashida;text-kashida:0%\"><span lang=\"AR-SA\" style=\"font-size: 13pt; font-family: &quot;Traditional Arabic&quot;, serif;\">مــــدة الإجازة : </span><span lang=\"AR-SA\" style=\"font-size: 8pt; font-family: &quot;Traditional Arabic&quot;, serif;\">..............................................................</span><span lang=\"AR-SA\" style=\"font-size: 13pt; font-family: &quot;Traditional Arabic&quot;, serif;\">  تاريخ بداية الإجازة : &nbsp;&nbsp;&nbsp;&nbsp;/&nbsp;&nbsp; &nbsp;&nbsp;&nbsp;/  &nbsp;&nbsp;&nbsp;&nbsp;&nbsp;14هـ</span><br></p>  <p class=\"MsoNormal\" dir=\"RTL\" style=\"text-align:justify;text-justify:kashida;  text-kashida:0%\"><span lang=\"AR-SA\" style=\"font-size:13.0pt;font-family:&quot;Traditional Arabic&quot;,serif;  mso-ascii-font-family:&quot;Times New Roman&quot;;mso-hansi-font-family:&quot;Times New Roman&quot;\">العنوان  أثناء الإجازة :</span><span lang=\"AR-SA\" style=\"font-size:8.0pt;font-family:  &quot;Traditional Arabic&quot;,serif;mso-ascii-font-family:&quot;Times New Roman&quot;;  mso-hansi-font-family:&quot;Times New Roman&quot;\">....................................................................................................................................</span><span lang=\"AR-SA\" style=\"font-size:13.0pt;font-family:&quot;Traditional Arabic&quot;,serif;  mso-ascii-font-family:&quot;Times New Roman&quot;;mso-hansi-font-family:&quot;Times New Roman&quot;\"><o:p></o:p></span></p>  <p class=\"MsoNormal\" dir=\"RTL\" style=\"text-align:justify;text-justify:kashida;  text-kashida:0%\"><font face=\"Traditional Arabic, serif\"><span style=\"font-size: 17.3333px;\">ارسال الى الفرع&nbsp;&nbsp;</span></font></p>  </td> </tr> <tr style=\"mso-yfti-irow:2;height:38.1pt\">  <td width=\"135\" style=\"width:101.25pt;border-top:none;border-left:solid windowtext 1.0pt;  border-bottom:solid windowtext 1.0pt;border-right:double windowtext 1.5pt;  mso-border-top-alt:solid windowtext .5pt;mso-border-alt:solid windowtext .5pt;  mso-border-right-alt:double windowtext 1.5pt;background:#CCCCCC;padding:0cm 5.4pt 0cm 5.4pt;  height:38.1pt\">  <p class=\"MsoNormal\" dir=\"RTL\" style=\"text-align:justify;text-justify:kashida;  text-kashida:0%\"><b><span lang=\"AR-SA\" style=\"font-size: 11.5pt; font-family: &quot;DecoType Naskh&quot;;\">( 2 ) الكفالة لغير  السعوديين</span></b><b><span lang=\"AR-SA\" style=\"font-size:11.5pt;font-family:  &quot;DecoType Naskh&quot;\"><o:p></o:p></span></b></p>  </td>  <td width=\"600\" valign=\"top\" style=\"width:449.8pt;border-top:none;border-left:  double windowtext 1.5pt;border-bottom:solid windowtext 1.0pt;border-right:  none;mso-border-top-alt:solid windowtext .5pt;mso-border-right-alt:solid windowtext .5pt;  mso-border-alt:solid windowtext .5pt;mso-border-left-alt:double windowtext 1.5pt;  padding:0cm 5.4pt 0cm 5.4pt;height:38.1pt\">  <p class=\"MsoNormal\" dir=\"RTL\" style=\"text-align:justify;text-justify:kashida;  text-kashida:0%\"><span lang=\"AR-SA\" style=\"font-size:5.0pt;font-family:&quot;Traditional Arabic&quot;,serif;  mso-ascii-font-family:&quot;Times New Roman&quot;;mso-hansi-font-family:&quot;Times New Roman&quot;\">&nbsp;</span><span lang=\"AR-SA\" style=\"font-size: 1rem; font-family: &quot;Traditional Arabic&quot;, serif;\">أنا  الموقع أدناه أكفل السيد / </span><span lang=\"AR-SA\" style=\"font-size: 8pt; font-family: &quot;Traditional Arabic&quot;, serif;\">..........................................................................................</span><span lang=\"AR-SA\" style=\"font-size: 1rem; font-family: &quot;Traditional Arabic&quot;, serif;\"> كفالة حضورية  ومالية</span></p>  <p class=\"MsoNormal\" dir=\"RTL\" style=\"text-align:justify;text-justify:kashida;  text-kashida:0%\"><span lang=\"AR-SA\" style=\"font-family:&quot;Traditional Arabic&quot;,serif;  mso-ascii-font-family:&quot;Times New Roman&quot;;mso-hansi-font-family:&quot;Times New Roman&quot;\">أسم  الكفيل : </span><span lang=\"AR-SA\" style=\"font-size:8.0pt;font-family:&quot;Traditional Arabic&quot;,serif;  mso-ascii-font-family:&quot;Times New Roman&quot;;mso-hansi-font-family:&quot;Times New Roman&quot;\">........................................................  </span><span lang=\"AR-SA\" style=\"font-family:&quot;Traditional Arabic&quot;,serif;  mso-ascii-font-family:&quot;Times New Roman&quot;;mso-hansi-font-family:&quot;Times New Roman&quot;\">التوقيع  : </span><span lang=\"AR-SA\" style=\"font-size:8.0pt;font-family:&quot;Traditional Arabic&quot;,serif;  mso-ascii-font-family:&quot;Times New Roman&quot;;mso-hansi-font-family:&quot;Times New Roman&quot;\">.................................</span><span lang=\"AR-SA\" style=\"font-family:&quot;Traditional Arabic&quot;,serif;mso-ascii-font-family:  &quot;Times New Roman&quot;;mso-hansi-font-family:&quot;Times New Roman&quot;\"> التاريخ : &nbsp;&nbsp;&nbsp;&nbsp;/&nbsp; &nbsp;&nbsp;&nbsp;/ &nbsp;&nbsp;&nbsp;&nbsp;&nbsp;14هـ</span></p>  </td> </tr> <tr style=\"mso-yfti-irow:3;height:23.75pt\">  <td width=\"135\" style=\"width:101.25pt;border-top:none;border-left:solid windowtext 1.0pt;  border-bottom:solid windowtext 1.0pt;border-right:double windowtext 1.5pt;  mso-border-top-alt:solid windowtext .5pt;mso-border-alt:solid windowtext .5pt;  mso-border-right-alt:double windowtext 1.5pt;background:#CCCCCC;padding:0cm 5.4pt 0cm 5.4pt;  height:23.75pt\">  <p class=\"MsoNormal\" dir=\"RTL\" style=\"text-align:justify;text-justify:kashida;  text-kashida:0%\"><b><span lang=\"AR-SA\" style=\"font-family: &quot;DecoType Naskh&quot;;\">( 3 ) التقرير الطبي</span></b><b><span lang=\"AR-SA\" style=\"font-family:&quot;DecoType Naskh&quot;\"><o:p></o:p></span></b></p>  </td>  <td width=\"600\" valign=\"top\" style=\"width:449.8pt;border-top:none;border-left:  double windowtext 1.5pt;border-bottom:solid windowtext 1.0pt;border-right:  none;mso-border-top-alt:solid windowtext .5pt;mso-border-right-alt:solid windowtext .5pt;  mso-border-alt:solid windowtext .5pt;mso-border-left-alt:double windowtext 1.5pt;  padding:0cm 5.4pt 0cm 5.4pt;height:23.75pt\">  <p class=\"MsoNormal\" dir=\"RTL\" style=\"text-align:justify;text-justify:kashida;  text-kashida:0%\"><span lang=\"AR-SA\" style=\"font-size:5.0pt\">&nbsp;</span><span lang=\"AR-SA\" style=\"font-size: 1rem;\">رقم التقرير : </span><span lang=\"AR-SA\" style=\"font-size: 8pt; font-family: &quot;Traditional Arabic&quot;, serif;\">.......................................................................................</span><span lang=\"AR-SA\" style=\"font-size: 1rem;\"> تاريخ التقرير :&nbsp;&nbsp;&nbsp; &nbsp;&nbsp;/ &nbsp;&nbsp;&nbsp;&nbsp;/&nbsp; &nbsp;&nbsp;&nbsp;&nbsp;14هـ</span></p>  </td> </tr> <tr style=\"mso-yfti-irow:4;mso-yfti-lastrow:yes;height:154.6pt\">  <td width=\"135\" style=\"width:101.25pt;border-top:none;border-left:solid windowtext 1.0pt;  border-bottom:double windowtext 1.5pt;border-right:double windowtext 1.5pt;  mso-border-top-alt:solid windowtext .5pt;mso-border-top-alt:solid .5pt;  mso-border-left-alt:solid .5pt;mso-border-bottom-alt:double 1.5pt;mso-border-right-alt:  double 1.5pt;mso-border-color-alt:windowtext;background:#CCCCCC;padding:0cm 5.4pt 0cm 5.4pt;  height:154.6pt\">  <p class=\"MsoNormal\" dir=\"RTL\" style=\"text-align:justify;text-justify:kashida;  text-kashida:0%\"><b><span lang=\"AR-SA\" style=\"font-family: &quot;DecoType Naskh&quot;;\">( 4 ) الموافقة</span></b><b><span lang=\"AR-SA\" style=\"font-family:&quot;DecoType Naskh&quot;\"><o:p></o:p></span></b></p>  </td>  <td width=\"600\" valign=\"top\" style=\"width:449.8pt;border-top:none;border-left:  double windowtext 1.5pt;border-bottom:double windowtext 1.5pt;border-right:  none;mso-border-top-alt:solid windowtext .5pt;mso-border-right-alt:solid windowtext .5pt;  padding:0cm 5.4pt 0cm 5.4pt;height:154.6pt\">  <p class=\"MsoNormal\" dir=\"RTL\" style=\"text-align:justify;text-justify:kashida;  text-kashida:0%\"><span lang=\"AR-SA\" style=\"font-size:5.0pt;font-family:&quot;Traditional Arabic&quot;,serif;  mso-ascii-font-family:&quot;Times New Roman&quot;;mso-hansi-font-family:&quot;Times New Roman&quot;\">&nbsp;</span><span style=\"font-family: &quot;Traditional Arabic&quot;, serif; font-size: 13pt;\">لا  مانع من منحه الإجازة المطلوبة إذا كان يستحقها نظاماً.</span></p>  <p class=\"MsoNormal\" dir=\"RTL\" style=\"text-align:justify;text-justify:kashida;  text-kashida:0%\"><span lang=\"AR-SA\" style=\"font-family:&quot;Traditional Arabic&quot;,serif;  mso-ascii-font-family:&quot;Times New Roman&quot;;mso-hansi-font-family:&quot;Times New Roman&quot;\">&nbsp;</span><span style=\"font-family: &quot;Monotype Koufi&quot;; font-size: 1rem;\">الرئيس  المباشر</span></p>  <p class=\"MsoNormal\" dir=\"RTL\" style=\"text-align:justify;text-justify:kashida;  text-kashida:0%\"><span lang=\"AR-SA\" style=\"font-size:13.0pt\">الاسم : </span><input class=\"autotext_field\" placeholder=\"اسم الموظف\" id=\"autoname_2\" disabled=\"\" style=\"width: 40%;\">&nbsp; &nbsp;&nbsp;<span lang=\"AR-SA\" style=\"font-size:13.0pt\">ملاحظات :&nbsp;</span><input class=\"text_field\" placeholder=\"ملاحظات رئيس القسم\" id=\"text_3\" style=\"width: 30%;\" disabled=\"\"></p><table class=\"table table-bordered\"><tbody><tr><td>&nbsp; &nbsp; &nbsp; &nbsp; &nbsp; &nbsp; &nbsp; &nbsp; &nbsp; &nbsp; &nbsp; &nbsp; &nbsp; &nbsp; &nbsp;</td><td>&nbsp; &nbsp; &nbsp; &nbsp; &nbsp; &nbsp; &nbsp; &nbsp; &nbsp; &nbsp; &nbsp;</td><td><p><input class=\"autotext_field\" placeholder=\"موافقة/رفض\" id=\"autoagree_2\" disabled=\"\" style=\"width: 100%;\"></p><p><input class=\"autotext_field\" placeholder=\"تاريخ تلقائي\" id=\"autodate_15\" disabled=\"\" style=\"width: 70%;\"><br></p></td></tr></tbody></table>  <p class=\"MsoNormal\" dir=\"RTL\" style=\"text-align:justify;text-justify:kashida;  text-kashida:0%\"><span lang=\"AR-SA\" style=\"font-size:13.0pt\">&nbsp;</span><span style=\"font-family: &quot;Monotype Koufi&quot;; font-size: 1rem;\">رئيس الجهة</span></p>  <p class=\"MsoNormal\" dir=\"RTL\" style=\"text-align:justify;text-justify:kashida;  text-kashida:0%\"><span lang=\"AR-SA\" style=\"font-size:13.0pt\">الاسم :</span><span lang=\"AR-SA\"> </span><input class=\"autotext_field\" placeholder=\"اسم الموظف\" id=\"autoname_3\" disabled=\"\" style=\"width: 40%;\"><span lang=\"AR-SA\" style=\"font-size:8.0pt;font-family:&quot;Traditional Arabic&quot;,serif;  mso-ascii-font-family:&quot;Times New Roman&quot;;mso-hansi-font-family:&quot;Times New Roman&quot;\">&nbsp; &nbsp; &nbsp; &nbsp;&nbsp;</span><span lang=\"AR-SA\" style=\"font-size:13.0pt\">ملاحظات</span><span lang=\"AR-SA\"> </span><span lang=\"AR-SA\" style=\"font-size:13.0pt\">:</span><span lang=\"AR-SA\"> </span><input class=\"text_field\" placeholder=\"ملاحظات المدير\" id=\"text_4\" style=\"width: 30%;\" disabled=\"\"></p><table class=\"table table-bordered\"><tbody><tr><td>&nbsp; &nbsp; &nbsp; &nbsp; &nbsp; &nbsp; &nbsp; &nbsp; &nbsp; &nbsp; &nbsp; &nbsp;&nbsp;<br></td><td>&nbsp; &nbsp; &nbsp; &nbsp; &nbsp; &nbsp; &nbsp; &nbsp; &nbsp; &nbsp; &nbsp;&nbsp;<br></td><td><p><input class=\"autotext_field\" placeholder=\"موافقة/رفض\" id=\"autoagree_3\" disabled=\"\" style=\"width: 100%;\"><br></p></td></tr></tbody></table><p class=\"MsoNormal\" dir=\"RTL\" style=\"text-align:justify;text-justify:kashida;  text-kashida:0%\"><span lang=\"AR-SA\"><o:p></o:p></span></p>  </td> </tr></tbody></table></div>', NULL, 1, '2024-05-06 16:23:11', '2024-05-06 16:26:01', 1, 'internals', 0, 0, NULL, NULL, NULL);

-- --------------------------------------------------------

--
-- Table structure for table `pages`
--

CREATE TABLE `pages` (
  `id` bigint(20) UNSIGNED NOT NULL,
  `name` longtext NOT NULL,
  `templates_id` varchar(255) NOT NULL,
  `number` varchar(255) NOT NULL,
  `fields` text DEFAULT NULL,
  `created_at` timestamp NULL DEFAULT NULL,
  `updated_at` timestamp NULL DEFAULT NULL
) ENGINE=InnoDB DEFAULT CHARSET=utf8mb4 COLLATE=utf8mb4_unicode_ci;

--
-- Dumping data for table `pages`
--

INSERT INTO `pages` (`id`, `name`, `templates_id`, `number`, `fields`, `created_at`, `updated_at`) VALUES
(2, '<p><br></p><table class=\"table table-bordered\" style=\"text-align: left;\"><tbody><tr><td style=\"text-align: right;\"><p style=\"text-align: center; \"><b>&nbsp; &nbsp; المملكة العربية السعودية</b></p><p style=\"text-align: center; \"><input class=\"autotext_field\" placeholder=\"اسم الفرع\" id=\"autobranche_0\" disabled=\"\" style=\"width: 50%;\"><br></p><p style=\"text-align: center; \"><input class=\"autotext_field\" placeholder=\"اسم الادارة\" id=\"automanagement_0\" disabled=\"\" style=\"width: 25%;\">&nbsp;-&nbsp;<input class=\"autotext_field\" placeholder=\"اسم القسم\" id=\"autodepartment_1\" disabled=\"\" style=\"width: 25%;\"><br></p><p style=\"text-align: center; \"><b><span style=\"text-align: center; background-color: transparent; color: inherit; font-size: 1rem;\"></span></b></p></td><td><p style=\"text-align: center;\"><img src=\"data:image/png;base64,[BLOB]\" data-filename=\"logo.png\" style=\"width: 80px;\"><br></p></td><td style=\"text-align: left;\"><p style=\"text-align: center; \"><b>التاريخ :&nbsp; &nbsp;</b><input class=\"autotext_field\" placeholder=\"تاريخ تلقائي\" id=\"autodate_0\" disabled=\"\" style=\"width: 50%;\"></p><p style=\"text-align: center; \"><b>الرقم :&nbsp;</b><input class=\"autotext_field\" placeholder=\"رقم معاملة تلقائي\" id=\"autonumber_1\" disabled=\"\" style=\"width: 50%;\"></p></td></tr></tbody></table><div align=\"center\">\r\n\r\n<table class=\"MsoTableGrid\" dir=\"rtl\" border=\"1\" cellspacing=\"0\" cellpadding=\"0\" width=\"735\" style=\"width: 551.05pt; border: none;\">\r\n <tbody><tr style=\"mso-yfti-irow:0;mso-yfti-firstrow:yes;height:37.4pt\">\r\n  <td width=\"135\" style=\"width:101.25pt;border-top:double 1.5pt;border-left:solid 1.0pt;\r\n  border-bottom:solid 1.0pt;border-right:double 1.5pt;border-color:windowtext;\r\n  mso-border-top-alt:double 1.5pt;mso-border-left-alt:solid .5pt;mso-border-bottom-alt:\r\n  solid .5pt;mso-border-right-alt:double 1.5pt;mso-border-color-alt:windowtext;\r\n  background:#CCCCCC;padding:0cm 5.4pt 0cm 5.4pt;height:37.4pt\">\r\n  <p class=\"MsoNormal\" dir=\"RTL\" style=\"text-align:justify;text-justify:kashida;\r\n  text-kashida:0%\"><b><span lang=\"AR-SA\" style=\"font-family: &quot;DecoType Naskh&quot;;\">إجراءات منح اجازة</span></b><b><span lang=\"AR-SA\" style=\"font-family:&quot;DecoType Naskh&quot;\"><o:p></o:p></span></b></p>\r\n  </td>\r\n  <td width=\"600\" valign=\"top\" style=\"width:449.8pt;border-top:double windowtext 1.5pt;\r\n  border-left:double windowtext 1.5pt;border-bottom:solid windowtext 1.0pt;\r\n  border-right:none;mso-border-right-alt:solid windowtext .5pt;mso-border-top-alt:\r\n  double 1.5pt;mso-border-left-alt:double 1.5pt;mso-border-bottom-alt:solid .5pt;\r\n  mso-border-right-alt:solid .5pt;mso-border-color-alt:windowtext;padding:0cm 5.4pt 0cm 5.4pt;\r\n  height:37.4pt\">\r\n  <p class=\"MsoNormal\" dir=\"RTL\" style=\"margin-right:18.0pt;text-align:justify;\r\n  text-justify:kashida;text-kashida:0%\"><span lang=\"AR-SA\" style=\"font-size:5.0pt\">&nbsp;</span></p>\r\n  <p class=\"MsoNormal\" dir=\"RTL\" style=\"margin-right:36.0pt;text-align:justify;\r\n  text-justify:kashida;text-kashida:0%;text-indent:-18.0pt;mso-list:l0 level1 lfo1;\r\n  tab-stops:list 36.0pt\"><!--[if !supportLists]-->1-<span style=\"font-variant-numeric: normal; font-variant-east-asian: normal; font-variant-alternates: normal; font-kerning: auto; font-optical-sizing: auto; font-feature-settings: normal; font-variation-settings: normal; font-variant-position: normal; font-stretch: normal; font-size: 7pt; line-height: normal; font-family: &quot;Times New Roman&quot;;\">&nbsp;&nbsp;&nbsp;&nbsp;&nbsp; </span><!--[endif]--><span dir=\"RTL\"></span><span lang=\"AR-SA\">( عادية – اضطرارية ) تملأ الخطوات ( 1-2-4 )<o:p></o:p></span></p>\r\n  <p class=\"MsoNormal\" dir=\"RTL\" style=\"margin-right:36.0pt;text-align:justify;\r\n  text-justify:kashida;text-kashida:0%;text-indent:-18.0pt;mso-list:l0 level1 lfo1;\r\n  tab-stops:list 36.0pt\"><!--[if !supportLists]-->2-<span style=\"font-variant-numeric: normal; font-variant-east-asian: normal; font-variant-alternates: normal; font-kerning: auto; font-optical-sizing: auto; font-feature-settings: normal; font-variation-settings: normal; font-variant-position: normal; font-stretch: normal; font-size: 7pt; line-height: normal; font-family: &quot;Times New Roman&quot;;\">&nbsp;&nbsp;&nbsp;&nbsp;&nbsp; </span><!--[endif]--><span dir=\"RTL\"></span><span lang=\"AR-SA\">( مرضية – وضع – عدة – مرافقة ) تملأ الخطوات\r\n  (1- 3 – 4 )</span></p>\r\n  </td>\r\n </tr>\r\n <tr style=\"mso-yfti-irow:1;height:137.35pt\">\r\n  <td width=\"135\" style=\"width:101.25pt;border-top:none;border-left:solid windowtext 1.0pt;\r\n  border-bottom:solid windowtext 1.0pt;border-right:double windowtext 1.5pt;\r\n  mso-border-top-alt:solid windowtext .5pt;mso-border-alt:solid windowtext .5pt;\r\n  mso-border-right-alt:double windowtext 1.5pt;background:#CCCCCC;padding:0cm 5.4pt 0cm 5.4pt;\r\n  height:137.35pt\">\r\n  <p class=\"MsoNormal\" dir=\"RTL\" style=\"text-align:justify;text-justify:kashida;\r\n  text-kashida:0%\"><b><span lang=\"AR-SA\" style=\"font-family: &quot;DecoType Naskh&quot;;\">( 1 ) طلب الإجازة</span></b><b><span lang=\"AR-SA\" style=\"font-family:&quot;DecoType Naskh&quot;\"><o:p></o:p></span></b></p>\r\n  </td>\r\n  <td width=\"600\" valign=\"top\" style=\"width:449.8pt;border-top:none;border-left:\r\n  double windowtext 1.5pt;border-bottom:solid windowtext 1.0pt;border-right:\r\n  none;mso-border-top-alt:solid windowtext .5pt;mso-border-right-alt:solid windowtext .5pt;\r\n  mso-border-alt:solid windowtext .5pt;mso-border-left-alt:double windowtext 1.5pt;\r\n  padding:0cm 5.4pt 0cm 5.4pt;height:137.35pt\">\r\n  <p class=\"MsoNormal\" dir=\"RTL\" style=\"margin-top:12.0pt;text-align:justify;\r\n  text-justify:kashida;text-kashida:0%\"><span lang=\"AR-SA\" style=\"font-size:13.0pt;\r\n  font-family:&quot;Traditional Arabic&quot;,serif;mso-ascii-font-family:&quot;Times New Roman&quot;;\r\n  mso-hansi-font-family:&quot;Times New Roman&quot;\">الاسم :&nbsp;&nbsp;</span><span lang=\"AR-SA\" style=\"font-size: 13pt; font-family: &quot;Traditional Arabic&quot;, serif;\">&nbsp;</span><input class=\"autotext_field\" placeholder=\"اسم الموظف\" id=\"autoname_0\" disabled=\"\" style=\"width: 50%;\"><span lang=\"AR-SA\" style=\"font-size: 13pt; font-family: &quot;Traditional Arabic&quot;, serif;\">&nbsp; &nbsp;</span></p><p class=\"MsoNormal\" dir=\"RTL\" style=\"margin-top:12.0pt;text-align:justify;\r\n  text-justify:kashida;text-kashida:0%\"><span lang=\"AR-SA\" style=\"font-size: 13pt; font-family: &quot;Traditional Arabic&quot;, serif;\">الوظيفة\r\n  :&nbsp;&nbsp;</span><input class=\"text_field\" placeholder=\"الوظيفة\" id=\"text_0\" style=\"width: 50%;\"><br></p><p class=\"MsoNormal\" dir=\"RTL\" style=\"margin-top:12.0pt;text-align:justify;\r\n  text-justify:kashida;text-kashida:0%\"><span lang=\"AR-SA\" style=\"font-size: 13pt; font-family: &quot;Traditional Arabic&quot;, serif;\">مــــدة الإجازة : </span><span lang=\"AR-SA\" style=\"font-size: 8pt; font-family: &quot;Traditional Arabic&quot;, serif;\">..............................................................</span><span lang=\"AR-SA\" style=\"font-size: 13pt; font-family: &quot;Traditional Arabic&quot;, serif;\">\r\n  تاريخ بداية الإجازة : &nbsp;&nbsp;&nbsp;&nbsp;/&nbsp;&nbsp; &nbsp;&nbsp;&nbsp;/\r\n  &nbsp;&nbsp;&nbsp;&nbsp;&nbsp;14هـ</span><br></p>\r\n  <p class=\"MsoNormal\" dir=\"RTL\" style=\"text-align:justify;text-justify:kashida;\r\n  text-kashida:0%\"><span lang=\"AR-SA\" style=\"font-size:13.0pt;font-family:&quot;Traditional Arabic&quot;,serif;\r\n  mso-ascii-font-family:&quot;Times New Roman&quot;;mso-hansi-font-family:&quot;Times New Roman&quot;\">العنوان\r\n  أثناء الإجازة :</span><span lang=\"AR-SA\" style=\"font-size:8.0pt;font-family:\r\n  &quot;Traditional Arabic&quot;,serif;mso-ascii-font-family:&quot;Times New Roman&quot;;\r\n  mso-hansi-font-family:&quot;Times New Roman&quot;\">....................................................................................................................................</span><span lang=\"AR-SA\" style=\"font-size:13.0pt;font-family:&quot;Traditional Arabic&quot;,serif;\r\n  mso-ascii-font-family:&quot;Times New Roman&quot;;mso-hansi-font-family:&quot;Times New Roman&quot;\"><o:p></o:p></span></p>\r\n  <p class=\"MsoNormal\" dir=\"RTL\" style=\"text-align:justify;text-justify:kashida;\r\n  text-kashida:0%\"><font face=\"Traditional Arabic, serif\"><span style=\"font-size: 17.3333px;\">ارسال الى الفرع&nbsp;&nbsp;</span></font><select id=\"branches_1\" class=\"select_field\" style=\"width: 20%;\"><option value=\"0\">الفروع</option><option value=\"8\">الفرع الرئيسي</option><option value=\"9\">الثاني</option><option value=\"10\">تالت</option><option value=\"11\">الشمال</option><option value=\"12\">ييييييييي</option></select></p>\r\n  </td>\r\n </tr>\r\n <tr style=\"mso-yfti-irow:2;height:38.1pt\">\r\n  <td width=\"135\" style=\"width:101.25pt;border-top:none;border-left:solid windowtext 1.0pt;\r\n  border-bottom:solid windowtext 1.0pt;border-right:double windowtext 1.5pt;\r\n  mso-border-top-alt:solid windowtext .5pt;mso-border-alt:solid windowtext .5pt;\r\n  mso-border-right-alt:double windowtext 1.5pt;background:#CCCCCC;padding:0cm 5.4pt 0cm 5.4pt;\r\n  height:38.1pt\">\r\n  <p class=\"MsoNormal\" dir=\"RTL\" style=\"text-align:justify;text-justify:kashida;\r\n  text-kashida:0%\"><b><span lang=\"AR-SA\" style=\"font-size: 11.5pt; font-family: &quot;DecoType Naskh&quot;;\">( 2 ) الكفالة لغير\r\n  السعوديين</span></b><b><span lang=\"AR-SA\" style=\"font-size:11.5pt;font-family:\r\n  &quot;DecoType Naskh&quot;\"><o:p></o:p></span></b></p>\r\n  </td>\r\n  <td width=\"600\" valign=\"top\" style=\"width:449.8pt;border-top:none;border-left:\r\n  double windowtext 1.5pt;border-bottom:solid windowtext 1.0pt;border-right:\r\n  none;mso-border-top-alt:solid windowtext .5pt;mso-border-right-alt:solid windowtext .5pt;\r\n  mso-border-alt:solid windowtext .5pt;mso-border-left-alt:double windowtext 1.5pt;\r\n  padding:0cm 5.4pt 0cm 5.4pt;height:38.1pt\">\r\n  <p class=\"MsoNormal\" dir=\"RTL\" style=\"text-align:justify;text-justify:kashida;\r\n  text-kashida:0%\"><span lang=\"AR-SA\" style=\"font-size:5.0pt;font-family:&quot;Traditional Arabic&quot;,serif;\r\n  mso-ascii-font-family:&quot;Times New Roman&quot;;mso-hansi-font-family:&quot;Times New Roman&quot;\">&nbsp;</span><span lang=\"AR-SA\" style=\"font-size: 1rem; font-family: &quot;Traditional Arabic&quot;, serif;\">أنا\r\n  الموقع أدناه أكفل السيد / </span><span lang=\"AR-SA\" style=\"font-size: 8pt; font-family: &quot;Traditional Arabic&quot;, serif;\">..........................................................................................</span><span lang=\"AR-SA\" style=\"font-size: 1rem; font-family: &quot;Traditional Arabic&quot;, serif;\"> كفالة حضورية\r\n  ومالية</span></p>\r\n  <p class=\"MsoNormal\" dir=\"RTL\" style=\"text-align:justify;text-justify:kashida;\r\n  text-kashida:0%\"><span lang=\"AR-SA\" style=\"font-family:&quot;Traditional Arabic&quot;,serif;\r\n  mso-ascii-font-family:&quot;Times New Roman&quot;;mso-hansi-font-family:&quot;Times New Roman&quot;\">أسم\r\n  الكفيل : </span><span lang=\"AR-SA\" style=\"font-size:8.0pt;font-family:&quot;Traditional Arabic&quot;,serif;\r\n  mso-ascii-font-family:&quot;Times New Roman&quot;;mso-hansi-font-family:&quot;Times New Roman&quot;\">........................................................\r\n  </span><span lang=\"AR-SA\" style=\"font-family:&quot;Traditional Arabic&quot;,serif;\r\n  mso-ascii-font-family:&quot;Times New Roman&quot;;mso-hansi-font-family:&quot;Times New Roman&quot;\">التوقيع\r\n  : </span><span lang=\"AR-SA\" style=\"font-size:8.0pt;font-family:&quot;Traditional Arabic&quot;,serif;\r\n  mso-ascii-font-family:&quot;Times New Roman&quot;;mso-hansi-font-family:&quot;Times New Roman&quot;\">.................................</span><span lang=\"AR-SA\" style=\"font-family:&quot;Traditional Arabic&quot;,serif;mso-ascii-font-family:\r\n  &quot;Times New Roman&quot;;mso-hansi-font-family:&quot;Times New Roman&quot;\"> التاريخ : &nbsp;&nbsp;&nbsp;&nbsp;/&nbsp; &nbsp;&nbsp;&nbsp;/ &nbsp;&nbsp;&nbsp;&nbsp;&nbsp;14هـ</span></p>\r\n  </td>\r\n </tr>\r\n <tr style=\"mso-yfti-irow:3;height:23.75pt\">\r\n  <td width=\"135\" style=\"width:101.25pt;border-top:none;border-left:solid windowtext 1.0pt;\r\n  border-bottom:solid windowtext 1.0pt;border-right:double windowtext 1.5pt;\r\n  mso-border-top-alt:solid windowtext .5pt;mso-border-alt:solid windowtext .5pt;\r\n  mso-border-right-alt:double windowtext 1.5pt;background:#CCCCCC;padding:0cm 5.4pt 0cm 5.4pt;\r\n  height:23.75pt\">\r\n  <p class=\"MsoNormal\" dir=\"RTL\" style=\"text-align:justify;text-justify:kashida;\r\n  text-kashida:0%\"><b><span lang=\"AR-SA\" style=\"font-family: &quot;DecoType Naskh&quot;;\">( 3 ) التقرير الطبي</span></b><b><span lang=\"AR-SA\" style=\"font-family:&quot;DecoType Naskh&quot;\"><o:p></o:p></span></b></p>\r\n  </td>\r\n  <td width=\"600\" valign=\"top\" style=\"width:449.8pt;border-top:none;border-left:\r\n  double windowtext 1.5pt;border-bottom:solid windowtext 1.0pt;border-right:\r\n  none;mso-border-top-alt:solid windowtext .5pt;mso-border-right-alt:solid windowtext .5pt;\r\n  mso-border-alt:solid windowtext .5pt;mso-border-left-alt:double windowtext 1.5pt;\r\n  padding:0cm 5.4pt 0cm 5.4pt;height:23.75pt\">\r\n  <p class=\"MsoNormal\" dir=\"RTL\" style=\"text-align:justify;text-justify:kashida;\r\n  text-kashida:0%\"><span lang=\"AR-SA\" style=\"font-size:5.0pt\">&nbsp;</span><span lang=\"AR-SA\" style=\"font-size: 1rem;\">رقم التقرير : </span><span lang=\"AR-SA\" style=\"font-size: 8pt; font-family: &quot;Traditional Arabic&quot;, serif;\">.......................................................................................</span><span lang=\"AR-SA\" style=\"font-size: 1rem;\"> تاريخ التقرير :&nbsp;&nbsp;&nbsp; &nbsp;&nbsp;/ &nbsp;&nbsp;&nbsp;&nbsp;/&nbsp; &nbsp;&nbsp;&nbsp;&nbsp;14هـ</span></p>\r\n  </td>\r\n </tr>\r\n <tr style=\"mso-yfti-irow:4;mso-yfti-lastrow:yes;height:154.6pt\">\r\n  <td width=\"135\" style=\"width:101.25pt;border-top:none;border-left:solid windowtext 1.0pt;\r\n  border-bottom:double windowtext 1.5pt;border-right:double windowtext 1.5pt;\r\n  mso-border-top-alt:solid windowtext .5pt;mso-border-top-alt:solid .5pt;\r\n  mso-border-left-alt:solid .5pt;mso-border-bottom-alt:double 1.5pt;mso-border-right-alt:\r\n  double 1.5pt;mso-border-color-alt:windowtext;background:#CCCCCC;padding:0cm 5.4pt 0cm 5.4pt;\r\n  height:154.6pt\">\r\n  <p class=\"MsoNormal\" dir=\"RTL\" style=\"text-align:justify;text-justify:kashida;\r\n  text-kashida:0%\"><b><span lang=\"AR-SA\" style=\"font-family: &quot;DecoType Naskh&quot;;\">( 4 ) الموافقة</span></b><b><span lang=\"AR-SA\" style=\"font-family:&quot;DecoType Naskh&quot;\"><o:p></o:p></span></b></p>\r\n  </td>\r\n  <td width=\"600\" valign=\"top\" style=\"width:449.8pt;border-top:none;border-left:\r\n  double windowtext 1.5pt;border-bottom:double windowtext 1.5pt;border-right:\r\n  none;mso-border-top-alt:solid windowtext .5pt;mso-border-right-alt:solid windowtext .5pt;\r\n  padding:0cm 5.4pt 0cm 5.4pt;height:154.6pt\">\r\n  <p class=\"MsoNormal\" dir=\"RTL\" style=\"text-align:justify;text-justify:kashida;\r\n  text-kashida:0%\"><span lang=\"AR-SA\" style=\"font-size:5.0pt;font-family:&quot;Traditional Arabic&quot;,serif;\r\n  mso-ascii-font-family:&quot;Times New Roman&quot;;mso-hansi-font-family:&quot;Times New Roman&quot;\">&nbsp;</span><span style=\"font-family: &quot;Traditional Arabic&quot;, serif; font-size: 13pt;\">لا\r\n  مانع من منحه الإجازة المطلوبة إذا كان يستحقها نظاماً.</span></p>\r\n  <p class=\"MsoNormal\" dir=\"RTL\" style=\"text-align:justify;text-justify:kashida;\r\n  text-kashida:0%\"><span lang=\"AR-SA\" style=\"font-family:&quot;Traditional Arabic&quot;,serif;\r\n  mso-ascii-font-family:&quot;Times New Roman&quot;;mso-hansi-font-family:&quot;Times New Roman&quot;\">&nbsp;</span><span style=\"font-family: &quot;Monotype Koufi&quot;; font-size: 1rem;\">الرئيس\r\n  المباشر</span></p>\r\n  <p class=\"MsoNormal\" dir=\"RTL\" style=\"text-align:justify;text-justify:kashida;\r\n  text-kashida:0%\"><span lang=\"AR-SA\" style=\"font-size:13.0pt\">الاسم : </span><input class=\"autotext_field\" placeholder=\"اسم الموظف\" id=\"autoname_2\" disabled=\"\" style=\"width: 40%;\">&nbsp; &nbsp;&nbsp;<span lang=\"AR-SA\" style=\"font-size:13.0pt\">ملاحظات :&nbsp;</span><input class=\"text_field\" placeholder=\"ملاحظات رئيس القسم\" id=\"text_3\" style=\"width: 30%;\"></p><table class=\"table table-bordered\"><tbody><tr><td>&nbsp; &nbsp; &nbsp; &nbsp; &nbsp; &nbsp; &nbsp; &nbsp; &nbsp; &nbsp; &nbsp; &nbsp; &nbsp; &nbsp; &nbsp;</td><td>&nbsp; &nbsp; &nbsp; &nbsp; &nbsp; &nbsp; &nbsp; &nbsp; &nbsp; &nbsp; &nbsp;</td><td><p><input class=\"autotext_field\" placeholder=\"موافقة/رفض\" id=\"autoagree_2\" disabled=\"\" style=\"width: 100%;\"></p><p><input class=\"autotext_field\" placeholder=\"تاريخ تلقائي\" id=\"autodate_15\" disabled=\"\" style=\"width: 70%;\"><br></p></td></tr></tbody></table>\r\n  <p class=\"MsoNormal\" dir=\"RTL\" style=\"text-align:justify;text-justify:kashida;\r\n  text-kashida:0%\"><span lang=\"AR-SA\" style=\"font-size:13.0pt\">&nbsp;</span><span style=\"font-family: &quot;Monotype Koufi&quot;; font-size: 1rem;\">رئيس الجهة</span></p>\r\n  <p class=\"MsoNormal\" dir=\"RTL\" style=\"text-align:justify;text-justify:kashida;\r\n  text-kashida:0%\"><span lang=\"AR-SA\" style=\"font-size:13.0pt\">الاسم :</span><span lang=\"AR-SA\"> </span><input class=\"autotext_field\" placeholder=\"اسم الموظف\" id=\"autoname_3\" disabled=\"\" style=\"width: 40%;\"><span lang=\"AR-SA\" style=\"font-size:8.0pt;font-family:&quot;Traditional Arabic&quot;,serif;\r\n  mso-ascii-font-family:&quot;Times New Roman&quot;;mso-hansi-font-family:&quot;Times New Roman&quot;\">&nbsp; &nbsp; &nbsp; &nbsp;&nbsp;</span><span lang=\"AR-SA\" style=\"font-size:13.0pt\">ملاحظات</span><span lang=\"AR-SA\"> </span><span lang=\"AR-SA\" style=\"font-size:13.0pt\">:</span><span lang=\"AR-SA\"> </span><input class=\"text_field\" placeholder=\"ملاحظات المدير\" id=\"text_4\" style=\"width: 30%;\"></p><table class=\"table table-bordered\"><tbody><tr><td>&nbsp; &nbsp; &nbsp; &nbsp; &nbsp; &nbsp; &nbsp; &nbsp; &nbsp; &nbsp; &nbsp; &nbsp;&nbsp;<br></td><td>&nbsp; &nbsp; &nbsp; &nbsp; &nbsp; &nbsp; &nbsp; &nbsp; &nbsp; &nbsp; &nbsp;&nbsp;<br></td><td><p><input class=\"autotext_field\" placeholder=\"موافقة/رفض\" id=\"autoagree_3\" disabled=\"\" style=\"width: 100%;\"><br></p></td></tr></tbody></table><p class=\"MsoNormal\" dir=\"RTL\" style=\"text-align:justify;text-justify:kashida;\r\n  text-kashida:0%\"><span lang=\"AR-SA\"><o:p></o:p></span></p>\r\n  </td>\r\n </tr>\r\n</tbody></table>\r\n\r\n</div>', '1', '1', '[\"text_0\",\"الوظيفة\",\"text_3\",\"ملاحظات رئيس القسم\",\"text_4\",\"ملاحظات المدير\",\"autobranche_0\",\"اسم الفرع\",\"automanagement_0\",\"اسم الادارة\",\"autodepartment_1\",\"اسم القسم\",\"autodate_0\",\"تاريخ تلقائي\",\"autonumber_1\",\"رقم معاملة تلقائي\",\"autoname_0\",\"اسم الموظف\",\"autoname_2\",\"اسم الموظف\",\"autoagree_2\",\"موافقة/رفض\",\"autodate_15\",\"تاريخ تلقائي\",\"autoname_3\",\"اسم الموظف\",\"autoagree_3\",\"موافقة/رفض\",\"branches_1\",\"الفروع\"]', '2023-12-06 09:26:46', '2024-01-21 17:08:04'),
(46, '<p><p><br></p><table class=\"table table-bordered\"><tbody><tr><td style=\"text-align: center;\"><p><b>تسجيل معاملة وارد&nbsp; &nbsp; &nbsp; &nbsp;</b></p><p><input class=\"autotext_field\" placeholder=\"اسم الادارة\" id=\"automanagement_1\" disabled=\"\" style=\"width: 50%;\"><b><br></b></p></td><td style=\"text-align: center;\"><p><img src=\"data:image/png;base64,[BLOB]\" data-filename=\"logo.png\" style=\"width: 80px;\"><br></p></td><td><p style=\"text-align: center; \"><input class=\"autotext_field\" placeholder=\"رقم معاملة تلقائي\" id=\"autonumber_ \" disabled=\"\" style=\"width: 50%;\"><br></p><p style=\"text-align: center; \"><br>&nbsp;&nbsp;&nbsp;&nbsp;</p></td></tr></tbody></table>&nbsp; &nbsp; &nbsp; &nbsp; &nbsp; &nbsp; &nbsp; &nbsp; &nbsp; &nbsp; &nbsp; رقم المعاملة الواردة :&nbsp;<input class=\"text_field\" placeholder=\"رقم المعاملة\" id=\"text_2\" style=\"width: 50%;\"><p>&nbsp;&nbsp;&nbsp;&nbsp;&nbsp;&nbsp;&nbsp;&nbsp;&nbsp;&nbsp;&nbsp;&nbsp;&nbsp;&nbsp;&nbsp;&nbsp;&nbsp;&nbsp;&nbsp;&nbsp;</p><p>&nbsp; &nbsp; &nbsp; &nbsp; &nbsp; &nbsp; &nbsp; &nbsp; &nbsp; &nbsp; الجهة :&nbsp; &nbsp; &nbsp; &nbsp; &nbsp; &nbsp; &nbsp; &nbsp; &nbsp; &nbsp; &nbsp; &nbsp; &nbsp;<input class=\"text_field\" placeholder=\"الجهة\" id=\"text_3\" style=\"width: 50%;\"></p><p>&nbsp;&nbsp;&nbsp;&nbsp;&nbsp;&nbsp;&nbsp;&nbsp;&nbsp;&nbsp;&nbsp;&nbsp;</p><p>&nbsp; &nbsp; &nbsp; &nbsp; &nbsp; &nbsp; &nbsp; &nbsp; &nbsp; &nbsp; الموضوع :&nbsp; &nbsp; &nbsp; &nbsp; &nbsp; &nbsp; &nbsp; &nbsp; &nbsp; &nbsp;<input class=\"text_field\" placeholder=\"الموضوع\" id=\"text_4\" style=\"width: 50%;\"><br></p><p>                                        </p></p>', '3', '1', '[\"text_2\",\"رقم المعاملة\",\"text_3\",\"الجهة\",\"text_4\",\"الموضوع\",\"automanagement_1\",\"اسم الادارة\",\"autonumber_ \",\"رقم معاملة تلقائي\"]', '2024-01-01 10:03:52', '2024-01-01 10:03:52'),
(47, '<p><input class=\"text_field\" placeholder=\"sdfsdfsdf\" id=\"text_ \" style=\"width: 20%;\">                                        </p>', '4', '1', '[\"text_ \",\"sdfsdfsdf\"]', '2024-01-01 14:10:00', '2024-01-01 14:10:00'),
(48, '<p>                                        <input class=\"text_field\" placeholder=\"cccccc\" id=\"text_ \" style=\"width: 20%;\"></p>', '4', '2', '[\"text_ \",\"cccccc\"]', '2024-01-01 14:11:02', '2024-01-01 14:11:02'),
(49, '<p>                                        <input class=\"text_field\" placeholder=\"cccccc\" id=\"text_ \" style=\"width: 20%;\"></p>', '4', '2', '[\"text_ \",\"cccccc\"]', '2024-01-01 14:11:14', '2024-01-01 14:11:14'),
(50, 'سيبسيبسيب', '5', '1', '[]', '2024-01-08 17:19:37', '2024-01-08 17:19:37');
INSERT INTO `pages` (`id`, `name`, `templates_id`, `number`, `fields`, `created_at`, `updated_at`) VALUES
(51, '<p class=\"MsoNormal\" align=\"center\" style=\"margin-right:13.05pt;text-align:center\"><br></p><p class=\"MsoNormal\" align=\"center\" style=\"margin-right:13.05pt;text-align:center\"><span lang=\"AR-SA\" dir=\"RTL\" style=\"font-size:22.0pt;font-family:&quot;Calibri&quot;,&quot;sans-serif&quot;;\r\nmso-ascii-theme-font:minor-latin;mso-hansi-theme-font:minor-latin;mso-bidi-theme-font:\r\nminor-latin;mso-ansi-font-weight:bold\">تسجيل صادر</span>&nbsp;&nbsp;&nbsp;&nbsp;&nbsp;&nbsp;&nbsp;&nbsp;&nbsp;&nbsp;&nbsp;&nbsp;&nbsp;&nbsp;&nbsp;&nbsp;&nbsp;&nbsp;&nbsp;&nbsp;&nbsp;&nbsp;&nbsp;&nbsp;&nbsp;&nbsp;&nbsp;&nbsp;&nbsp;&nbsp;&nbsp;&nbsp;<input class=\"autotext_field\" placeholder=\"رقم معاملة تلقائي\" id=\"autonumber_2\" disabled=\"\" style=\"width: 20%;\"></p><div align=\"right\">\r\n\r\n<table class=\"MsoNormalTable\" border=\"0\" cellspacing=\"0\" cellpadding=\"0\" width=\"624\">\r\n <tbody><tr style=\"mso-yfti-irow:0;mso-yfti-firstrow:yes;mso-yfti-lastrow:yes;\r\n  height:15.75pt\">\r\n  <td width=\"93\" style=\"width:69.4pt;padding:0cm 5.4pt 0cm 5.4pt;height:15.75pt\">\r\n  <p class=\"MsoNormal\" align=\"center\" style=\"margin-right:13.05pt;text-align:center\"><span style=\"font-size:10.0pt\">&nbsp;</span></p>\r\n  </td>\r\n  <td width=\"92\" style=\"width:69.35pt;padding:0cm 5.4pt 0cm 5.4pt;height:15.75pt\">\r\n  <p class=\"MsoNormal\" align=\"center\" style=\"margin-right:13.05pt;text-align:center\"><span style=\"font-size:10.0pt\">&nbsp;</span></p>\r\n  </td>\r\n  <td width=\"95\" valign=\"top\" style=\"width:70.95pt;padding:0cm 5.4pt 0cm 5.4pt;\r\n  height:15.75pt\">\r\n  <p class=\"MsoNormal\" align=\"right\" style=\"margin-right:13.05pt;text-align:right\"><i><span lang=\"EN-GB\" style=\"font-size:10.0pt;\r\n  mso-ansi-language:EN-GB\">&nbsp;</span></i></p>\r\n  </td>\r\n  <td width=\"168\" valign=\"top\" style=\"width:126.25pt;padding:0cm 5.4pt 0cm 5.4pt;\r\n  height:15.75pt\">\r\n  <p class=\"MsoNormal\" style=\"margin-right:13.05pt\"><span style=\"font-size:10.0pt\">&nbsp;</span><input class=\"autotext_field\" placeholder=\"Auto Date\" id=\"autodate_2\" disabled=\"\" style=\"width: 100%;\"></p></td><td width=\"105\" style=\"width:78.8pt;padding:0cm 5.4pt 0cm 5.4pt;height:15.75pt\"><p class=\"MsoNormal\" align=\"center\" style=\"margin-right:13.05pt;text-align:center\"><span style=\"font-size:10.0pt\">&nbsp;</span></p>\r\n  </td>\r\n  <td width=\"71\" valign=\"top\" style=\"width:53.25pt;padding:0cm 5.4pt 0cm 5.4pt;\r\n  height:15.75pt\">\r\n  <p class=\"MsoNormal\" align=\"right\" style=\"margin-right:13.05pt;text-align:right\"><span lang=\"AR-SA\" dir=\"RTL\" style=\"font-size:10.0pt;mso-ansi-font-style:italic\">التاريخ</span><i><span style=\"font-size:10.0pt\"><o:p></o:p></span></i></p>\r\n  </td>\r\n </tr>\r\n</tbody></table>\r\n\r\n</div><p class=\"MsoNormal\" style=\"margin-right:13.05pt\"><span style=\"font-size:3.0pt\">&nbsp;</span></p><div align=\"right\">\r\n\r\n<table class=\"MsoNormalTable\" border=\"0\" cellspacing=\"0\" cellpadding=\"0\" width=\"624\">\r\n <tbody><tr>\r\n  <td width=\"185\" rowspan=\"2\" style=\"width:138.7pt;border:none;border-bottom:solid black 1.0pt;\r\n  padding:0cm 5.4pt 0cm 5.4pt\">\r\n  <p class=\"MsoNormal\" align=\"center\" style=\"margin-right:13.05pt;text-align:center\"><span style=\"font-size:10.0pt\">&nbsp;</span></p>\r\n  <p class=\"MsoNormal\" align=\"center\" style=\"margin-right:13.05pt;text-align:center\"><span style=\"font-size:10.0pt\">&nbsp;</span></p>\r\n  </td>\r\n  <td width=\"95\" valign=\"top\" style=\"width:71.05pt;padding:0cm 5.4pt 0cm 5.4pt\">\r\n  <p class=\"MsoNormal\" align=\"right\" style=\"margin-right:13.05pt;text-align:right\"><span lang=\"AR-SA\" dir=\"RTL\" style=\"font-size:10.0pt;mso-ansi-font-style:italic\">الرقم\r\n  الوظيفي</span><span style=\"font-size:10.0pt\"><o:p></o:p></span></p>\r\n  </td>\r\n  <td width=\"231\" rowspan=\"2\" valign=\"top\" style=\"width:173.45pt;border:none;\r\n  border-bottom:solid black 1.0pt;padding:0cm 5.4pt 0cm 5.4pt\">\r\n  <p class=\"MsoNormal\" align=\"center\" style=\"margin-right:13.05pt;text-align:center\"><span style=\"font-size:10.0pt\">&nbsp;</span><input class=\"autotext_field\" placeholder=\"Employee Name\" id=\"autoname_3\" disabled=\"\" style=\"width: 100%;\"></p>\r\n  </td>\r\n  <td width=\"113\" valign=\"top\" style=\"width:84.8pt;padding:0cm 5.4pt 0cm 5.4pt\">\r\n  <p class=\"MsoNormal\" align=\"right\" style=\"margin-right:13.05pt;text-align:right\"><span lang=\"AR-SA\" dir=\"RTL\" style=\"font-size:10.0pt;mso-ansi-font-style:italic\">اسم\r\n  مقدم الطلب</span><span style=\"font-size:10.0pt\"><o:p></o:p></span></p>\r\n  </td>\r\n </tr>\r\n <tr>\r\n  <td width=\"95\" valign=\"top\" style=\"width:71.05pt;padding:0cm 5.4pt 0cm 5.4pt\">\r\n  <p class=\"MsoNormal\" align=\"right\" style=\"margin-right:13.05pt;text-align:right\"><span style=\"font-size:10.0pt\">Employee No.<o:p></o:p></span></p>\r\n  </td>\r\n  <td width=\"113\" valign=\"top\" style=\"width:84.8pt;padding:0cm 5.4pt 0cm 5.4pt\">\r\n  <p class=\"MsoNormal\" align=\"right\" style=\"margin-right:13.05pt;text-align:right\"><span style=\"font-size:10.0pt\">Name of Applicant<o:p></o:p></span></p>\r\n  </td>\r\n </tr>\r\n</tbody></table>\r\n\r\n</div><p class=\"MsoNormal\" style=\"margin-right:13.05pt\"><span style=\"font-size:8.0pt\">&nbsp;</span></p><table class=\"MsoNormalTable\" border=\"1\" cellspacing=\"0\" cellpadding=\"0\" width=\"643\" style=\"margin-left: 19.95pt; border: none;\">\r\n <tbody><tr>\r\n  <td width=\"509\" colspan=\"3\" rowspan=\"2\" valign=\"top\" style=\"width:381.9pt;border:\r\n  solid black 1.0pt;mso-border-alt:solid black .5pt;padding:0cm 5.4pt 0cm 5.4pt\">\r\n  <p class=\"MsoNormal\" style=\"margin-right:13.05pt;tab-stops:center 179.9pt left 239.5pt\"><span style=\"font-size:10.0pt\">&nbsp;</span></p>\r\n  </td>\r\n  <td width=\"133\" valign=\"top\" style=\"width:100.05pt;border-top:solid black 1.0pt;\r\n  border-left:none;border-bottom:none;border-right:solid black 1.0pt;\r\n  mso-border-left-alt:solid black .5pt;mso-border-top-alt:solid black .5pt;\r\n  mso-border-left-alt:solid black .5pt;mso-border-right-alt:solid black .5pt;\r\n  background:#F2F2F2;padding:0cm 5.4pt 0cm 5.4pt\">\r\n  <p class=\"MsoNormal\" align=\"right\" style=\"margin-right:13.05pt;text-align:right\"><span lang=\"AR-SA\" dir=\"RTL\" style=\"font-size:10.0pt;mso-ansi-font-style:italic\">المسمى\r\n  الوظيفي</span><span style=\"font-size:10.0pt\"><o:p></o:p></span></p>\r\n  </td>\r\n </tr>\r\n <tr>\r\n  <td width=\"133\" valign=\"top\" style=\"width:100.05pt;border-top:none;border-left:\r\n  none;border-bottom:solid black 1.0pt;border-right:solid black 1.0pt;\r\n  mso-border-left-alt:solid black .5pt;mso-border-left-alt:solid black .5pt;\r\n  mso-border-bottom-alt:solid black .5pt;mso-border-right-alt:solid black .5pt;\r\n  background:#F2F2F2;padding:0cm 5.4pt 0cm 5.4pt\">\r\n  <p class=\"MsoNormal\" align=\"right\" style=\"margin-right:13.05pt;text-align:right\"><span style=\"font-size:10.0pt\">Job Title<o:p></o:p></span></p>\r\n  </td>\r\n </tr>\r\n <tr>\r\n  <td width=\"168\" rowspan=\"2\" valign=\"top\" style=\"width:126.2pt;border:solid black 1.0pt;\r\n  border-top:none;mso-border-top-alt:solid black .5pt;mso-border-alt:solid black .5pt;\r\n  padding:0cm 5.4pt 0cm 5.4pt\">\r\n  <p class=\"MsoNormal\" align=\"center\" style=\"margin-right:13.05pt;text-align:center\"><span style=\"font-size:10.0pt\">&nbsp;</span></p>\r\n  </td>\r\n  <td width=\"108\" valign=\"top\" style=\"width:81.35pt;border:none;border-right:solid black 1.0pt;\r\n  mso-border-top-alt:solid black .5pt;mso-border-left-alt:solid black .5pt;\r\n  mso-border-top-alt:solid black .5pt;mso-border-left-alt:solid black .5pt;\r\n  mso-border-right-alt:solid black .5pt;background:#F2F2F2;padding:0cm 5.4pt 0cm 5.4pt\">\r\n  <p class=\"MsoNormal\" align=\"right\" style=\"margin-right:13.05pt;text-align:right\"><span lang=\"AR-SA\" dir=\"RTL\" style=\"font-size:10.0pt;mso-ansi-font-style:italic\">رقم\r\n  الهاتف/ تحويلة</span><span style=\"font-size:10.0pt\"><o:p></o:p></span></p>\r\n  </td>\r\n  <td width=\"232\" rowspan=\"2\" valign=\"top\" style=\"width:174.35pt;border-top:none;\r\n  border-left:none;border-bottom:solid black 1.0pt;border-right:solid black 1.0pt;\r\n  mso-border-top-alt:solid black .5pt;mso-border-left-alt:solid black .5pt;\r\n  mso-border-alt:solid black .5pt;padding:0cm 5.4pt 0cm 5.4pt\">\r\n  <p class=\"MsoNormal\" align=\"center\" style=\"margin-right:13.05pt;text-align:center\"><span style=\"font-size:10.0pt\">&nbsp;</span></p>\r\n  </td>\r\n  <td width=\"133\" valign=\"top\" style=\"width:100.05pt;border:none;border-right:solid black 1.0pt;\r\n  mso-border-top-alt:solid black .5pt;mso-border-left-alt:solid black .5pt;\r\n  mso-border-top-alt:solid black .5pt;mso-border-left-alt:solid black .5pt;\r\n  mso-border-right-alt:solid black .5pt;background:#F2F2F2;padding:0cm 5.4pt 0cm 5.4pt\">\r\n  <p class=\"MsoNormal\" align=\"right\" style=\"margin-right:13.05pt;text-align:right\"><span lang=\"AR-SA\" dir=\"RTL\" style=\"font-size:10.0pt;mso-ansi-font-style:italic\">الإدارة</span><span dir=\"LTR\"></span><span dir=\"LTR\"></span><i><span lang=\"AR-SA\" style=\"font-size:10.0pt\"><span dir=\"LTR\"></span><span dir=\"LTR\"></span>\r\n  </span></i><span style=\"font-size:10.0pt\"><o:p></o:p></span></p>\r\n  </td>\r\n </tr>\r\n <tr>\r\n  <td width=\"108\" valign=\"top\" style=\"width:81.35pt;border-top:none;border-left:\r\n  none;border-bottom:solid black 1.0pt;border-right:solid black 1.0pt;\r\n  mso-border-left-alt:solid black .5pt;mso-border-left-alt:solid black .5pt;\r\n  mso-border-bottom-alt:solid black .5pt;mso-border-right-alt:solid black .5pt;\r\n  background:#F2F2F2;padding:0cm 5.4pt 0cm 5.4pt\">\r\n  <p class=\"MsoNormal\" align=\"right\" style=\"margin-right:13.05pt;text-align:right\"><span style=\"font-size:10.0pt\">Tel/Ext<o:p></o:p></span></p>\r\n  </td>\r\n  <td width=\"133\" valign=\"top\" style=\"width:100.05pt;border-top:none;border-left:\r\n  none;border-bottom:solid black 1.0pt;border-right:solid black 1.0pt;\r\n  mso-border-left-alt:solid black .5pt;mso-border-left-alt:solid black .5pt;\r\n  mso-border-bottom-alt:solid black .5pt;mso-border-right-alt:solid black .5pt;\r\n  background:#F2F2F2;padding:0cm 5.4pt 0cm 5.4pt\">\r\n  <p class=\"MsoNormal\" align=\"right\" style=\"margin-right:13.05pt;text-align:right\"><span style=\"font-size:10.0pt\">Department<o:p></o:p></span></p>\r\n  </td>\r\n </tr>\r\n</tbody></table><p class=\"MsoNormal\" style=\"margin-right:13.05pt\"><br></p><table class=\"MsoNormalTable\" border=\"0\" cellspacing=\"0\" cellpadding=\"0\" width=\"624\">\r\n <tbody><tr>\r\n  <td width=\"100\" rowspan=\"2\" style=\"width:75.35pt;padding:0cm 5.4pt 0cm 5.4pt\">\r\n  <p class=\"MsoNormal\" align=\"right\" style=\"margin-right:13.05pt;text-align:right\"><span style=\"font-size:10.0pt\">&nbsp;&nbsp;&nbsp;&nbsp; <o:p></o:p></span></p>\r\n  </td>\r\n  <td width=\"91\" rowspan=\"2\" style=\"width:67.9pt;padding:0cm 5.4pt 0cm 5.4pt\">\r\n  <p class=\"MsoNormal\" align=\"center\" style=\"margin-right:13.05pt;text-align:center\"><span style=\"font-size:10.0pt\">&nbsp;</span></p>\r\n  </td>\r\n  <td width=\"67\" valign=\"top\" style=\"width:50.4pt;padding:0cm 5.4pt 0cm 5.4pt\">\r\n  <p class=\"MsoNormal\" align=\"right\" style=\"margin-right:13.05pt;text-align:right\"><span lang=\"AR-SA\" dir=\"RTL\" style=\"font-size:10.0pt;mso-ansi-font-style:italic\">التاريخ</span><span style=\"font-size:10.0pt\"><o:p></o:p></span></p>\r\n  </td>\r\n  <td width=\"16\" valign=\"top\" style=\"width:11.7pt;padding:0cm 5.4pt 0cm 5.4pt\">\r\n  <p class=\"MsoNormal\" align=\"right\" style=\"margin-right:13.05pt;text-align:right\"><span style=\"font-size:10.0pt\">&nbsp;</span></p>\r\n  </td>\r\n  <td width=\"220\" valign=\"top\" style=\"width:164.65pt;padding:0cm 5.4pt 0cm 5.4pt\">\r\n  <p class=\"MsoNormal\" align=\"right\" style=\"margin-right:13.05pt;text-align:right\"><span style=\"font-size:10.0pt\">&nbsp;</span></p>\r\n  </td>\r\n  <td width=\"131\" valign=\"top\" style=\"width:98.0pt;padding:0cm 5.4pt 0cm 5.4pt\">\r\n  <p class=\"MsoNormal\" align=\"right\" style=\"margin-right:13.05pt;text-align:right\"><span lang=\"AR-SA\" dir=\"RTL\" style=\"font-size:10.0pt;mso-ansi-font-style:italic\">توقيع\r\n  الموظف</span><span dir=\"LTR\"></span><span dir=\"LTR\"></span><i><span lang=\"AR-SA\" style=\"font-size:10.0pt\"><span dir=\"LTR\"></span><span dir=\"LTR\"></span> </span></i><span style=\"font-size:10.0pt\"><o:p></o:p></span></p>\r\n  </td>\r\n </tr>\r\n <tr>\r\n  <td width=\"67\" valign=\"top\" style=\"width:50.4pt;padding:0cm 5.4pt 0cm 5.4pt\">\r\n  <p class=\"MsoNormal\" align=\"right\" style=\"margin-right:13.05pt;text-align:right\"><span style=\"font-size:10.0pt\">Date<o:p></o:p></span></p>\r\n  </td>\r\n  <td width=\"16\" valign=\"top\" style=\"width:11.7pt;padding:0cm 5.4pt 0cm 5.4pt\">\r\n  <p class=\"MsoNormal\" align=\"right\" style=\"margin-right:13.05pt;text-align:right\"><span style=\"font-size:10.0pt\">&nbsp;</span></p>\r\n  </td>\r\n  <td width=\"220\" valign=\"top\" style=\"width:164.65pt;border:none;border-bottom:\r\n  solid black 1.0pt;padding:0cm 5.4pt 0cm 5.4pt\">\r\n  <p class=\"MsoNormal\" align=\"right\" style=\"margin-right:13.05pt;text-align:right\"><span style=\"font-size:10.0pt\">&nbsp;</span></p>\r\n  </td>\r\n  <td width=\"131\" valign=\"top\" style=\"width:98.0pt;padding:0cm 5.4pt 0cm 5.4pt\">\r\n  <p class=\"MsoNormal\" align=\"right\" style=\"margin-right:13.05pt;text-align:right\"><span style=\"font-size:10.0pt\">Employee’s Signature<o:p></o:p></span></p>\r\n  </td>\r\n </tr>\r\n</tbody></table><p class=\"MsoNormal\" style=\"margin-right:13.05pt\"><br></p><table class=\"MsoNormalTable\" border=\"1\" cellspacing=\"0\" cellpadding=\"0\" width=\"643\" style=\"margin-left: 19.95pt; border: none;\">\r\n <tbody><tr>\r\n  <td width=\"383\" colspan=\"3\" rowspan=\"2\" valign=\"top\" style=\"width:287.55pt;\r\n  border:solid black 1.0pt;border-right:none;mso-border-top-alt:solid black .5pt;\r\n  mso-border-left-alt:solid black .5pt;mso-border-bottom-alt:solid black .5pt;\r\n  background:#F2F2F2;padding:0cm 5.4pt 0cm 5.4pt\">\r\n  <p class=\"MsoNormal\" style=\"margin-right:13.05pt\"><span lang=\"EN-GB\" style=\"font-size:10.0pt;mso-ansi-language:EN-GB\">&nbsp;</span></p>\r\n  </td>\r\n  <td width=\"259\" colspan=\"2\" valign=\"top\" style=\"width:194.4pt;border-top:solid black 1.0pt;\r\n  border-left:none;border-bottom:none;border-right:solid black 1.0pt;\r\n  mso-border-top-alt:solid black .5pt;mso-border-right-alt:solid black .5pt;\r\n  background:#F2F2F2;padding:0cm 5.4pt 0cm 5.4pt\">\r\n  <p class=\"MsoNormal\" align=\"right\" style=\"margin-right:13.05pt;text-align:right\"><span lang=\"AR-SA\" dir=\"RTL\" style=\"font-size:10.0pt;mso-ansi-font-style:italic\">رأي\r\n  المدير المباشر</span><span style=\"font-size:10.0pt\"><o:p></o:p></span></p>\r\n  </td>\r\n </tr>\r\n <tr>\r\n  <td width=\"259\" colspan=\"2\" valign=\"top\" style=\"width:194.4pt;border-top:none;\r\n  border-left:none;border-bottom:solid black 1.0pt;border-right:solid black 1.0pt;\r\n  mso-border-bottom-alt:solid black .5pt;mso-border-right-alt:solid black .5pt;\r\n  background:#F2F2F2;padding:0cm 5.4pt 0cm 5.4pt\">\r\n  <p class=\"MsoNormal\" align=\"right\" style=\"margin-right:13.05pt;text-align:right\"><span style=\"font-size:10.0pt\">Immediate Supervisor’s recommendation<o:p></o:p></span></p>\r\n  </td>\r\n </tr>\r\n <tr style=\"mso-yfti-irow:2;height:34.05pt\">\r\n  <td width=\"338\" colspan=\"2\" valign=\"top\" style=\"width:253.85pt;border-top:none;\r\n  border-left:solid black 1.0pt;border-bottom:none;border-right:solid black 1.0pt;\r\n  mso-border-top-alt:solid black .5pt;mso-border-top-alt:solid black .5pt;\r\n  mso-border-left-alt:solid black .5pt;mso-border-right-alt:solid black .5pt;\r\n  padding:0cm 5.4pt 0cm 5.4pt;height:34.05pt\">\r\n  <p class=\"MsoNormal\" style=\"margin-right:13.05pt\"><span style=\"font-size:1.0pt\">&nbsp;</span></p>\r\n  </td>\r\n  <td width=\"220\" colspan=\"2\" valign=\"top\" style=\"width:164.85pt;border:none;\r\n  mso-border-top-alt:solid black .5pt;mso-border-left-alt:solid black .5pt;\r\n  padding:0cm 5.4pt 0cm 5.4pt;height:34.05pt\">\r\n  <p class=\"MsoNormal\" style=\"margin-right:13.05pt\"><span style=\"font-size:1.0pt\">&nbsp;</span></p>\r\n  </td>\r\n  <td width=\"84\" valign=\"top\" style=\"width:63.25pt;border:none;border-right:solid black 1.0pt;\r\n  mso-border-top-alt:solid black .5pt;mso-border-top-alt:solid black .5pt;\r\n  mso-border-right-alt:solid black .5pt;padding:0cm 5.4pt 0cm 5.4pt;height:\r\n  34.05pt\">\r\n  <p class=\"MsoNormal\" style=\"margin-right:13.05pt\"><span style=\"font-size:1.0pt\">&nbsp;</span></p>\r\n  </td>\r\n </tr>\r\n <tr>\r\n  <td width=\"338\" colspan=\"2\" valign=\"top\" style=\"width:253.85pt;border-top:none;\r\n  border-left:solid black 1.0pt;border-bottom:none;border-right:solid black 1.0pt;\r\n  mso-border-left-alt:solid black .5pt;mso-border-right-alt:solid black .5pt;\r\n  padding:0cm 5.4pt 0cm 5.4pt\">\r\n  <p class=\"MsoNormal\" style=\"margin-right:13.05pt\"><span style=\"font-size:1.0pt\">&nbsp;</span></p>\r\n  </td>\r\n  <td width=\"304\" colspan=\"3\" valign=\"top\" style=\"width:228.1pt;border:none;\r\n  border-right:solid black 1.0pt;mso-border-left-alt:solid black .5pt;\r\n  mso-border-left-alt:solid black .5pt;mso-border-right-alt:solid black .5pt;\r\n  padding:0cm 5.4pt 0cm 5.4pt\">\r\n  <p class=\"MsoNormal\" style=\"margin-right:13.05pt\"><span style=\"font-size:1.0pt\">&nbsp;</span></p>\r\n  </td>\r\n </tr>\r\n <tr>\r\n  <td width=\"206\" rowspan=\"2\" valign=\"top\" style=\"width:154.6pt;border:solid black 1.0pt;\r\n  mso-border-alt:solid black .5pt;padding:0cm 5.4pt 0cm 5.4pt\">\r\n  <p class=\"MsoNormal\" align=\"center\" style=\"margin-right:13.05pt;text-align:center\"><span style=\"font-size:10.0pt\">&nbsp;</span></p>\r\n  </td>\r\n  <td width=\"132\" valign=\"top\" style=\"width:99.25pt;border-top:solid black 1.0pt;\r\n  border-left:none;border-bottom:none;border-right:solid black 1.0pt;\r\n  mso-border-left-alt:solid black .5pt;mso-border-top-alt:solid black .5pt;\r\n  mso-border-left-alt:solid black .5pt;mso-border-right-alt:solid black .5pt;\r\n  background:#F2F2F2;padding:0cm 5.4pt 0cm 5.4pt\">\r\n  <p class=\"MsoNormal\" align=\"center\" style=\"margin-right:13.05pt;text-align:center\"><span lang=\"AR-SA\" dir=\"RTL\" style=\"font-size:10.0pt;mso-ansi-font-style:italic\">المسمى\r\n  الوظيفي</span><span style=\"font-size:10.0pt\"><o:p></o:p></span></p>\r\n  </td>\r\n  <td width=\"220\" colspan=\"2\" valign=\"top\" style=\"width:164.85pt;border-top:solid black 1.0pt;\r\n  border-left:none;border-bottom:none;border-right:solid black 1.0pt;\r\n  mso-border-left-alt:solid black .5pt;mso-border-top-alt:solid black .5pt;\r\n  mso-border-left-alt:solid black .5pt;mso-border-right-alt:solid black .5pt;\r\n  padding:0cm 5.4pt 0cm 5.4pt\">\r\n  <p class=\"MsoNormal\" align=\"center\" style=\"margin-right:13.05pt;text-align:center\"><span style=\"font-size:10.0pt\">&nbsp;</span></p>\r\n  </td>\r\n  <td width=\"84\" valign=\"top\" style=\"width:63.25pt;border-top:solid black 1.0pt;\r\n  border-left:none;border-bottom:none;border-right:solid black 1.0pt;\r\n  mso-border-left-alt:solid black .5pt;mso-border-top-alt:solid black .5pt;\r\n  mso-border-left-alt:solid black .5pt;mso-border-right-alt:solid black .5pt;\r\n  background:#F2F2F2;padding:0cm 5.4pt 0cm 5.4pt\">\r\n  <p class=\"MsoNormal\" align=\"right\" style=\"margin-right:13.05pt;text-align:right\"><span lang=\"AR-SA\" dir=\"RTL\" style=\"font-size:10.0pt;mso-ansi-font-style:italic\">الاسم</span><span style=\"font-size:10.0pt\"><o:p></o:p></span></p>\r\n  </td>\r\n </tr>\r\n <tr>\r\n  <td width=\"132\" valign=\"top\" style=\"width:99.25pt;border-top:none;border-left:\r\n  none;border-bottom:solid black 1.0pt;border-right:solid black 1.0pt;\r\n  mso-border-left-alt:solid black .5pt;mso-border-left-alt:solid black .5pt;\r\n  mso-border-bottom-alt:solid black .5pt;mso-border-right-alt:solid black .5pt;\r\n  background:#F2F2F2;padding:0cm 5.4pt 0cm 5.4pt\">\r\n  <p class=\"MsoNormal\" align=\"center\" style=\"margin-right:13.05pt;text-align:center\"><span style=\"font-size:10.0pt\">Job Title<o:p></o:p></span></p>\r\n  </td>\r\n  <td width=\"220\" colspan=\"2\" style=\"width:164.85pt;border-top:none;border-left:\r\n  none;border-bottom:solid black 1.0pt;border-right:solid black 1.0pt;\r\n  mso-border-left-alt:solid black .5pt;mso-border-left-alt:solid black .5pt;\r\n  mso-border-bottom-alt:solid black .5pt;mso-border-right-alt:solid black .5pt;\r\n  padding:0cm 5.4pt 0cm 5.4pt\">\r\n  <p class=\"MsoNormal\" style=\"margin-right:13.05pt\"><span style=\"font-size:10.0pt\">&nbsp;</span></p>\r\n  </td>\r\n  <td width=\"84\" valign=\"top\" style=\"width:63.25pt;border-top:none;border-left:\r\n  none;border-bottom:solid black 1.0pt;border-right:solid black 1.0pt;\r\n  mso-border-left-alt:solid black .5pt;mso-border-left-alt:solid black .5pt;\r\n  mso-border-bottom-alt:solid black .5pt;mso-border-right-alt:solid black .5pt;\r\n  background:#F2F2F2;padding:0cm 5.4pt 0cm 5.4pt\">\r\n  <p class=\"MsoNormal\" align=\"right\" style=\"margin-right:13.05pt;text-align:right\"><span style=\"font-size:10.0pt\">Name<o:p></o:p></span></p>\r\n  </td>\r\n </tr>\r\n <!--[if !supportMisalignedColumns]-->\r\n <tr height=\"0\">\r\n  <td width=\"206\" style=\"border:none\"></td>\r\n  <td width=\"132\" style=\"border:none\"></td>\r\n  <td width=\"45\" style=\"border:none\"></td>\r\n  <td width=\"175\" style=\"border:none\"></td>\r\n  <td width=\"84\" style=\"border:none\"></td>\r\n </tr>\r\n <!--[endif]-->\r\n</tbody></table><table class=\"MsoNormalTable\" border=\"0\" cellspacing=\"0\" cellpadding=\"0\" width=\"624\">\r\n <tbody><tr>\r\n  <td width=\"101\" rowspan=\"2\" style=\"width:75.6pt;padding:0cm 5.4pt 0cm 5.4pt\">\r\n  <p class=\"MsoNormal\" align=\"right\" style=\"margin-right:13.05pt;text-align:right\"><span style=\"font-size:10.0pt\">&nbsp;&nbsp;&nbsp;&nbsp; <o:p></o:p></span></p>\r\n  </td>\r\n  <td width=\"91\" rowspan=\"2\" style=\"width:68.5pt;padding:0cm 5.4pt 0cm 5.4pt\">\r\n  <p class=\"MsoNormal\" align=\"center\" style=\"margin-right:13.05pt;text-align:center\"><span style=\"font-size:10.0pt\">/&nbsp;&nbsp;&nbsp;&nbsp; /<o:p></o:p></span></p>\r\n  </td>\r\n  <td width=\"67\" valign=\"top\" style=\"width:50.45pt;padding:0cm 5.4pt 0cm 5.4pt\">\r\n  <p class=\"MsoNormal\" align=\"right\" style=\"margin-right:13.05pt;text-align:right\"><span lang=\"AR-SA\" dir=\"RTL\" style=\"font-size:10.0pt;mso-ansi-font-style:italic\">التاريخ</span><span style=\"font-size:10.0pt\"><o:p></o:p></span></p>\r\n  </td>\r\n  <td width=\"16\" valign=\"top\" style=\"width:11.7pt;padding:0cm 5.4pt 0cm 5.4pt\">\r\n  <p class=\"MsoNormal\" align=\"right\" style=\"margin-right:13.05pt;text-align:right\"><span style=\"font-size:10.0pt\">&nbsp;</span></p>\r\n  </td>\r\n  <td width=\"220\" valign=\"top\" style=\"width:165.15pt;padding:0cm 5.4pt 0cm 5.4pt\">\r\n  <p class=\"MsoNormal\" align=\"right\" style=\"margin-right:13.05pt;text-align:right\"><span style=\"font-size:10.0pt\">&nbsp;</span></p>\r\n  </td>\r\n  <td width=\"129\" valign=\"top\" style=\"width:96.6pt;padding:0cm 5.4pt 0cm 5.4pt\">\r\n  <p class=\"MsoNormal\" align=\"right\" style=\"margin-right:13.05pt;text-align:right\"><span lang=\"AR-SA\" dir=\"RTL\" style=\"font-size:10.0pt;mso-ansi-font-style:italic\">توقيع المدير\r\n  المباشر</span><span style=\"font-size:10.0pt\"><o:p></o:p></span></p>\r\n  </td>\r\n </tr>\r\n <tr>\r\n  <td width=\"67\" valign=\"top\" style=\"width:50.45pt;padding:0cm 5.4pt 0cm 5.4pt\">\r\n  <p class=\"MsoNormal\" align=\"right\" style=\"margin-right:13.05pt;text-align:right\"><span style=\"font-size:10.0pt\">Date<o:p></o:p></span></p>\r\n  </td>\r\n  <td width=\"16\" valign=\"top\" style=\"width:11.7pt;padding:0cm 5.4pt 0cm 5.4pt\">\r\n  <p class=\"MsoNormal\" align=\"right\" style=\"margin-right:13.05pt;text-align:right\"><span style=\"font-size:10.0pt\">&nbsp;</span></p>\r\n  </td>\r\n  <td width=\"220\" valign=\"top\" style=\"width:165.15pt;border:none;border-bottom:\r\n  solid black 1.0pt;padding:0cm 5.4pt 0cm 5.4pt\">\r\n  <p class=\"MsoNormal\" align=\"right\" style=\"margin-right:13.05pt;text-align:right\"><span style=\"font-size:10.0pt\">&nbsp;</span></p>\r\n  </td>\r\n  <td width=\"129\" valign=\"top\" style=\"width:96.6pt;padding:0cm 5.4pt 0cm 5.4pt\">\r\n  <p class=\"MsoNormal\" align=\"right\" style=\"margin-right:13.05pt;text-align:right\"><span style=\"font-size:10.0pt\">Line manger’s Signature<o:p></o:p></span></p>\r\n  </td>\r\n </tr>\r\n</tbody></table><p class=\"MsoNormal\" style=\"margin-right:13.05pt\"><span style=\"font-size:8.0pt\">&nbsp;</span></p><table class=\"MsoNormalTable\" border=\"0\" cellspacing=\"0\" cellpadding=\"0\" width=\"624\">\r\n <tbody><tr>\r\n  <td width=\"101\" rowspan=\"2\" style=\"width:75.65pt;padding:0cm 5.4pt 0cm 5.4pt\">\r\n  <p class=\"MsoNormal\" align=\"right\" style=\"margin-right:13.05pt;text-align:right\"><span style=\"font-size:10.0pt\">&nbsp;&nbsp;&nbsp;&nbsp; <o:p></o:p></span></p>\r\n  </td>\r\n  <td width=\"91\" rowspan=\"2\" style=\"width:68.55pt;padding:0cm 5.4pt 0cm 5.4pt\">\r\n  <p class=\"MsoNormal\" align=\"center\" style=\"margin-right:13.05pt;text-align:center\"><span style=\"font-size:10.0pt\">/&nbsp;&nbsp;&nbsp;&nbsp; /<o:p></o:p></span></p>\r\n  </td>\r\n  <td width=\"67\" valign=\"top\" style=\"width:50.5pt;padding:0cm 5.4pt 0cm 5.4pt\">\r\n  <p class=\"MsoNormal\" align=\"right\" style=\"margin-right:13.05pt;text-align:right\"><span lang=\"AR-SA\" dir=\"RTL\" style=\"font-size:10.0pt;mso-ansi-font-style:italic\">التاريخ</span><span style=\"font-size:10.0pt\"><o:p></o:p></span></p>\r\n  </td>\r\n  <td width=\"16\" valign=\"top\" style=\"width:11.7pt;padding:0cm 5.4pt 0cm 5.4pt\">\r\n  <p class=\"MsoNormal\" align=\"right\" style=\"margin-right:13.05pt;text-align:right\"><span style=\"font-size:10.0pt\">&nbsp;</span></p>\r\n  </td>\r\n  <td width=\"222\" valign=\"top\" style=\"width:166.8pt;border:none;border-bottom:solid black 1.0pt;\r\n  padding:0cm 5.4pt 0cm 5.4pt\">\r\n  <p class=\"MsoNormal\" align=\"right\" style=\"margin-right:13.05pt;text-align:right\"><span style=\"font-size:10.0pt\">&nbsp;</span></p>\r\n  </td>\r\n  <td width=\"126\" valign=\"top\" style=\"width:94.8pt;padding:0cm 5.4pt 0cm 5.4pt\">\r\n  <p class=\"MsoNormal\" align=\"right\" style=\"margin-right:13.05pt;text-align:right\"><span lang=\"AR-SA\" dir=\"RTL\" style=\"font-size:10.0pt;mso-ansi-font-style:italic\">توقيع\r\n  مدير الإدارة</span><span dir=\"LTR\"></span><span dir=\"LTR\"></span><i><span lang=\"AR-SA\" style=\"font-size:10.0pt\"><span dir=\"LTR\"></span><span dir=\"LTR\"></span> </span></i><span style=\"font-size:10.0pt\"><o:p></o:p></span></p>\r\n  </td>\r\n </tr>\r\n <tr>\r\n  <td width=\"67\" valign=\"top\" style=\"width:50.5pt;padding:0cm 5.4pt 0cm 5.4pt\">\r\n  <p class=\"MsoNormal\" align=\"right\" style=\"margin-right:13.05pt;text-align:right\"><span style=\"font-size:10.0pt\">Date<o:p></o:p></span></p>\r\n  </td>\r\n  <td width=\"16\" valign=\"top\" style=\"width:11.7pt;padding:0cm 5.4pt 0cm 5.4pt\">\r\n  <p class=\"MsoNormal\" align=\"right\" style=\"margin-right:13.05pt;text-align:right\"><span style=\"font-size:10.0pt\">&nbsp;</span></p>\r\n  </td>\r\n  <td width=\"349\" colspan=\"2\" valign=\"top\" style=\"width:261.6pt;padding:0cm 5.4pt 0cm 5.4pt\">\r\n  <p class=\"MsoNormal\" align=\"right\" style=\"margin-right:13.05pt;text-align:right\"><span style=\"font-size:10.0pt\">Department Manager Signature<o:p></o:p></span></p>\r\n  </td>\r\n </tr>\r\n</tbody></table><p class=\"MsoNormal\" align=\"center\" style=\"text-align:center\">\r\n\r\n\r\n\r\n\r\n\r\n\r\n\r\n\r\n\r\n\r\n\r\n\r\n\r\n\r\n\r\n\r\n\r\n\r\n\r\n\r\n\r\n\r\n\r\n\r\n\r\n\r\n\r\n\r\n\r\n\r\n\r\n\r\n\r\n\r\n\r\n\r\n\r\n</p><p class=\"MsoNormal\" style=\"margin-right:13.05pt\"><span lang=\"AR-DZ\" dir=\"RTL\" style=\"font-size:8.0pt;mso-ansi-language:FR;mso-bidi-language:AR-DZ\"><o:p>&nbsp;</o:p></span></p>', '6', '1', '[\"autonumber_2\",\"رقم معاملة تلقائي\",\"autodate_2\",\"Auto Date\",\"autoname_3\",\"Employee Name\"]', '2024-01-27 14:02:05', '2024-01-27 15:21:58'),
(52, '<p><input class=\"autotext_field\" placeholder=\"messages.QR Transaction Number\" id=\"autoqr_ \" disabled=\"\" style=\"width: 20%;\">&nbsp;</p><p><input class=\"autotext_field\" placeholder=\"رقم معاملة تلقائي\" id=\"autonumber_1\" disabled=\"\" style=\"width: 20%;\">&nbsp;</p><p><input class=\"autotext_field\" placeholder=\"باركود رقم معاملة تلقائي\" id=\"autobar_2\" disabled=\"\" style=\"width: 20%;\"></p><p><input class=\"autotext_field\" placeholder=\"التوقيع\" id=\"autosign_3\" disabled=\"\" style=\"width: 20%;\"><br></p>', '8', '1', '[\"autoqr_ \",\"messages.QR Transaction Number\",\"autonumber_1\",\"رقم معاملة تلقائي\",\"autobar_2\",\"باركود رقم معاملة تلقائي\",\"autosign_3\",\"التوقيع\"]', '2024-02-08 09:50:10', '2024-03-23 16:46:30');
INSERT INTO `pages` (`id`, `name`, `templates_id`, `number`, `fields`, `created_at`, `updated_at`) VALUES
(53, '<p class=\"MsoNormal\" align=\"center\" style=\"margin-bottom:0cm;margin-bottom:.0001pt;\r\ntext-align:center;line-height:normal;direction:ltr;unicode-bidi:embed\"><b><span lang=\"AR-SA\" dir=\"RTL\" style=\"font-size:14.0pt;font-family:&quot;Tahoma&quot;,&quot;sans-serif&quot;;\r\nmso-fareast-font-family:&quot;Times New Roman&quot;;mso-ansi-language:EN-GB\">أرشفة معاملة</span></b></p><p class=\"MsoNormal\" align=\"center\" style=\"margin-bottom:0cm;margin-bottom:.0001pt;\r\ntext-align:center;line-height:normal;direction:ltr;unicode-bidi:embed\"><b><span lang=\"AR-SA\" dir=\"RTL\" style=\"font-size:14.0pt;font-family:&quot;Tahoma&quot;,&quot;sans-serif&quot;;\r\nmso-fareast-font-family:&quot;Times New Roman&quot;;mso-ansi-language:EN-GB\"><br></span></b></p><table class=\"MsoTableGrid\" border=\"1\" cellspacing=\"0\" cellpadding=\"0\" align=\"right\" width=\"680\" style=\"width: 18cm; border: none; margin-left: 6.75pt; margin-right: 6.75pt;\">\r\n <tbody><tr style=\"mso-yfti-irow:0;mso-yfti-firstrow:yes;height:21.3pt\">\r\n  <td width=\"198\" valign=\"top\" style=\"width:148.85pt;border:none;padding:0cm 5.4pt 0cm 5.4pt;\r\n  height:21.3pt\">\r\n  <p class=\"MsoNormal\" align=\"right\" style=\"margin-bottom: 0.0001pt; line-height: normal; direction: ltr; unicode-bidi: embed;\"><b><span lang=\"AR-SA\" dir=\"RTL\" style=\"font-family:&quot;Tahoma&quot;,&quot;sans-serif&quot;;mso-fareast-font-family:&quot;Times New Roman&quot;;\r\n  mso-ansi-language:EN-GB\">&nbsp; &nbsp; &nbsp; &nbsp;الرقم</span></b><b><span lang=\"EN-GB\" style=\"font-family:&quot;Tahoma&quot;,&quot;sans-serif&quot;;mso-fareast-font-family:&quot;Times New Roman&quot;;\r\n  mso-ansi-language:EN-GB\"><o:p></o:p></span></b></p>\r\n  </td>\r\n  <td width=\"255\" valign=\"top\" style=\"width:191.35pt;border:none;padding:0cm 5.4pt 0cm 5.4pt;\r\n  height:21.3pt\">\r\n  <p class=\"MsoNormal\" align=\"right\" style=\"margin-bottom: 0.0001pt; line-height: normal; direction: ltr; unicode-bidi: embed;\"><b><span lang=\"AR-SA\" dir=\"RTL\" style=\"font-family:&quot;Tahoma&quot;,&quot;sans-serif&quot;;mso-fareast-font-family:&quot;Times New Roman&quot;;\r\n  mso-ansi-language:EN-GB\">&nbsp; &nbsp; &nbsp; &nbsp; &nbsp; &nbsp;اسم المنشئ</span></b><b><span lang=\"EN-GB\" style=\"font-family:&quot;Tahoma&quot;,&quot;sans-serif&quot;;mso-fareast-font-family:&quot;Times New Roman&quot;;\r\n  mso-ansi-language:EN-GB\"><o:p></o:p></span></b></p>\r\n  </td>\r\n  <td width=\"227\" valign=\"top\" style=\"width:6.0cm;border:none;padding:0cm 5.4pt 0cm 5.4pt;\r\n  height:21.3pt\">\r\n  <p class=\"MsoNormal\" align=\"right\" style=\"margin-bottom: 0.0001pt; line-height: normal; direction: ltr; unicode-bidi: embed;\"><b><span lang=\"AR-SA\" dir=\"RTL\" style=\"font-family:&quot;Tahoma&quot;,&quot;sans-serif&quot;;mso-fareast-font-family:&quot;Times New Roman&quot;;\r\n  mso-ansi-language:EN-GB\">&nbsp; &nbsp; &nbsp; &nbsp; &nbsp;التاريخ<o:p></o:p></span></b></p>\r\n  </td>\r\n </tr>\r\n <tr style=\"mso-yfti-irow:1;mso-yfti-lastrow:yes;height:22.15pt\">\r\n  <td width=\"198\" valign=\"top\" style=\"width:148.85pt;border:none;padding:0cm 5.4pt 0cm 5.4pt;\r\n  height:22.15pt\">\r\n  <p class=\"MsoNormal\" style=\"margin-bottom:0cm;margin-bottom:.0001pt;text-align:\r\n  left;line-height:normal;direction:ltr;unicode-bidi:embed;mso-element:frame;\r\n  mso-element-frame-hspace:9.0pt;mso-element-wrap:around;mso-element-anchor-horizontal:\r\n  margin;mso-element-left:right;mso-element-top:38.25pt;mso-height-rule:exactly\"><input class=\"autotext_field\" placeholder=\"رقم معاملة تلقائي\" id=\"autonumber_ \" disabled=\"\" style=\"width: 80%;\"><b><span lang=\"EN-GB\" style=\"font-family:&quot;Tahoma&quot;,&quot;sans-serif&quot;;mso-fareast-font-family:\r\n  &quot;Times New Roman&quot;;mso-ansi-language:EN-GB\"><o:p>&nbsp;</o:p></span></b></p>\r\n  </td>\r\n  <td width=\"255\" valign=\"top\" style=\"width:191.35pt;border:none;padding:0cm 5.4pt 0cm 5.4pt;\r\n  height:22.15pt\">\r\n  <p class=\"MsoNormal\" style=\"margin-bottom:0cm;margin-bottom:.0001pt;text-align:\r\n  left;line-height:normal;direction:ltr;unicode-bidi:embed;mso-element:frame;\r\n  mso-element-frame-hspace:9.0pt;mso-element-wrap:around;mso-element-anchor-horizontal:\r\n  margin;mso-element-left:right;mso-element-top:38.25pt;mso-height-rule:exactly\">&nbsp;&nbsp;<input class=\"autotext_field\" placeholder=\"اسم الموظف\" id=\"autoname_1\" disabled=\"\" style=\"width: 80%;\"><b><span lang=\"EN-GB\" style=\"font-family:&quot;Tahoma&quot;,&quot;sans-serif&quot;;mso-fareast-font-family:\r\n  &quot;Times New Roman&quot;;mso-ansi-language:EN-GB\"><o:p>&nbsp;</o:p></span></b></p>\r\n  </td>\r\n  <td width=\"227\" valign=\"top\" style=\"width:6.0cm;border:none;padding:0cm 5.4pt 0cm 5.4pt;\r\n  height:22.15pt\">\r\n  <p class=\"MsoNormal\" style=\"margin-bottom:0cm;margin-bottom:.0001pt;text-align:\r\n  left;line-height:normal;direction:ltr;unicode-bidi:embed;mso-element:frame;\r\n  mso-element-frame-hspace:9.0pt;mso-element-wrap:around;mso-element-anchor-horizontal:\r\n  margin;mso-element-left:right;mso-element-top:38.25pt;mso-height-rule:exactly\">&nbsp;&nbsp;<input class=\"autotext_field\" placeholder=\"تاريخ تلقائي - ميلادي\" id=\"autodate_2\" disabled=\"\" style=\"width: 80%;\"><b><span lang=\"EN-GB\" style=\"font-family:&quot;Tahoma&quot;,&quot;sans-serif&quot;;mso-fareast-font-family:\r\n  &quot;Times New Roman&quot;;mso-ansi-language:EN-GB\"><o:p>&nbsp;</o:p></span></b></p>\r\n  </td>\r\n </tr>\r\n</tbody></table><p class=\"MsoNormal\" align=\"center\" style=\"margin-bottom:0cm;margin-bottom:.0001pt;\r\ntext-align:center;line-height:normal;direction:ltr;unicode-bidi:embed\"><b><span lang=\"AR-SA\" dir=\"RTL\" style=\"font-size:14.0pt;font-family:&quot;Tahoma&quot;,&quot;sans-serif&quot;;\r\nmso-fareast-font-family:&quot;Times New Roman&quot;;mso-ansi-language:EN-GB\"><br></span></b></p><p class=\"MsoNormal\" align=\"center\" style=\"margin-bottom:0cm;margin-bottom:.0001pt;\r\ntext-align:center;line-height:normal;direction:ltr;unicode-bidi:embed\"><b><span lang=\"AR-SA\" dir=\"RTL\" style=\"font-size:14.0pt;font-family:&quot;Tahoma&quot;,&quot;sans-serif&quot;;\r\nmso-fareast-font-family:&quot;Times New Roman&quot;;mso-ansi-language:EN-GB\"><br></span></b></p><p class=\"MsoNormal\" align=\"center\" style=\"margin-bottom:0cm;margin-bottom:.0001pt;\r\ntext-align:center;line-height:normal;direction:ltr;unicode-bidi:embed\"><b><span lang=\"AR-SA\" dir=\"RTL\" style=\"font-size:14.0pt;font-family:&quot;Tahoma&quot;,&quot;sans-serif&quot;;\r\nmso-fareast-font-family:&quot;Times New Roman&quot;;mso-ansi-language:EN-GB\"><br></span></b></p><p class=\"MsoNormal\" align=\"center\" style=\"margin-bottom:0cm;margin-bottom:.0001pt;\r\ntext-align:center;line-height:normal;direction:ltr;unicode-bidi:embed\"><b><span lang=\"AR-SA\" dir=\"RTL\" style=\"font-size:14.0pt;font-family:&quot;Tahoma&quot;,&quot;sans-serif&quot;;\r\nmso-fareast-font-family:&quot;Times New Roman&quot;;mso-ansi-language:EN-GB\"><br></span></b><b><span lang=\"EN-GB\" style=\"font-size:14.0pt;font-family:&quot;Tahoma&quot;,&quot;sans-serif&quot;;\r\nmso-fareast-font-family:&quot;Times New Roman&quot;;mso-ansi-language:EN-GB\"><o:p></o:p></span></b></p>\r\n\r\n<div align=\"center\">\r\n\r\n<table class=\"MsoNormalTable\" dir=\"rtl\" border=\"0\" cellspacing=\"0\" cellpadding=\"0\" width=\"735\" style=\"width: 551.05pt;\">\r\n <tbody><tr style=\"mso-yfti-irow:0;mso-yfti-firstrow:yes;height:37.4pt\">\r\n  <td width=\"135\" style=\"width:101.25pt;border-top:double 1.5pt;border-left:solid 1.0pt;\r\n  border-bottom:solid 1.0pt;border-right:double 1.5pt;border-color:windowtext;\r\n  background:#F2F2F2;mso-background-themecolor:background1;mso-background-themeshade:\r\n  242;padding:0cm 5.4pt 0cm 5.4pt;height:37.4pt\">\r\n  <p class=\"MsoNormal\" align=\"center\" dir=\"RTL\" style=\"mso-margin-bottom-alt:auto;\r\n  text-align:center;line-height:normal\"><b><span lang=\"AR-SA\" style=\"font-size:\r\n  12.0pt;font-family:&quot;Tahoma&quot;,&quot;sans-serif&quot;;mso-fareast-font-family:&quot;Times New Roman&quot;\">المعاملة</span></b><span dir=\"LTR\" style=\"font-size:12.0pt;font-family:&quot;Tahoma&quot;,&quot;sans-serif&quot;;mso-fareast-font-family:\r\n  &quot;Times New Roman&quot;\"><o:p></o:p></span></p>\r\n  </td>\r\n  <td width=\"600\" valign=\"top\" style=\"width:449.8pt;border-top:double windowtext 1.5pt;\r\n  border-left:double windowtext 1.5pt;border-bottom:solid windowtext 1.0pt;\r\n  border-right:none;padding:0cm 5.4pt 0cm 5.4pt;height:37.4pt\">\r\n  <p class=\"MsoNormal\" dir=\"RTL\" style=\"margin-right:18.0pt;mso-margin-bottom-alt:\r\n  auto;text-align:justify;line-height:normal\"><span dir=\"RTL\"></span><span dir=\"RTL\"></span><span lang=\"AR-SA\" style=\"font-family:&quot;Tahoma&quot;,&quot;sans-serif&quot;;\r\n  mso-fareast-font-family:&quot;Times New Roman&quot;\"><span dir=\"RTL\"></span><span dir=\"RTL\"></span>&nbsp;<o:p></o:p></span></p>\r\n  <p class=\"MsoNormal\" dir=\"RTL\" style=\"margin-right:36.0pt;mso-margin-bottom-alt:\r\n  auto;text-align:justify;text-indent:-18.0pt;line-height:normal\"><span lang=\"AR-SA\" style=\"font-size:12.0pt;font-family:&quot;Tahoma&quot;,&quot;sans-serif&quot;;\r\n  mso-fareast-font-family:&quot;Times New Roman&quot;\">المرسل :&nbsp; &nbsp; &nbsp; &nbsp; &nbsp;&nbsp;</span><input class=\"text_field\" placeholder=\"المرسل\" id=\"text_3\" style=\"width: 70%;\"><span lang=\"AR-SA\" style=\"font-size:12.0pt;font-family:&quot;Tahoma&quot;,&quot;sans-serif&quot;;\r\n  mso-fareast-font-family:&quot;Times New Roman&quot;\"><o:p></o:p></span></p>\r\n  <p class=\"MsoNormal\" dir=\"RTL\" style=\"margin-right:36.0pt;mso-margin-bottom-alt:\r\n  auto;text-align:justify;text-indent:-18.0pt;line-height:normal\"><span lang=\"AR-SA\" style=\"font-size:12.0pt;font-family:&quot;Tahoma&quot;,&quot;sans-serif&quot;;\r\n  mso-fareast-font-family:&quot;Times New Roman&quot;\">المرسل إليه :&nbsp; &nbsp; </span><input class=\"text_field\" placeholder=\"المرسل اليه\" id=\"text_4\" style=\"width: 70%;\"><span lang=\"AR-SA\" style=\"font-size:12.0pt;font-family:&quot;Tahoma&quot;,&quot;sans-serif&quot;;\r\n  mso-fareast-font-family:&quot;Times New Roman&quot;\"><o:p></o:p></span></p>\r\n  <p class=\"MsoNormal\" dir=\"RTL\" style=\"margin-right:36.0pt;mso-margin-bottom-alt:\r\n  auto;text-align:justify;text-indent:-18.0pt;line-height:normal\"><span lang=\"AR-SA\" style=\"font-size:12.0pt;font-family:&quot;Tahoma&quot;,&quot;sans-serif&quot;;\r\n  mso-fareast-font-family:&quot;Times New Roman&quot;\">الجهة :&nbsp; &nbsp; &nbsp; &nbsp; &nbsp; &nbsp; &nbsp;</span><input class=\"text_field\" placeholder=\"الجهة\" id=\"text_5\" style=\"width: 70%;\"><span lang=\"AR-SA\" style=\"font-size:12.0pt;font-family:&quot;Tahoma&quot;,&quot;sans-serif&quot;;\r\n  mso-fareast-font-family:&quot;Times New Roman&quot;\"><o:p></o:p></span></p>\r\n  <p class=\"MsoNormal\" dir=\"RTL\" style=\"margin-right:36.0pt;mso-margin-bottom-alt:\r\n  auto;text-align:justify;text-indent:-18.0pt;line-height:normal\"><span lang=\"AR-SA\" style=\"font-size:12.0pt;font-family:&quot;Tahoma&quot;,&quot;sans-serif&quot;;\r\n  mso-fareast-font-family:&quot;Times New Roman&quot;\">تاريخ الارسال :&nbsp; &nbsp;</span><input class=\"text_field\" placeholder=\"تاريخ الارسال\" id=\"text_6\" style=\"width: 70%;\"><span lang=\"AR-SA\" style=\"font-size:12.0pt;font-family:&quot;Tahoma&quot;,&quot;sans-serif&quot;;\r\n  mso-fareast-font-family:&quot;Times New Roman&quot;\"><o:p></o:p></span></p>\r\n  <p class=\"MsoNormal\" dir=\"RTL\" style=\"margin-right:36.0pt;mso-margin-bottom-alt:\r\n  auto;text-align:justify;text-indent:-18.0pt;line-height:normal\"><span lang=\"AR-SA\" style=\"font-size:12.0pt;font-family:&quot;Tahoma&quot;,&quot;sans-serif&quot;;\r\n  mso-fareast-font-family:&quot;Times New Roman&quot;\">تاريخ الوصول :&nbsp; &nbsp;&nbsp;</span><input class=\"text_field\" placeholder=\"تاريخ الوصول\" id=\"text_7\" style=\"width: 70%;\"><span lang=\"AR-SA\" style=\"font-size:12.0pt;font-family:&quot;Tahoma&quot;,&quot;sans-serif&quot;;\r\n  mso-fareast-font-family:&quot;Times New Roman&quot;\"><o:p></o:p></span></p>\r\n  </td>\r\n </tr>\r\n <tr style=\"mso-yfti-irow:1;height:137.35pt\">\r\n  <td width=\"135\" style=\"width:101.25pt;border-top:none;border-left:solid windowtext 1.0pt;\r\n  border-bottom:solid windowtext 1.0pt;border-right:double windowtext 1.5pt;\r\n  background:#F2F2F2;mso-background-themecolor:background1;mso-background-themeshade:\r\n  242;padding:0cm 5.4pt 0cm 5.4pt;height:137.35pt\">\r\n  <p class=\"MsoNormal\" align=\"center\" dir=\"RTL\" style=\"mso-margin-bottom-alt:auto;\r\n  text-align:center;line-height:normal\"><b><span lang=\"AR-SA\" style=\"font-size:\r\n  12.0pt;font-family:&quot;Tahoma&quot;,&quot;sans-serif&quot;;mso-fareast-font-family:&quot;Times New Roman&quot;\">المحتوى</span></b><span dir=\"LTR\" style=\"font-size:12.0pt;font-family:&quot;Tahoma&quot;,&quot;sans-serif&quot;;mso-fareast-font-family:\r\n  &quot;Times New Roman&quot;\"><o:p></o:p></span></p>\r\n  </td>\r\n  <td width=\"600\" valign=\"top\" style=\"width:449.8pt;border-top:none;border-left:\r\n  double windowtext 1.5pt;border-bottom:solid windowtext 1.0pt;border-right:\r\n  none;padding:0cm 5.4pt 0cm 5.4pt;height:137.35pt\">\r\n  <p class=\"MsoNormal\" dir=\"RTL\" style=\"margin-right:36.0pt;mso-margin-bottom-alt:\r\n  auto;text-align:justify;text-indent:-18.0pt;line-height:normal\"><span lang=\"AR-SA\" style=\"font-size:12.0pt;font-family:&quot;Tahoma&quot;,&quot;sans-serif&quot;;\r\n  mso-fareast-font-family:&quot;Times New Roman&quot;\"><o:p>&nbsp;</o:p></span></p>\r\n  <p class=\"MsoNormal\" dir=\"RTL\" style=\"margin-right:36.0pt;mso-margin-bottom-alt:\r\n  auto;text-align:justify;text-indent:-18.0pt;line-height:normal\"><span lang=\"AR-SA\" style=\"font-size:12.0pt;font-family:&quot;Tahoma&quot;,&quot;sans-serif&quot;;\r\n  mso-fareast-font-family:&quot;Times New Roman&quot;\">&nbsp;</span><input class=\"text_field\" placeholder=\"المحتوى\" id=\"text_8\" style=\"width: 100%;\"><span lang=\"AR-SA\" style=\"font-size:12.0pt;font-family:&quot;Tahoma&quot;,&quot;sans-serif&quot;;\r\n  mso-fareast-font-family:&quot;Times New Roman&quot;\"><o:p></o:p></span></p>\r\n  </td>\r\n </tr>\r\n <tr style=\"mso-yfti-irow:2;height:38.1pt\">\r\n  <td width=\"135\" style=\"width:101.25pt;border-top:none;border-left:solid windowtext 1.0pt;\r\n  border-bottom:solid windowtext 1.0pt;border-right:double windowtext 1.5pt;\r\n  background:#F2F2F2;mso-background-themecolor:background1;mso-background-themeshade:\r\n  242;padding:0cm 5.4pt 0cm 5.4pt;height:38.1pt\">\r\n  <p class=\"MsoNormal\" align=\"center\" dir=\"RTL\" style=\"mso-margin-bottom-alt:auto;\r\n  text-align:center;line-height:normal\"><b><span lang=\"AR-SA\" style=\"font-size:\r\n  11.5pt;font-family:&quot;Tahoma&quot;,&quot;sans-serif&quot;;mso-fareast-font-family:&quot;Times New Roman&quot;\">ملاحظات</span></b><span dir=\"LTR\" style=\"font-size:12.0pt;font-family:&quot;Tahoma&quot;,&quot;sans-serif&quot;;mso-fareast-font-family:\r\n  &quot;Times New Roman&quot;\"><o:p></o:p></span></p>\r\n  </td>\r\n  <td width=\"600\" valign=\"top\" style=\"width:449.8pt;border-top:none;border-left:\r\n  double windowtext 1.5pt;border-bottom:solid windowtext 1.0pt;border-right:\r\n  none;padding:0cm 5.4pt 0cm 5.4pt;height:38.1pt\">\r\n  <p class=\"MsoNormal\" dir=\"RTL\" style=\"mso-margin-bottom-alt:auto;text-align:justify;\r\n  line-height:normal\"><span lang=\"AR-SA\" style=\"font-size:12.0pt;font-family:\r\n  &quot;Tahoma&quot;,&quot;sans-serif&quot;;mso-fareast-font-family:&quot;Times New Roman&quot;\"><o:p>&nbsp;</o:p></span></p><p class=\"MsoNormal\" dir=\"RTL\" style=\"mso-margin-bottom-alt:auto;text-align:justify;\r\n  line-height:normal\"><input class=\"text_field\" placeholder=\"ملاحظات\" id=\"text_10\" style=\"width: 100%;\"></p>\r\n  </td>\r\n </tr>\r\n <tr style=\"mso-yfti-irow:3;height:23.75pt\">\r\n  <td width=\"135\" style=\"width:101.25pt;border-top:none;border-left:solid windowtext 1.0pt;\r\n  border-bottom:solid windowtext 1.0pt;border-right:double windowtext 1.5pt;\r\n  background:#F2F2F2;mso-background-themecolor:background1;mso-background-themeshade:\r\n  242;padding:0cm 5.4pt 0cm 5.4pt;height:23.75pt\">\r\n  <p class=\"MsoNormal\" dir=\"RTL\" style=\"mso-margin-bottom-alt:auto;text-align:justify;\r\n  line-height:normal\"><b><span lang=\"AR-SA\" style=\"font-size:9.0pt;font-family:\r\n  &quot;Tahoma&quot;,&quot;sans-serif&quot;;mso-fareast-font-family:&quot;Times New Roman&quot;\">مكان الوجود\r\n  المادي</span></b><span dir=\"LTR\" style=\"font-size:9.0pt;font-family:&quot;Tahoma&quot;,&quot;sans-serif&quot;;\r\n  mso-fareast-font-family:&quot;Times New Roman&quot;\"><o:p></o:p></span></p>\r\n  </td>\r\n  <td width=\"600\" valign=\"top\" style=\"width:449.8pt;border-top:none;border-left:\r\n  double windowtext 1.5pt;border-bottom:solid windowtext 1.0pt;border-right:\r\n  none;padding:0cm 5.4pt 0cm 5.4pt;height:23.75pt\">\r\n  <p class=\"MsoNormal\" dir=\"RTL\" style=\"mso-margin-bottom-alt:auto;text-align:justify;\r\n  line-height:normal\"><span lang=\"AR-SA\" style=\"font-size:12.0pt;font-family:\r\n  &quot;Tahoma&quot;,&quot;sans-serif&quot;;mso-fareast-font-family:&quot;Times New Roman&quot;\"><o:p>&nbsp;</o:p></span><span lang=\"AR-SA\" style=\"font-size: 12pt; font-family: Tahoma, &quot;sans-serif&quot;;\"><o:p>&nbsp;</o:p></span><input class=\"text_field\" placeholder=\"مكان الوجود المادي\" id=\"text_11\" style=\"width: 100%;\"></p>\r\n  </td>\r\n </tr>\r\n <tr style=\"mso-yfti-irow:4;mso-yfti-lastrow:yes;height:154.6pt\">\r\n  <td width=\"135\" style=\"width:101.25pt;border-top:none;border-left:solid windowtext 1.0pt;\r\n  border-bottom:double windowtext 1.5pt;border-right:double windowtext 1.5pt;\r\n  background:#F2F2F2;mso-background-themecolor:background1;mso-background-themeshade:\r\n  242;padding:0cm 5.4pt 0cm 5.4pt;height:154.6pt\">\r\n  <p class=\"MsoNormal\" align=\"center\" dir=\"RTL\" style=\"mso-margin-bottom-alt:auto;\r\n  text-align:center;line-height:normal\"><b><span lang=\"AR-SA\" style=\"font-size:\r\n  12.0pt;font-family:&quot;Tahoma&quot;,&quot;sans-serif&quot;;mso-fareast-font-family:&quot;Times New Roman&quot;\">مراقب\r\n  الجودة</span></b><span dir=\"LTR\" style=\"font-size:12.0pt;font-family:&quot;Tahoma&quot;,&quot;sans-serif&quot;;\r\n  mso-fareast-font-family:&quot;Times New Roman&quot;\"><o:p></o:p></span></p>\r\n  </td>\r\n  <td width=\"600\" valign=\"top\" style=\"width:449.8pt;border-top:none;border-left:\r\n  double windowtext 1.5pt;border-bottom:double windowtext 1.5pt;border-right:\r\n  none;padding:0cm 5.4pt 0cm 5.4pt;height:154.6pt\">\r\n  <p class=\"MsoNormal\" dir=\"RTL\" style=\"mso-margin-bottom-alt:auto;text-align:justify;\r\n  line-height:normal\"><span dir=\"RTL\"></span><span dir=\"RTL\"></span><span lang=\"AR-SA\" style=\"font-size:5.0pt;font-family:&quot;Tahoma&quot;,&quot;sans-serif&quot;;\r\n  mso-fareast-font-family:&quot;Times New Roman&quot;\"><span dir=\"RTL\"></span><span dir=\"RTL\"></span>&nbsp;</span><span lang=\"AR-SA\" style=\"font-size:12.0pt;\r\n  font-family:&quot;Tahoma&quot;,&quot;sans-serif&quot;;mso-fareast-font-family:&quot;Times New Roman&quot;\"><o:p></o:p></span></p>\r\n  <p class=\"MsoNormal\" dir=\"RTL\" style=\"mso-margin-bottom-alt:auto;text-align:justify;\r\n  line-height:normal\"><span lang=\"AR-SA\" style=\"font-size:12.0pt;font-family:\r\n  &quot;Tahoma&quot;,&quot;sans-serif&quot;;mso-fareast-font-family:&quot;Times New Roman&quot;\">&nbsp;الاسم :&nbsp; &nbsp; &nbsp;&nbsp;</span><input class=\"autotext_field\" placeholder=\"اسم الموظف\" id=\"autoname_12\" disabled=\"\" style=\"width: 80%;\"><span lang=\"AR-SA\" style=\"font-size:12.0pt;font-family:\r\n  &quot;Tahoma&quot;,&quot;sans-serif&quot;;mso-fareast-font-family:&quot;Times New Roman&quot;\"><o:p></o:p></span></p>\r\n  <p class=\"MsoNormal\" dir=\"RTL\" style=\"mso-margin-bottom-alt:auto;text-align:justify;\r\n  line-height:normal\"><span lang=\"AR-SA\" style=\"font-size:12.0pt;font-family:\r\n  &quot;Tahoma&quot;,&quot;sans-serif&quot;;mso-fareast-font-family:&quot;Times New Roman&quot;\">&nbsp;ملاحظات :&nbsp;&nbsp;</span><input class=\"text_field\" placeholder=\"ملاحظات مراقب الجودة\" id=\"text_14\" style=\"width: 70%;\"></p>\r\n  <p class=\"MsoNormal\" dir=\"RTL\" style=\"mso-margin-bottom-alt:auto;text-align:justify;\r\n  line-height:normal\"><span lang=\"AR-SA\" style=\"font-size:12.0pt;font-family:\r\n  &quot;Tahoma&quot;,&quot;sans-serif&quot;;mso-fareast-font-family:&quot;Times New Roman&quot;\">&nbsp;النتيجة :&nbsp; &nbsp; &nbsp;</span><input class=\"autotext_field\" placeholder=\"موافقة/رفض\" id=\"autoagree_15\" disabled=\"\" style=\"width: 80%;\"><span lang=\"AR-SA\" style=\"font-size:12.0pt;font-family:&quot;Tahoma&quot;,&quot;sans-serif&quot;;mso-fareast-font-family:\r\n  &quot;Times New Roman&quot;;mso-ansi-language:EN-GB\"><o:p></o:p></span></p>\r\n  </td>\r\n </tr>\r\n</tbody></table>\r\n\r\n</div>', '9', '1', '[\"text_3\",\"المرسل\",\"text_4\",\"المرسل اليه\",\"text_5\",\"الجهة\",\"text_6\",\"تاريخ الارسال\",\"text_7\",\"تاريخ الوصول\",\"text_8\",\"المحتوى\",\"text_10\",\"ملاحظات\",\"text_11\",\"مكان الوجود المادي\",\"text_14\",\"ملاحظات مراقب الجودة\",\"autonumber_ \",\"رقم معاملة تلقائي\",\"autoname_1\",\"اسم الموظف\",\"autodate_2\",\"تاريخ تلقائي - ميلادي\",\"autoname_12\",\"اسم الموظف\",\"autoagree_15\",\"موافقة/رفض\"]', '2024-02-13 16:58:29', '2024-02-13 16:58:29');

-- --------------------------------------------------------

--
-- Table structure for table `priorities`
--

CREATE TABLE `priorities` (
  `id` bigint(20) UNSIGNED NOT NULL,
  `name` varchar(255) NOT NULL,
  `status` int(11) NOT NULL,
  `created_at` timestamp NULL DEFAULT NULL,
  `updated_at` timestamp NULL DEFAULT NULL
) ENGINE=InnoDB DEFAULT CHARSET=utf8mb4 COLLATE=utf8mb4_unicode_ci;

--
-- Dumping data for table `priorities`
--

INSERT INTO `priorities` (`id`, `name`, `status`, `created_at`, `updated_at`) VALUES
(2, 'a:2:{s:2:\"en\";i:107;s:2:\"ar\";i:108;}', 1, '2023-12-05 14:39:03', '2023-12-05 14:39:03');

-- --------------------------------------------------------

--
-- Table structure for table `procedures`
--

CREATE TABLE `procedures` (
  `id` bigint(20) UNSIGNED NOT NULL,
  `name` varchar(255) NOT NULL,
  `status` int(11) NOT NULL,
  `created_at` timestamp NULL DEFAULT NULL,
  `updated_at` timestamp NULL DEFAULT NULL
) ENGINE=InnoDB DEFAULT CHARSET=utf8mb4 COLLATE=utf8mb4_unicode_ci;

--
-- Dumping data for table `procedures`
--

INSERT INTO `procedures` (`id`, `name`, `status`, `created_at`, `updated_at`) VALUES
(2, 'a:2:{s:2:\"en\";i:613;s:2:\"ar\";i:614;}', 1, '2023-12-05 14:59:10', '2023-12-25 03:49:27'),
(3, 'a:2:{s:2:\"en\";i:615;s:2:\"ar\";i:616;}', 1, '2023-12-25 03:50:12', '2023-12-25 03:50:12');

-- --------------------------------------------------------

--
-- Table structure for table `purposes`
--

CREATE TABLE `purposes` (
  `id` bigint(20) UNSIGNED NOT NULL,
  `name` varchar(255) NOT NULL,
  `status` int(11) NOT NULL,
  `created_at` timestamp NULL DEFAULT NULL,
  `updated_at` timestamp NULL DEFAULT NULL
) ENGINE=InnoDB DEFAULT CHARSET=utf8mb4 COLLATE=utf8mb4_unicode_ci;

--
-- Dumping data for table `purposes`
--

INSERT INTO `purposes` (`id`, `name`, `status`, `created_at`, `updated_at`) VALUES
(4, 'a:2:{s:2:\"en\";i:115;s:2:\"ar\";i:116;}', 1, '2023-12-05 14:54:23', '2023-12-05 14:54:23'),
(5, 'a:2:{s:2:\"en\";i:117;s:2:\"ar\";i:118;}', 1, '2023-12-05 14:54:54', '2023-12-05 14:54:54'),
(6, 'a:2:{s:2:\"en\";i:119;s:2:\"ar\";i:120;}', 1, '2023-12-05 14:55:13', '2023-12-05 14:55:13');

-- --------------------------------------------------------

--
-- Table structure for table `receivingmethods`
--

CREATE TABLE `receivingmethods` (
  `id` bigint(20) UNSIGNED NOT NULL,
  `name` varchar(255) NOT NULL,
  `status` int(11) NOT NULL,
  `created_at` timestamp NULL DEFAULT NULL,
  `updated_at` timestamp NULL DEFAULT NULL
) ENGINE=InnoDB DEFAULT CHARSET=utf8mb4 COLLATE=utf8mb4_unicode_ci;

--
-- Dumping data for table `receivingmethods`
--

INSERT INTO `receivingmethods` (`id`, `name`, `status`, `created_at`, `updated_at`) VALUES
(2, 'a:2:{s:2:\"en\";i:111;s:2:\"ar\";i:112;}', 1, '2023-12-05 14:49:34', '2023-12-05 14:49:34'),
(3, 'a:2:{s:2:\"en\";i:113;s:2:\"ar\";i:114;}', 1, '2023-12-05 14:49:52', '2023-12-05 14:49:52');

-- --------------------------------------------------------

--
-- Table structure for table `shares`
--

CREATE TABLE `shares` (
  `id` bigint(20) UNSIGNED NOT NULL,
  `folders_id` int(11) NOT NULL,
  `transactions_permissions_id` int(11) NOT NULL,
  `permissions` varchar(255) DEFAULT NULL,
  `view` int(11) NOT NULL DEFAULT 0,
  `add` int(11) NOT NULL DEFAULT 0,
  `edit` int(11) NOT NULL DEFAULT 0,
  `delete` int(11) NOT NULL DEFAULT 0,
  `status` int(11) NOT NULL,
  `created_at` timestamp NULL DEFAULT NULL,
  `updated_at` timestamp NULL DEFAULT NULL
) ENGINE=InnoDB DEFAULT CHARSET=utf8mb4 COLLATE=utf8mb4_unicode_ci;

--
-- Dumping data for table `shares`
--

INSERT INTO `shares` (`id`, `folders_id`, `transactions_permissions_id`, `permissions`, `view`, `add`, `edit`, `delete`, `status`, `created_at`, `updated_at`) VALUES
(1, 2, 12, '1', 1, 1, 1, 1, 0, '2024-02-16 04:53:19', '2024-02-16 04:53:19'),
(2, 1, 8, '8', 0, 1, 0, 1, 1, '2024-02-29 07:52:39', '2024-02-29 07:52:39'),
(3, 16, 12, '1', 1, 0, 0, 0, 1, '2024-02-29 10:11:26', '2024-02-29 10:11:26'),
(4, 10, 17, NULL, 1, 0, 0, 0, 1, '2024-03-05 14:01:07', '2024-03-05 14:01:07'),
(5, 39, 17, NULL, 1, 0, 0, 0, 1, '2024-03-06 14:25:16', '2024-03-06 14:25:16'),
(6, 24, 12, '2', 1, 0, 0, 0, 1, '2024-03-06 16:11:20', '2024-03-06 16:11:20'),
(7, 1, 7, NULL, 1, 0, 0, 0, 0, '2024-03-08 09:38:13', '2024-03-08 09:38:13');

-- --------------------------------------------------------

--
-- Table structure for table `statuses`
--

CREATE TABLE `statuses` (
  `id` bigint(20) UNSIGNED NOT NULL,
  `name` varchar(255) NOT NULL,
  `status` int(11) NOT NULL,
  `created_at` timestamp NULL DEFAULT NULL,
  `updated_at` timestamp NULL DEFAULT NULL
) ENGINE=InnoDB DEFAULT CHARSET=utf8mb4 COLLATE=utf8mb4_unicode_ci;

-- --------------------------------------------------------

--
-- Table structure for table `steps`
--

CREATE TABLE `steps` (
  `id` bigint(20) UNSIGNED NOT NULL,
  `name` varchar(255) NOT NULL,
  `flows_id` int(11) NOT NULL,
  `number` varchar(255) NOT NULL,
  `fields_id` varchar(512) DEFAULT NULL,
  `status` int(11) DEFAULT 1,
  `transactions_permissions_id` int(11) NOT NULL,
  `permissions` varchar(255) DEFAULT NULL,
  `place_permissions_id` int(11) DEFAULT NULL,
  `place_permissions` varchar(255) DEFAULT NULL,
  `can_edit` int(11) DEFAULT NULL,
  `can_delete` int(11) DEFAULT NULL,
  `can_send` int(11) DEFAULT NULL,
  `can_back` int(11) DEFAULT NULL,
  `can_agree` int(11) DEFAULT NULL,
  `can_decline` int(11) DEFAULT NULL,
  `can_export` int(11) DEFAULT NULL,
  `can_deliver` int(11) DEFAULT NULL,
  `send_flow` varchar(255) DEFAULT NULL,
  `back_flow` varchar(255) DEFAULT NULL,
  `agree_flow` varchar(255) DEFAULT NULL,
  `decline_flow` varchar(255) DEFAULT NULL,
  `agree_number` int(11) DEFAULT NULL,
  `procedures_id` int(255) DEFAULT NULL,
  `procedure_duration` varchar(255) DEFAULT NULL,
  `back_transactions_permissions_id` int(11) DEFAULT NULL,
  `back_permissions` varchar(255) DEFAULT NULL,
  `created_at` timestamp NULL DEFAULT NULL,
  `updated_at` timestamp NULL DEFAULT NULL,
  `notifications_types_id` int(11) DEFAULT NULL,
  `connected_step` varchar(255) DEFAULT NULL,
  `level_agree_number` int(11) DEFAULT NULL,
  `autoaction` varchar(255) DEFAULT NULL
) ENGINE=InnoDB DEFAULT CHARSET=utf8mb4 COLLATE=utf8mb4_unicode_ci;

--
-- Dumping data for table `steps`
--

INSERT INTO `steps` (`id`, `name`, `flows_id`, `number`, `fields_id`, `status`, `transactions_permissions_id`, `permissions`, `place_permissions_id`, `place_permissions`, `can_edit`, `can_delete`, `can_send`, `can_back`, `can_agree`, `can_decline`, `can_export`, `can_deliver`, `send_flow`, `back_flow`, `agree_flow`, `decline_flow`, `agree_number`, `procedures_id`, `procedure_duration`, `back_transactions_permissions_id`, `back_permissions`, `created_at`, `updated_at`, `notifications_types_id`, `connected_step`, `level_agree_number`, `autoaction`) VALUES
(1, 'a:2:{s:2:\"en\";i:1061;s:2:\"ar\";i:1062;}', 1, '1', 'a:8:{i:0;s:3:\"157\";i:1;s:3:\"160\";i:2;s:3:\"161\";i:3;s:3:\"162\";i:4;s:3:\"163\";i:5;s:3:\"164\";i:6;s:3:\"165\";i:7;s:3:\"171\";}', 1, 14, NULL, NULL, NULL, 1, 1, 1, NULL, 0, NULL, NULL, NULL, '-1', NULL, NULL, NULL, 2, NULL, '1', 14, NULL, '2023-12-16 05:25:43', '2024-04-03 16:14:03', 1, NULL, NULL, NULL),
(4, 'a:2:{s:2:\"en\";i:1119;s:2:\"ar\";i:1120;}', 1, '2', 'a:4:{i:0;s:3:\"158\";i:1;s:3:\"166\";i:2;s:3:\"167\";i:3;s:3:\"168\";}', NULL, 12, '2', 16, NULL, 1, NULL, 0, 1, 1, 1, NULL, NULL, NULL, '-2', '-1', '-2', NULL, 2, '1', 14, NULL, '2023-12-18 09:35:05', '2024-05-06 16:19:53', 3, NULL, 1, '-2'),
(6, 'a:2:{s:2:\"en\";i:1119;s:2:\"ar\";i:1120;}', 1, '2', 'a:4:{i:0;s:3:\"158\";i:1;s:3:\"166\";i:2;s:3:\"167\";i:3;s:3:\"168\";}', NULL, 12, '5', 15, NULL, 1, NULL, 0, 1, 1, 1, NULL, NULL, NULL, '-2', '-1', '-2', NULL, 2, '1', 14, NULL, '2023-12-20 05:41:50', '2024-05-06 16:19:53', 3, '4', 1, '-2'),
(7, 'a:2:{s:2:\"en\";i:941;s:2:\"ar\";i:942;}', 1, '4', 'N;', 1, 14, NULL, NULL, NULL, NULL, NULL, NULL, NULL, NULL, NULL, 1, 1, NULL, NULL, NULL, NULL, NULL, 3, '1', 14, NULL, '2023-12-20 16:39:40', '2024-02-02 09:33:33', 3, NULL, NULL, NULL),
(8, 'a:2:{s:2:\"en\";i:917;s:2:\"ar\";i:918;}', 2, '1', 'a:5:{i:0;s:3:\"136\";i:1;s:3:\"137\";i:2;s:3:\"138\";i:3;s:3:\"139\";i:4;s:3:\"140\";}', 1, 14, NULL, NULL, NULL, 1, 0, 1, 0, 0, 0, NULL, NULL, NULL, NULL, NULL, NULL, NULL, NULL, NULL, NULL, NULL, '2024-01-01 10:25:08', '2024-01-27 14:19:42', 2, NULL, NULL, NULL),
(9, 'a:2:{s:2:\"en\";i:909;s:2:\"ar\";i:910;}', 2, '2', 'N;', 1, 14, NULL, NULL, NULL, 0, 0, 0, 0, 0, 0, NULL, NULL, NULL, NULL, NULL, NULL, NULL, 3, NULL, NULL, NULL, '2024-01-27 14:06:23', '2024-01-27 14:06:23', 2, NULL, NULL, NULL),
(10, 'a:2:{s:2:\"en\";i:915;s:2:\"ar\";i:916;}', 4, '1', 'a:2:{i:0;s:3:\"172\";i:1;s:3:\"173\";}', 1, 14, NULL, NULL, NULL, 1, 0, 1, 0, 0, 0, NULL, NULL, NULL, NULL, NULL, NULL, NULL, NULL, NULL, NULL, NULL, '2024-01-27 14:07:33', '2024-01-27 14:19:20', 1, NULL, NULL, NULL),
(11, 'a:2:{s:2:\"en\";i:913;s:2:\"ar\";i:914;}', 4, '2', 'N;', 1, 14, NULL, NULL, NULL, 0, 0, 0, 0, 0, 0, NULL, NULL, NULL, NULL, NULL, NULL, NULL, 3, NULL, NULL, NULL, '2024-01-27 14:08:02', '2024-01-27 14:08:02', 2, NULL, NULL, NULL),
(12, 'a:2:{s:2:\"en\";i:1003;s:2:\"ar\";i:1004;}', 5, '1', 'a:4:{i:0;s:3:\"197\";i:1;s:3:\"198\";i:2;s:3:\"199\";i:3;s:3:\"200\";}', 1, 14, NULL, NULL, NULL, 1, 1, 1, 0, 0, 0, 0, 0, NULL, NULL, NULL, NULL, NULL, 3, NULL, NULL, NULL, '2024-02-08 09:51:17', '2024-03-23 16:52:59', 1, NULL, NULL, NULL),
(13, 'a:2:{s:2:\"en\";i:989;s:2:\"ar\";i:990;}', 6, '1', 'a:11:{i:0;s:3:\"183\";i:1;s:3:\"184\";i:2;s:3:\"185\";i:3;s:3:\"186\";i:4;s:3:\"187\";i:5;s:3:\"188\";i:6;s:3:\"189\";i:7;s:3:\"190\";i:8;s:3:\"192\";i:9;s:3:\"193\";i:10;s:3:\"194\";}', 1, 14, NULL, NULL, NULL, 1, 1, 1, 0, 0, 0, 0, 0, NULL, NULL, NULL, NULL, NULL, NULL, '1', NULL, NULL, '2024-02-13 17:01:02', '2024-02-13 17:01:02', NULL, NULL, NULL, NULL),
(14, 'a:2:{s:2:\"en\";i:991;s:2:\"ar\";i:992;}', 6, '2', 'a:3:{i:0;s:3:\"191\";i:1;s:3:\"195\";i:2;s:3:\"196\";}', 1, 16, NULL, NULL, NULL, 1, 0, 0, 1, 1, 1, 0, 0, NULL, NULL, NULL, NULL, NULL, 2, '24', NULL, NULL, '2024-02-13 17:02:56', '2024-02-13 17:02:56', 3, NULL, NULL, NULL),
(15, 'a:2:{s:2:\"en\";i:993;s:2:\"ar\";i:994;}', 6, '3', 'N;', 1, 14, NULL, NULL, NULL, 0, 0, 0, 0, 0, 0, 1, 1, NULL, NULL, NULL, NULL, NULL, 3, '0', NULL, NULL, '2024-02-13 17:03:46', '2024-02-13 17:03:46', 3, NULL, NULL, NULL),
(16, 'a:2:{s:2:\"en\";i:1029;s:2:\"ar\";i:1030;}', 5, '2', 'N;', 1, 11, '4', 9, '5', 1, 0, 0, 0, 1, 0, 0, 0, NULL, NULL, NULL, NULL, NULL, 2, NULL, NULL, NULL, '2024-03-31 16:16:19', '2024-03-31 16:16:19', 1, NULL, NULL, NULL),
(17, 'a:2:{s:2:\"en\";i:1031;s:2:\"ar\";i:1032;}', 5, '3', 'N;', 1, 7, NULL, 16, NULL, 1, 0, 0, 0, 0, 0, 0, 0, NULL, NULL, NULL, NULL, NULL, 2, NULL, NULL, NULL, '2024-03-31 17:07:30', '2024-03-31 17:07:30', 1, NULL, NULL, NULL),
(18, 'a:2:{s:2:\"en\";i:1039;s:2:\"ar\";i:1040;}', 7, '1', 'N;', 1, 14, NULL, NULL, NULL, 0, 0, 0, 0, 0, 0, 0, 0, NULL, NULL, NULL, NULL, NULL, 3, NULL, NULL, NULL, '2024-04-01 17:47:22', '2024-04-01 17:47:22', 3, NULL, NULL, NULL);

-- --------------------------------------------------------

--
-- Table structure for table `tasks`
--

CREATE TABLE `tasks` (
  `id` bigint(20) UNSIGNED NOT NULL,
  `module` varchar(255) DEFAULT NULL,
  `row_id` int(11) DEFAULT NULL,
  `step_id` varchar(255) DEFAULT NULL,
  `sender_id` varchar(255) DEFAULT NULL,
  `reciever_id` varchar(255) DEFAULT NULL,
  `task_at` timestamp NULL DEFAULT NULL,
  `action` varchar(255) DEFAULT NULL,
  `status` varchar(255) DEFAULT NULL,
  `created_at` timestamp NULL DEFAULT NULL,
  `updated_at` timestamp NULL DEFAULT NULL
) ENGINE=InnoDB DEFAULT CHARSET=utf8mb4 COLLATE=utf8mb4_unicode_ci;

--
-- Dumping data for table `tasks`
--

INSERT INTO `tasks` (`id`, `module`, `row_id`, `step_id`, `sender_id`, `reciever_id`, `task_at`, `action`, `status`, `created_at`, `updated_at`) VALUES
(5, 'outgooing', 116, '4', '1', '2', '2024-05-06 09:28:56', '-4', '1', '2024-05-06 09:27:56', '2024-05-06 09:29:01'),
(6, 'outgooing', 116, '4', '1', '5', '2024-05-06 09:28:56', '-4', '1', '2024-05-06 09:27:56', '2024-05-06 09:29:01'),
(7, 'outgooing', 117, '4', '1', '2', '2024-05-06 09:36:01', '-4', '1', '2024-05-06 09:35:01', '2024-05-06 09:36:02'),
(8, 'outgooing', 117, '4', '1', '5', '2024-05-06 09:36:01', '-4', '1', '2024-05-06 09:35:01', '2024-05-06 09:36:02'),
(9, 'outgooing', 118, '4', '1', '2', '2024-05-06 16:24:12', '-2', '1', '2024-05-06 16:23:12', '2024-05-06 16:26:01'),
(10, 'outgooing', 118, '4', '1', '5', '2024-05-06 16:24:12', '-2', '1', '2024-05-06 16:23:12', '2024-05-06 16:26:01');

-- --------------------------------------------------------

--
-- Table structure for table `templates`
--

CREATE TABLE `templates` (
  `id` bigint(20) UNSIGNED NOT NULL,
  `name` varchar(255) NOT NULL,
  `transactions_types_id` varchar(255) NOT NULL,
  `code` varchar(255) DEFAULT NULL,
  `attachements_count` varchar(255) DEFAULT NULL,
  `attachements_required` int(11) DEFAULT NULL,
  `sign` varchar(255) DEFAULT NULL,
  `status` int(11) NOT NULL,
  `created_at` timestamp NULL DEFAULT NULL,
  `updated_at` timestamp NULL DEFAULT NULL
) ENGINE=InnoDB DEFAULT CHARSET=utf8mb4 COLLATE=utf8mb4_unicode_ci;

--
-- Dumping data for table `templates`
--

INSERT INTO `templates` (`id`, `name`, `transactions_types_id`, `code`, `attachements_count`, `attachements_required`, `sign`, `status`, `created_at`, `updated_at`) VALUES
(1, 'a:2:{s:2:\"en\";i:883;s:2:\"ar\";i:884;}', '3', 'V', '1', 0, '1', 1, '2023-12-06 06:41:23', '2024-01-24 14:29:09'),
(3, 'a:2:{s:2:\"en\";i:905;s:2:\"ar\";i:906;}', '4', 'IN', NULL, NULL, NULL, 1, '2024-01-01 09:47:16', '2024-01-27 13:56:27'),
(6, 'a:2:{s:2:\"en\";i:907;s:2:\"ar\";i:908;}', '5', 'OUT', NULL, NULL, NULL, 1, '2024-01-27 13:57:27', '2024-01-27 13:57:27'),
(8, 'a:2:{s:2:\"en\";i:951;s:2:\"ar\";i:952;}', '3', 'T', NULL, NULL, NULL, 1, '2024-02-08 09:49:41', '2024-02-08 10:50:24'),
(9, 'a:2:{s:2:\"en\";i:987;s:2:\"ar\";i:988;}', '7', 'Ar', NULL, NULL, NULL, 1, '2024-02-13 16:01:03', '2024-02-13 16:01:03');

-- --------------------------------------------------------

--
-- Table structure for table `transactions_categories`
--

CREATE TABLE `transactions_categories` (
  `id` bigint(20) UNSIGNED NOT NULL,
  `name` varchar(255) NOT NULL,
  `status` int(11) NOT NULL,
  `created_at` timestamp NULL DEFAULT NULL,
  `updated_at` timestamp NULL DEFAULT NULL
) ENGINE=InnoDB DEFAULT CHARSET=utf8mb4 COLLATE=utf8mb4_unicode_ci;

--
-- Dumping data for table `transactions_categories`
--

INSERT INTO `transactions_categories` (`id`, `name`, `status`, `created_at`, `updated_at`) VALUES
(2, 'a:2:{s:2:\"en\";i:713;s:2:\"ar\";i:714;}', 1, '2023-12-05 14:20:15', '2023-12-31 13:28:37'),
(3, 'a:2:{s:2:\"en\";i:715;s:2:\"ar\";i:716;}', 1, '2023-12-05 14:20:33', '2023-12-31 13:29:14'),
(4, 'a:2:{s:2:\"en\";i:87;s:2:\"ar\";i:88;}', 1, '2023-12-05 14:20:56', '2023-12-05 14:20:56');

-- --------------------------------------------------------

--
-- Table structure for table `transactions_logs`
--

CREATE TABLE `transactions_logs` (
  `id` bigint(20) UNSIGNED NOT NULL,
  `outgoings_id` int(11) NOT NULL,
  `sender_id` varchar(255) DEFAULT NULL,
  `reciever_id` varchar(255) DEFAULT NULL,
  `action` varchar(255) DEFAULT NULL,
  `created_at` timestamp NULL DEFAULT NULL,
  `updated_at` timestamp NULL DEFAULT NULL,
  `steps_id` int(11) DEFAULT NULL
) ENGINE=InnoDB DEFAULT CHARSET=utf8mb4 COLLATE=utf8mb4_unicode_ci;

--
-- Dumping data for table `transactions_logs`
--

INSERT INTO `transactions_logs` (`id`, `outgoings_id`, `sender_id`, `reciever_id`, `action`, `created_at`, `updated_at`, `steps_id`) VALUES
(59, 44, '1', '', 'create', '2024-01-24 15:51:53', '2024-01-24 15:51:53', 1),
(61, 46, '1', '', 'create', '2024-01-24 15:57:54', '2024-01-24 15:57:54', 1),
(66, 51, '1', '', 'create', '2024-01-24 16:05:18', '2024-01-24 16:05:18', 1),
(67, 44, '1', '2', 'send', '2024-01-24 16:21:53', '2024-01-24 16:21:53', 4),
(68, 52, '1', '2', 'storesend', '2024-01-24 16:28:20', '2024-01-24 16:28:20', 4),
(69, 54, '1', '0', 'storesend', '2024-01-25 03:53:55', '2024-01-25 03:53:55', 8),
(70, 54, '1', '0', 'updatearchive', '2024-01-25 04:05:04', '2024-01-25 04:05:04', 8),
(71, 55, '1', '2', 'storesend', '2024-01-25 09:42:15', '2024-01-25 09:42:15', 4),
(72, 56, '1', '2', 'storesend', '2024-01-25 09:43:04', '2024-01-25 09:43:04', 4),
(73, 57, '1', '2', 'storesend', '2024-01-25 09:43:51', '2024-01-25 09:43:51', 4),
(74, 58, '1', '', 'create', '2024-01-25 09:44:37', '2024-01-25 09:44:37', 1),
(75, 59, '1', '2', 'storesend', '2024-01-25 09:48:06', '2024-01-25 09:48:06', 4),
(76, 60, '2', '2', 'storesend', '2024-01-25 14:02:31', '2024-01-25 14:02:31', 4),
(77, 61, '2', '2', 'storesend', '2024-01-25 14:15:15', '2024-01-25 14:15:15', 4),
(78, 62, '1', '0', 'storesend', '2024-01-25 14:16:11', '2024-01-25 14:16:11', 8),
(79, 63, '1', '2', 'storesend', '2024-01-25 14:16:33', '2024-01-25 14:16:33', 4),
(80, 64, '1', '', 'create', '2024-01-27 13:21:45', '2024-01-27 13:21:45', 8),
(81, 65, '1', '1', 'storesend', '2024-01-27 14:22:38', '2024-01-27 14:22:38', 11),
(82, 66, '1', '2', 'storesend', '2024-01-28 15:50:56', '2024-01-28 15:50:56', 4),
(83, 65, '1', '1', 'updatearchive', '2024-01-28 16:03:34', '2024-01-28 16:03:34', 11),
(84, 67, '1', '2', 'storesend', '2024-01-28 16:08:38', '2024-01-28 16:08:38', 4),
(85, 68, '1', '2', 'storesend', '2024-01-28 16:09:30', '2024-01-28 16:09:30', 4),
(86, 69, '1', '2', 'storesend', '2024-01-28 16:11:43', '2024-01-28 16:11:43', 4),
(87, 69, '2', '5', 'updatesend', '2024-01-28 16:12:45', '2024-01-28 16:12:45', 6),
(88, 69, '5', '1', 'updatesend', '2024-01-30 16:26:06', '2024-01-30 16:26:06', 7),
(89, 44, '2', '5', 'updatesend', '2024-01-30 16:50:01', '2024-01-30 16:50:01', 6),
(90, 44, '5', '1', 'updatesend', '2024-01-30 16:50:50', '2024-01-30 16:50:50', 7),
(91, 70, '1', '1', 'storesend', '2024-01-30 16:59:03', '2024-01-30 16:59:03', 9),
(92, 71, '1', '1', 'storesend', '2024-01-30 17:01:48', '2024-01-30 17:01:48', 11),
(93, 72, '1', '1', 'storesend', '2024-02-01 15:53:35', '2024-02-01 15:53:35', 9),
(94, 44, '1', '', 'Deliver', '2024-02-03 09:41:35', '2024-02-03 09:41:35', 7),
(95, 73, '1', '', 'create', '2024-02-05 13:11:47', '2024-02-05 13:11:47', 8),
(96, 76, '1', '2', 'storesend', '2024-02-08 08:43:15', '2024-02-08 08:43:15', 4),
(97, 77, '1', '1', 'storesend', '2024-02-08 10:51:45', '2024-02-08 10:51:45', 12),
(98, 78, '1', '1', 'storesend', '2024-02-08 11:06:42', '2024-02-08 11:06:42', 12),
(99, 79, '1', '1', 'storesend', '2024-02-08 15:27:55', '2024-02-08 15:27:55', 12),
(100, 80, '1', '', 'create', '2024-02-08 15:31:11', '2024-02-08 15:31:11', 12),
(101, 81, '1', '', 'create', '2024-02-08 15:33:51', '2024-02-08 15:33:51', 12),
(102, 82, '1', '', 'create', '2024-02-08 15:48:38', '2024-02-08 15:48:38', 12),
(103, 83, '1', '', 'create', '2024-02-13 07:46:42', '2024-02-13 07:46:42', 1),
(104, 83, '1', '2', 'updatesend', '2024-02-13 08:10:49', '2024-02-13 08:10:49', 4),
(105, 84, '1', '', 'create', '2024-02-13 17:06:08', '2024-02-13 17:06:08', 13),
(106, 86, '1', '', 'create', '2024-02-14 09:11:29', '2024-02-14 09:11:29', 13),
(107, 87, '1', '', 'create', '2024-02-14 09:20:26', '2024-02-14 09:20:26', 13),
(108, 88, '1', '', 'create', '2024-02-14 09:32:24', '2024-02-14 09:32:24', 13),
(109, 89, '1', '2', 'storesend', '2024-02-14 10:11:00', '2024-02-14 10:11:00', 14),
(110, 90, '1', '', 'create', '2024-02-14 15:24:17', '2024-02-14 15:24:17', 8),
(111, 91, '1', '1', 'storesend', '2024-02-14 15:26:43', '2024-02-14 15:26:43', 11),
(112, 92, '1', '', 'create', '2024-02-14 15:45:51', '2024-02-14 15:45:51', 13),
(113, 93, '1', '', 'create', '2024-02-14 16:01:38', '2024-02-14 16:01:38', 13),
(114, 94, '1', '', 'create', '2024-02-15 03:59:09', '2024-02-15 03:59:09', 13),
(115, 95, '1', '', 'create', '2024-02-17 10:23:31', '2024-02-17 10:23:31', 13),
(116, 58, '1', '2', 'send', '2024-02-24 04:27:00', '2024-02-24 04:27:00', 4),
(117, 96, '1', '1', 'storesend', '2024-03-23 16:48:01', '2024-03-23 16:48:01', 12),
(118, 99, '1', '2', 'storesend', '2024-04-01 16:41:19', '2024-04-01 16:41:19', 4),
(119, 100, '1', '2', 'storesend', '2024-04-02 17:44:05', '2024-04-02 17:44:05', 4),
(120, 100, '2', '1', 'updateback', '2024-04-02 18:03:57', '2024-04-02 18:03:57', 1),
(121, 105, '1', '1', 'storesend', '2024-04-03 16:36:07', '2024-04-03 16:36:07', 4),
(122, 105, '1', '2', 'storesend', '2024-04-03 16:36:07', '2024-04-03 16:36:07', 4),
(123, 105, '1', '5', 'storesend', '2024-04-03 16:36:08', '2024-04-03 16:36:08', 4),
(124, 105, '1', '6', 'storesend', '2024-04-03 16:36:08', '2024-04-03 16:36:08', 4),
(125, 105, '1', '12', 'storesend', '2024-04-03 16:36:08', '2024-04-03 16:36:08', 4),
(126, 105, '5', '1', 'updatesend', '2024-04-03 16:41:14', '2024-04-03 16:41:14', 4),
(127, 105, '5', '2', 'updatesend', '2024-04-03 16:41:14', '2024-04-03 16:41:14', 4),
(128, 105, '5', '5', 'updatesend', '2024-04-03 16:41:14', '2024-04-03 16:41:14', 4),
(129, 105, '5', '6', 'updatesend', '2024-04-03 16:41:14', '2024-04-03 16:41:14', 4),
(130, 105, '5', '12', 'updatesend', '2024-04-03 16:41:14', '2024-04-03 16:41:14', 4),
(131, 105, '5', '1', 'updatesend', '2024-04-03 16:43:03', '2024-04-03 16:43:03', 4),
(132, 105, '5', '2', 'updatesend', '2024-04-03 16:43:03', '2024-04-03 16:43:03', 4),
(133, 105, '5', '5', 'updatesend', '2024-04-03 16:43:03', '2024-04-03 16:43:03', 4),
(134, 105, '5', '6', 'updatesend', '2024-04-03 16:43:03', '2024-04-03 16:43:03', 4),
(135, 105, '5', '12', 'updatesend', '2024-04-03 16:43:04', '2024-04-03 16:43:04', 4),
(136, 105, '5', '1', 'updatesend', '2024-04-03 16:51:32', '2024-04-03 16:51:32', 4),
(137, 105, '5', '2', 'updatesend', '2024-04-03 16:51:32', '2024-04-03 16:51:32', 4),
(138, 105, '5', '5', 'updatesend', '2024-04-03 16:51:32', '2024-04-03 16:51:32', 4),
(139, 105, '5', '6', 'updatesend', '2024-04-03 16:51:32', '2024-04-03 16:51:32', 4),
(140, 105, '5', '12', 'updatesend', '2024-04-03 16:51:32', '2024-04-03 16:51:32', 4),
(141, 105, '5', '1', 'updatesend', '2024-04-03 16:52:19', '2024-04-03 16:52:19', 4),
(142, 105, '5', '2', 'updatesend', '2024-04-03 16:52:19', '2024-04-03 16:52:19', 4),
(143, 105, '5', '5', 'updatesend', '2024-04-03 16:52:19', '2024-04-03 16:52:19', 4),
(144, 105, '5', '6', 'updatesend', '2024-04-03 16:52:19', '2024-04-03 16:52:19', 4),
(145, 105, '5', '12', 'updatesend', '2024-04-03 16:52:19', '2024-04-03 16:52:19', 4),
(146, 105, '5', '1', 'updatesend', '2024-04-03 16:54:30', '2024-04-03 16:54:30', 4),
(147, 105, '5', '2', 'updatesend', '2024-04-03 16:54:31', '2024-04-03 16:54:31', 4),
(148, 105, '5', '5', 'updatesend', '2024-04-03 16:54:31', '2024-04-03 16:54:31', 4),
(149, 105, '5', '6', 'updatesend', '2024-04-03 16:54:31', '2024-04-03 16:54:31', 4),
(150, 105, '5', '12', 'updatesend', '2024-04-03 16:54:31', '2024-04-03 16:54:31', 4),
(151, 105, '2', '1', 'updatesend', '2024-04-03 16:56:27', '2024-04-03 16:56:27', 7),
(152, 106, '1', '1', 'storesend', '2024-04-03 17:06:50', '2024-04-03 17:06:50', 4),
(153, 106, '1', '2', 'storesend', '2024-04-03 17:06:50', '2024-04-03 17:06:50', 4),
(154, 106, '1', '5', 'storesend', '2024-04-03 17:06:50', '2024-04-03 17:06:50', 4),
(155, 106, '1', '6', 'storesend', '2024-04-03 17:06:50', '2024-04-03 17:06:50', 4),
(156, 106, '1', '12', 'storesend', '2024-04-03 17:06:50', '2024-04-03 17:06:50', 4),
(157, 106, '2', '1', 'updatesend', '2024-04-03 17:08:15', '2024-04-03 17:08:15', 4),
(158, 106, '2', '2', 'updatesend', '2024-04-03 17:08:15', '2024-04-03 17:08:15', 4),
(159, 106, '2', '5', 'updatesend', '2024-04-03 17:08:15', '2024-04-03 17:08:15', 4),
(160, 106, '2', '6', 'updatesend', '2024-04-03 17:08:15', '2024-04-03 17:08:15', 4),
(161, 106, '2', '12', 'updatesend', '2024-04-03 17:08:15', '2024-04-03 17:08:15', 4),
(162, 108, '1', '1', 'storesend', '2024-04-03 17:14:49', '2024-04-03 17:14:49', 4),
(163, 108, '1', '2', 'storesend', '2024-04-03 17:14:49', '2024-04-03 17:14:49', 4),
(164, 108, '1', '5', 'storesend', '2024-04-03 17:14:49', '2024-04-03 17:14:49', 4),
(165, 108, '1', '6', 'storesend', '2024-04-03 17:14:49', '2024-04-03 17:14:49', 4),
(166, 108, '1', '12', 'storesend', '2024-04-03 17:14:49', '2024-04-03 17:14:49', 4),
(167, 108, '2', '1', 'updatesend', '2024-04-03 17:15:34', '2024-04-03 17:15:34', 4),
(168, 108, '2', '2', 'updatesend', '2024-04-03 17:15:34', '2024-04-03 17:15:34', 4),
(169, 108, '2', '5', 'updatesend', '2024-04-03 17:15:34', '2024-04-03 17:15:34', 4),
(170, 108, '2', '6', 'updatesend', '2024-04-03 17:15:34', '2024-04-03 17:15:34', 4),
(171, 108, '2', '12', 'updatesend', '2024-04-03 17:15:34', '2024-04-03 17:15:34', 4),
(172, 109, '1', '1', 'storesend', '2024-04-03 18:01:44', '2024-04-03 18:01:44', 4),
(173, 109, '1', '2', 'storesend', '2024-04-03 18:01:45', '2024-04-03 18:01:45', 4),
(174, 109, '1', '5', 'storesend', '2024-04-03 18:01:45', '2024-04-03 18:01:45', 4),
(175, 109, '1', '6', 'storesend', '2024-04-03 18:01:45', '2024-04-03 18:01:45', 4),
(176, 109, '1', '12', 'storesend', '2024-04-03 18:01:45', '2024-04-03 18:01:45', 4),
(177, 109, '2', '1', 'updatesend', '2024-04-03 18:02:24', '2024-04-03 18:02:24', 4),
(178, 109, '2', '2', 'updatesend', '2024-04-03 18:02:24', '2024-04-03 18:02:24', 4),
(179, 109, '2', '5', 'updatesend', '2024-04-03 18:02:24', '2024-04-03 18:02:24', 4),
(180, 109, '2', '6', 'updatesend', '2024-04-03 18:02:25', '2024-04-03 18:02:25', 4),
(181, 109, '2', '12', 'updatesend', '2024-04-03 18:02:25', '2024-04-03 18:02:25', 4),
(182, 110, '1', '2', 'storesend', '2024-05-05 03:52:07', '2024-05-05 03:52:07', 4),
(183, 110, '1', '5', 'storesend', '2024-05-05 03:52:08', '2024-05-05 03:52:08', 4),
(184, 110, '5', '1', 'updatesend', '2024-05-05 05:13:40', '2024-05-05 05:13:40', 7),
(185, 111, '1', '', 'create', '2024-05-05 14:42:28', '2024-05-05 14:42:28', 1),
(186, 112, '1', '2', 'storesend', '2024-05-06 08:03:51', '2024-05-06 08:03:51', 4),
(187, 112, '1', '5', 'storesend', '2024-05-06 08:03:51', '2024-05-06 08:03:51', 4),
(188, 113, '1', '2', 'storesend', '2024-05-06 08:12:01', '2024-05-06 08:12:01', 4),
(189, 114, '1', '2', 'storesend', '2024-05-06 08:13:31', '2024-05-06 08:13:31', 4),
(190, 114, '1', '5', 'storesend', '2024-05-06 08:13:31', '2024-05-06 08:13:31', 4),
(191, 115, '1', '2', 'storesend', '2024-05-06 09:26:35', '2024-05-06 09:26:35', 4),
(192, 115, '1', '5', 'storesend', '2024-05-06 09:26:35', '2024-05-06 09:26:35', 4),
(193, 116, '1', '2', 'storesend', '2024-05-06 09:27:56', '2024-05-06 09:27:56', 4),
(194, 116, '1', '5', 'storesend', '2024-05-06 09:27:56', '2024-05-06 09:27:56', 4),
(195, 117, '1', '2', 'storesend', '2024-05-06 09:35:01', '2024-05-06 09:35:01', 4),
(196, 117, '1', '5', 'storesend', '2024-05-06 09:35:01', '2024-05-06 09:35:01', 4),
(197, 118, '1', '2', 'storesend', '2024-05-06 16:23:12', '2024-05-06 16:23:12', 4),
(198, 118, '1', '5', 'storesend', '2024-05-06 16:23:12', '2024-05-06 16:23:12', 4);

-- --------------------------------------------------------

--
-- Table structure for table `transactions_permissions`
--

CREATE TABLE `transactions_permissions` (
  `id` bigint(20) UNSIGNED NOT NULL,
  `name` varchar(255) NOT NULL,
  `type` varchar(255) DEFAULT NULL,
  `status` int(11) NOT NULL,
  `created_at` timestamp NULL DEFAULT NULL,
  `updated_at` timestamp NULL DEFAULT NULL
) ENGINE=InnoDB DEFAULT CHARSET=utf8mb4 COLLATE=utf8mb4_unicode_ci;

--
-- Dumping data for table `transactions_permissions`
--

INSERT INTO `transactions_permissions` (`id`, `name`, `type`, `status`, `created_at`, `updated_at`) VALUES
(7, 'a:2:{s:2:\"en\";i:1011;s:2:\"ar\";i:1012;}', 'basic', 1, '2023-12-05 14:26:04', '2024-03-31 12:36:16'),
(8, 'a:2:{s:2:\"en\";i:1009;s:2:\"ar\";i:1010;}', 'place', 1, '2023-12-05 14:26:39', '2024-03-31 12:35:28'),
(9, 'a:2:{s:2:\"en\";i:1007;s:2:\"ar\";i:1008;}', 'place', 1, '2023-12-05 14:27:08', '2024-03-31 12:35:07'),
(10, 'a:2:{s:2:\"en\";i:1027;s:2:\"ar\";i:1028;}', 'place', 1, '2023-12-05 14:27:44', '2024-03-31 12:44:13'),
(11, 'a:2:{s:2:\"en\";i:1025;s:2:\"ar\";i:1026;}', 'basic', 1, '2023-12-05 14:28:14', '2024-03-31 12:43:59'),
(12, 'a:2:{s:2:\"en\";i:1005;s:2:\"ar\";i:1006;}', 'basic', 1, '2023-12-05 14:29:12', '2024-03-31 12:33:39'),
(13, 'a:2:{s:2:\"en\";i:1023;s:2:\"ar\";i:1024;}', 'place', 1, '2023-12-15 15:53:39', '2024-03-31 12:43:08'),
(14, 'a:2:{s:2:\"en\";i:1021;s:2:\"ar\";i:1022;}', 'basic', 1, '2023-12-15 15:58:32', '2024-03-31 12:42:09'),
(15, 'a:2:{s:2:\"en\";i:1019;s:2:\"ar\";i:1020;}', 'place', 1, '2023-12-24 03:37:45', '2024-03-31 12:41:44'),
(16, 'a:2:{s:2:\"en\";i:1017;s:2:\"ar\";i:1018;}', 'place', 1, '2023-12-24 03:48:18', '2024-03-31 12:41:09'),
(17, 'a:2:{s:2:\"en\";i:1015;s:2:\"ar\";i:1016;}', 'sharing', 1, '2024-03-05 13:55:12', '2024-03-31 12:39:36'),
(18, 'a:2:{s:2:\"en\";i:1013;s:2:\"ar\";i:1014;}', 'place', 1, '2024-03-31 12:37:25', '2024-03-31 12:37:25');

-- --------------------------------------------------------

--
-- Table structure for table `transactions_types`
--

CREATE TABLE `transactions_types` (
  `id` bigint(20) UNSIGNED NOT NULL,
  `name` varchar(255) NOT NULL,
  `transactions_permissions_id` varchar(255) NOT NULL,
  `transactions_categories_id` varchar(255) NOT NULL,
  `permissions` varchar(255) DEFAULT NULL,
  `status` varchar(50) NOT NULL,
  `created_at` timestamp NULL DEFAULT NULL,
  `updated_at` timestamp NULL DEFAULT NULL
) ENGINE=InnoDB DEFAULT CHARSET=utf8mb4 COLLATE=utf8mb4_unicode_ci;

--
-- Dumping data for table `transactions_types`
--

INSERT INTO `transactions_types` (`id`, `name`, `transactions_permissions_id`, `transactions_categories_id`, `permissions`, `status`, `created_at`, `updated_at`) VALUES
(3, 'a:2:{s:2:\"en\";i:341;s:2:\"ar\";i:342;}', '7', '4', NULL, '1', '2023-12-06 06:36:22', '2023-12-19 10:28:00'),
(4, 'a:2:{s:2:\"en\";i:697;s:2:\"ar\";i:698;}', '7', '3', NULL, '1', '2023-12-18 15:11:48', '2023-12-29 09:52:03'),
(5, 'a:2:{s:2:\"en\";i:699;s:2:\"ar\";i:700;}', '7', '2', NULL, '1', '2023-12-29 09:52:22', '2023-12-29 09:52:22'),
(7, 'a:2:{s:2:\"en\";i:985;s:2:\"ar\";i:986;}', '7', '4', NULL, '1', '2024-02-13 16:00:33', '2024-02-13 16:00:33');

-- --------------------------------------------------------

--
-- Table structure for table `urgencies`
--

CREATE TABLE `urgencies` (
  `id` bigint(20) UNSIGNED NOT NULL,
  `name` varchar(255) NOT NULL,
  `status` int(11) NOT NULL,
  `created_at` timestamp NULL DEFAULT NULL,
  `updated_at` timestamp NULL DEFAULT NULL
) ENGINE=InnoDB DEFAULT CHARSET=utf8mb4 COLLATE=utf8mb4_unicode_ci;

--
-- Dumping data for table `urgencies`
--

INSERT INTO `urgencies` (`id`, `name`, `status`, `created_at`, `updated_at`) VALUES
(2, 'a:2:{s:2:\"en\";i:109;s:2:\"ar\";i:110;}', 1, '2023-12-05 14:44:21', '2023-12-05 14:44:21');

-- --------------------------------------------------------

--
-- Table structure for table `user_levels`
--

CREATE TABLE `user_levels` (
  `id` bigint(20) UNSIGNED NOT NULL,
  `name` varchar(255) NOT NULL,
  `status` int(11) NOT NULL,
  `created_at` timestamp NULL DEFAULT NULL,
  `updated_at` timestamp NULL DEFAULT NULL
) ENGINE=InnoDB DEFAULT CHARSET=utf8mb4 COLLATE=utf8mb4_unicode_ci;

--
-- Dumping data for table `user_levels`
--

INSERT INTO `user_levels` (`id`, `name`, `status`, `created_at`, `updated_at`) VALUES
(1, 'a:2:{s:2:\"en\";i:169;s:2:\"ar\";i:170;}', 1, '2023-12-15 06:06:48', '2023-12-15 06:06:48'),
(3, 'a:2:{s:2:\"en\";i:171;s:2:\"ar\";i:172;}', 1, '2023-12-15 06:07:51', '2023-12-15 06:07:51'),
(4, 'a:2:{s:2:\"en\";i:173;s:2:\"ar\";i:174;}', 1, '2023-12-15 06:08:38', '2023-12-15 06:08:38'),
(5, 'a:2:{s:2:\"en\";i:175;s:2:\"ar\";i:176;}', 1, '2023-12-15 06:09:11', '2023-12-15 06:09:11'),
(6, 'a:2:{s:2:\"en\";i:703;s:2:\"ar\";i:704;}', 1, '2023-12-30 15:00:22', '2023-12-30 15:00:22');

-- --------------------------------------------------------

--
-- Table structure for table `user_privileges`
--

CREATE TABLE `user_privileges` (
  `id` bigint(20) UNSIGNED NOT NULL,
  `module` varchar(255) NOT NULL,
  `user_levels_id` int(11) DEFAULT NULL,
  `view` int(11) DEFAULT NULL,
  `add` int(11) DEFAULT NULL,
  `edit` int(11) DEFAULT NULL,
  `delete` int(11) DEFAULT NULL,
  `created_at` timestamp NULL DEFAULT NULL,
  `updated_at` timestamp NULL DEFAULT NULL
) ENGINE=InnoDB DEFAULT CHARSET=utf8mb4 COLLATE=utf8mb4_unicode_ci;

--
-- Dumping data for table `user_privileges`
--

INSERT INTO `user_privileges` (`id`, `module`, `user_levels_id`, `view`, `add`, `edit`, `delete`, `created_at`, `updated_at`) VALUES
(1, 'home', 1, 1, 0, 0, 0, '2024-03-27 15:55:19', '2024-03-27 15:55:19'),
(2, 'home', 3, 1, 0, 0, 0, '2024-03-27 15:55:19', '2024-03-27 15:55:19'),
(3, 'home', 4, 1, 0, 0, 0, '2024-03-27 15:55:19', '2024-03-27 15:55:19'),
(4, 'home', 5, 1, 0, 0, 0, '2024-03-27 15:55:19', '2024-03-27 15:55:19'),
(5, 'home', 6, 1, 0, 0, 0, '2024-03-27 15:55:19', '2024-03-27 15:55:19'),
(6, 'oldsystemmenu', 1, 1, 0, 0, 0, '2024-03-27 15:55:19', '2024-03-27 15:55:19'),
(7, 'oldsystemmenu', 3, 1, 0, 0, 0, '2024-03-27 15:55:19', '2024-03-27 15:55:19'),
(8, 'oldsystemmenu', 4, 1, 0, 0, 0, '2024-03-27 15:55:19', '2024-03-27 15:55:19'),
(9, 'oldsystemmenu', 5, 1, 0, 0, 0, '2024-03-27 15:55:19', '2024-03-27 15:55:19'),
(10, 'oldsystemmenu', 6, 1, 0, 0, 0, '2024-03-27 15:55:20', '2024-03-27 15:55:20'),
(11, 'oldenquiryoutcome', 1, 1, 0, 0, 0, '2024-03-27 15:55:20', '2024-03-27 15:55:20'),
(12, 'oldenquiryoutcome', 3, 1, 0, 0, 0, '2024-03-27 15:55:20', '2024-03-27 15:55:20'),
(13, 'oldenquiryoutcome', 4, 1, 0, 0, 0, '2024-03-27 15:55:20', '2024-03-27 15:55:20'),
(14, 'oldenquiryoutcome', 5, 1, 0, 0, 0, '2024-03-27 15:55:20', '2024-03-27 15:55:20'),
(15, 'oldenquiryoutcome', 6, 1, 0, 0, 0, '2024-03-27 15:55:20', '2024-03-27 15:55:20'),
(16, 'oldenquiryincome', 1, 1, 0, 0, 0, '2024-03-27 15:55:20', '2024-03-27 15:55:20'),
(17, 'oldenquiryincome', 3, 1, 0, 0, 0, '2024-03-27 15:55:20', '2024-03-27 15:55:20'),
(18, 'oldenquiryincome', 4, 1, 0, 0, 0, '2024-03-27 15:55:20', '2024-03-27 15:55:20'),
(19, 'oldenquiryincome', 5, 1, 0, 0, 0, '2024-03-27 15:55:20', '2024-03-27 15:55:20'),
(20, 'oldenquiryincome', 6, 1, 0, 0, 0, '2024-03-27 15:55:20', '2024-03-27 15:55:20'),
(21, 'oldenquiryinner', 1, 1, 0, 0, 0, '2024-03-27 15:55:20', '2024-03-27 15:55:20'),
(22, 'oldenquiryinner', 3, 1, 0, 0, 0, '2024-03-27 15:55:20', '2024-03-27 15:55:20'),
(23, 'oldenquiryinner', 4, 1, 0, 0, 0, '2024-03-27 15:55:20', '2024-03-27 15:55:20'),
(24, 'oldenquiryinner', 5, 1, 0, 0, 0, '2024-03-27 15:55:20', '2024-03-27 15:55:20'),
(25, 'oldenquiryinner', 6, 1, 0, 0, 0, '2024-03-27 15:55:21', '2024-03-27 15:55:21'),
(26, 'inbox', 1, 1, 0, 1, 0, '2024-03-27 15:55:21', '2024-03-27 15:55:21'),
(27, 'inbox', 3, 1, 0, 1, 0, '2024-03-27 15:55:21', '2024-03-27 15:55:21'),
(28, 'inbox', 4, 1, 0, 1, 0, '2024-03-27 15:55:21', '2024-03-27 15:55:21'),
(29, 'inbox', 5, 1, 0, 1, 0, '2024-03-27 15:55:21', '2024-03-27 15:55:21'),
(30, 'inbox', 6, 1, 0, 1, 0, '2024-03-27 15:55:21', '2024-03-27 15:55:21'),
(31, 'outbox', 1, 1, 0, 1, 0, '2024-03-27 15:55:21', '2024-03-27 15:55:21'),
(32, 'outbox', 3, 1, 0, 1, 0, '2024-03-27 15:55:21', '2024-03-27 15:55:21'),
(33, 'outbox', 4, 1, 0, 1, 0, '2024-03-27 15:55:21', '2024-03-27 15:55:21'),
(34, 'outbox', 5, 1, 0, 1, 0, '2024-03-27 15:55:21', '2024-03-27 15:55:21'),
(35, 'outbox', 6, 1, 0, 1, 0, '2024-03-27 15:55:21', '2024-03-27 15:55:21'),
(36, 'closedtrans', 1, 1, 0, 0, 0, '2024-03-27 15:55:21', '2024-03-27 15:55:21'),
(37, 'closedtrans', 3, 1, 0, 0, 0, '2024-03-27 15:55:21', '2024-03-27 15:55:21'),
(38, 'closedtrans', 4, 1, 0, 0, 0, '2024-03-27 15:55:21', '2024-03-27 15:55:21'),
(39, 'closedtrans', 5, 1, 0, 0, 0, '2024-03-27 15:55:21', '2024-03-27 15:55:21'),
(40, 'closedtrans', 6, 1, 0, 0, 0, '2024-03-27 15:55:21', '2024-03-27 15:55:21'),
(41, 'archived', 1, 1, 0, 0, 0, '2024-03-27 15:55:21', '2024-03-27 15:55:21'),
(42, 'archived', 3, 1, 0, 0, 0, '2024-03-27 15:55:21', '2024-03-27 15:55:21'),
(43, 'archived', 4, 1, 0, 0, 0, '2024-03-27 15:55:22', '2024-03-27 15:55:22'),
(44, 'archived', 5, 1, 0, 0, 0, '2024-03-27 15:55:22', '2024-03-27 15:55:22'),
(45, 'archived', 6, 1, 0, 0, 0, '2024-03-27 15:55:22', '2024-03-27 15:55:22'),
(46, 'myfilesmenu', 1, 1, 0, 0, 0, '2024-03-27 15:55:22', '2024-03-27 15:55:22'),
(47, 'myfilesmenu', 3, 0, 0, 0, 0, '2024-03-27 15:55:22', '2024-03-27 15:55:22'),
(48, 'myfilesmenu', 4, 0, 0, 0, 0, '2024-03-27 15:55:22', '2024-03-27 15:55:22'),
(49, 'myfilesmenu', 5, 0, 0, 0, 0, '2024-03-27 15:55:22', '2024-03-27 15:55:22'),
(50, 'myfilesmenu', 6, 0, 0, 0, 0, '2024-03-27 15:55:22', '2024-03-27 15:55:22'),
(51, 'storages', 1, 1, 0, 0, 0, '2024-03-27 15:55:22', '2024-03-27 15:55:22'),
(52, 'storages', 3, 0, 0, 0, 0, '2024-03-27 15:55:22', '2024-03-27 15:55:22'),
(53, 'storages', 4, 0, 0, 0, 0, '2024-03-27 15:55:22', '2024-03-27 15:55:22'),
(54, 'storages', 5, 0, 0, 0, 0, '2024-03-27 15:55:22', '2024-03-27 15:55:22'),
(55, 'storages', 6, 0, 0, 0, 0, '2024-03-27 15:55:22', '2024-03-27 15:55:22'),
(56, 'myfiles', 1, 1, 0, 0, 0, '2024-03-27 15:55:22', '2024-03-27 15:55:22'),
(57, 'myfiles', 3, 0, 0, 0, 0, '2024-03-27 15:55:22', '2024-03-27 15:55:22'),
(58, 'myfiles', 4, 0, 0, 0, 0, '2024-03-27 15:55:23', '2024-03-27 15:55:23'),
(59, 'myfiles', 5, 0, 0, 0, 0, '2024-03-27 15:55:23', '2024-03-27 15:55:23'),
(60, 'myfiles', 6, 0, 0, 0, 0, '2024-03-27 15:55:23', '2024-03-27 15:55:23'),
(61, 'sharedwithme', 1, 1, 0, 0, 0, '2024-03-27 15:55:23', '2024-03-27 15:55:23'),
(62, 'sharedwithme', 3, 0, 0, 0, 0, '2024-03-27 15:55:23', '2024-03-27 15:55:23'),
(63, 'sharedwithme', 4, 0, 0, 0, 0, '2024-03-27 15:55:23', '2024-03-27 15:55:23'),
(64, 'sharedwithme', 5, 0, 0, 0, 0, '2024-03-27 15:55:23', '2024-03-27 15:55:23'),
(65, 'sharedwithme', 6, 0, 0, 0, 0, '2024-03-27 15:55:23', '2024-03-27 15:55:23'),
(66, 'recycle', 1, 1, 0, 0, 0, '2024-03-27 15:55:23', '2024-03-27 15:55:23'),
(67, 'recycle', 3, 0, 0, 0, 0, '2024-03-27 15:55:23', '2024-03-27 15:55:23'),
(68, 'recycle', 4, 0, 0, 0, 0, '2024-03-27 15:55:23', '2024-03-27 15:55:23'),
(69, 'recycle', 5, 0, 0, 0, 0, '2024-03-27 15:55:23', '2024-03-27 15:55:23'),
(70, 'recycle', 6, 0, 0, 0, 0, '2024-03-27 15:55:23', '2024-03-27 15:55:23'),
(71, 'log', 1, 1, 0, 0, 0, '2024-03-27 15:55:23', '2024-03-27 15:55:23'),
(72, 'log', 3, 0, 0, 0, 0, '2024-03-27 15:55:23', '2024-03-27 15:55:23'),
(73, 'log', 4, 0, 0, 0, 0, '2024-03-27 15:55:23', '2024-03-27 15:55:23'),
(74, 'log', 5, 0, 0, 0, 0, '2024-03-27 15:55:23', '2024-03-27 15:55:23'),
(75, 'log', 6, 0, 0, 0, 0, '2024-03-27 15:55:23', '2024-03-27 15:55:23'),
(76, 'mailbox', 1, 1, 1, 1, 1, '2024-03-27 15:55:23', '2024-03-27 15:55:23'),
(77, 'mailbox', 3, 1, 1, 1, 1, '2024-03-27 15:55:23', '2024-03-27 15:55:23'),
(78, 'mailbox', 4, 1, 1, 1, 1, '2024-03-27 15:55:24', '2024-03-27 15:55:24'),
(79, 'mailbox', 5, 1, 1, 1, 1, '2024-03-27 15:55:24', '2024-03-27 15:55:24'),
(80, 'mailbox', 6, 1, 1, 1, 1, '2024-03-27 15:55:24', '2024-03-27 15:55:24'),
(81, 'usersmenu', 1, 1, 0, 0, 0, '2024-03-27 15:55:24', '2024-03-27 15:55:24'),
(82, 'usersmenu', 3, 1, 0, 0, 0, '2024-03-27 15:55:24', '2024-03-27 15:55:24'),
(83, 'usersmenu', 4, 1, 0, 0, 0, '2024-03-27 15:55:24', '2024-03-27 15:55:24'),
(84, 'usersmenu', 5, 1, 0, 0, 0, '2024-03-27 15:55:24', '2024-03-27 15:55:24'),
(85, 'usersmenu', 6, 1, 0, 0, 0, '2024-03-27 15:55:24', '2024-03-27 15:55:24'),
(86, 'users', 1, 1, 1, 1, 1, '2024-03-27 15:55:24', '2024-03-27 15:55:24'),
(87, 'users', 3, 1, 1, 1, 0, '2024-03-27 15:55:24', '2024-03-27 15:55:24'),
(88, 'users', 4, 1, 1, 1, 0, '2024-03-27 15:55:24', '2024-03-27 15:55:24'),
(89, 'users', 5, 1, 0, 0, 0, '2024-03-27 15:55:24', '2024-03-27 15:55:24'),
(90, 'users', 6, 1, 0, 0, 0, '2024-03-27 15:55:24', '2024-03-27 15:55:24'),
(91, 'user_levels', 1, 1, 1, 1, 1, '2024-03-27 15:55:24', '2024-03-27 15:55:24'),
(92, 'user_levels', 3, 1, 0, 0, 0, '2024-03-27 15:55:24', '2024-03-27 15:55:24'),
(93, 'user_levels', 4, 1, 0, 0, 0, '2024-03-27 15:55:24', '2024-03-27 15:55:24'),
(94, 'user_levels', 5, 1, 0, 0, 0, '2024-03-27 15:55:24', '2024-03-27 15:55:24'),
(95, 'user_levels', 6, 0, 0, 0, 0, '2024-03-27 15:55:24', '2024-03-27 15:55:24'),
(96, 'user_privileges', 1, 1, 0, 0, 0, '2024-03-27 15:55:24', '2024-03-27 15:55:24'),
(97, 'user_privileges', 3, 0, 0, 0, 0, '2024-03-27 15:55:24', '2024-03-27 15:55:24'),
(98, 'user_privileges', 4, 0, 0, 0, 0, '2024-03-27 15:55:24', '2024-03-27 15:55:24'),
(99, 'user_privileges', 5, 0, 0, 0, 0, '2024-03-27 15:55:24', '2024-03-27 15:55:24'),
(100, 'user_privileges', 6, 0, 0, 0, 0, '2024-03-27 15:55:25', '2024-03-27 15:55:25'),
(101, 'company', 1, 1, 0, 0, 0, '2024-03-27 15:55:25', '2024-03-27 15:55:25'),
(102, 'company', 3, 1, 0, 0, 0, '2024-03-27 15:55:25', '2024-03-27 15:55:25'),
(103, 'company', 4, 1, 0, 0, 0, '2024-03-27 15:55:25', '2024-03-27 15:55:25'),
(104, 'company', 5, 1, 0, 0, 0, '2024-03-27 15:55:25', '2024-03-27 15:55:25'),
(105, 'company', 6, 1, 0, 0, 0, '2024-03-27 15:55:25', '2024-03-27 15:55:25'),
(106, 'branches', 1, 1, 1, 1, 1, '2024-03-27 15:55:25', '2024-03-27 15:55:25'),
(107, 'branches', 3, 1, 0, 0, 0, '2024-03-27 15:55:25', '2024-03-27 15:55:25'),
(108, 'branches', 4, 1, 0, 0, 0, '2024-03-27 15:55:25', '2024-03-27 15:55:25'),
(109, 'branches', 5, 1, 0, 0, 0, '2024-03-27 15:55:25', '2024-03-27 15:55:25'),
(110, 'branches', 6, 1, 1, 0, 0, '2024-03-27 15:55:25', '2024-03-27 15:55:25'),
(111, 'managements', 1, 1, 1, 1, 1, '2024-03-27 15:55:25', '2024-03-27 15:55:25'),
(112, 'managements', 3, 1, 0, 0, 0, '2024-03-27 15:55:25', '2024-03-27 15:55:25'),
(113, 'managements', 4, 1, 0, 0, 0, '2024-03-27 15:55:25', '2024-03-27 15:55:25'),
(114, 'managements', 5, 1, 0, 0, 0, '2024-03-27 15:55:25', '2024-03-27 15:55:25'),
(115, 'managements', 6, 1, 1, 0, 0, '2024-03-27 15:55:25', '2024-03-27 15:55:25'),
(116, 'departments', 1, 1, 1, 1, 1, '2024-03-27 15:55:25', '2024-03-27 15:55:25'),
(117, 'departments', 3, 1, 0, 0, 0, '2024-03-27 15:55:25', '2024-03-27 15:55:25'),
(118, 'departments', 4, 1, 0, 0, 0, '2024-03-27 15:55:25', '2024-03-27 15:55:25'),
(119, 'departments', 5, 1, 0, 0, 0, '2024-03-27 15:55:25', '2024-03-27 15:55:25'),
(120, 'departments', 6, 1, 1, 0, 0, '2024-03-27 15:55:25', '2024-03-27 15:55:25'),
(121, 'entitiesmenu', 1, 1, 0, 0, 0, '2024-03-27 15:55:26', '2024-03-27 15:55:26'),
(122, 'entitiesmenu', 3, 1, 0, 0, 0, '2024-03-27 15:55:26', '2024-03-27 15:55:26'),
(123, 'entitiesmenu', 4, 1, 0, 0, 0, '2024-03-27 15:55:26', '2024-03-27 15:55:26'),
(124, 'entitiesmenu', 5, 1, 0, 0, 0, '2024-03-27 15:55:26', '2024-03-27 15:55:26'),
(125, 'entitiesmenu', 6, 1, 0, 0, 0, '2024-03-27 15:55:26', '2024-03-27 15:55:26'),
(126, 'entities_types', 1, 1, 1, 1, 1, '2024-03-27 15:55:26', '2024-03-27 15:55:26'),
(127, 'entities_types', 3, 1, 1, 0, 0, '2024-03-27 15:55:26', '2024-03-27 15:55:26'),
(128, 'entities_types', 4, 1, 1, 0, 0, '2024-03-27 15:55:26', '2024-03-27 15:55:26'),
(129, 'entities_types', 5, 1, 1, 0, 0, '2024-03-27 15:55:26', '2024-03-27 15:55:26'),
(130, 'entities_types', 6, 1, 1, 0, 0, '2024-03-27 15:55:26', '2024-03-27 15:55:26'),
(131, 'entities', 1, 1, 1, 1, 1, '2024-03-27 15:55:26', '2024-03-27 15:55:26'),
(132, 'entities', 3, 1, 1, 1, 0, '2024-03-27 15:55:26', '2024-03-27 15:55:26'),
(133, 'entities', 4, 1, 1, 1, 0, '2024-03-27 15:55:26', '2024-03-27 15:55:26'),
(134, 'entities', 5, 1, 1, 1, 0, '2024-03-27 15:55:26', '2024-03-27 15:55:26'),
(135, 'entities', 6, 1, 1, 1, 0, '2024-03-27 15:55:26', '2024-03-27 15:55:26'),
(136, 'settingsmenu', 1, 1, 0, 0, 0, '2024-03-27 15:55:26', '2024-03-27 15:55:26'),
(137, 'settingsmenu', 3, 1, 0, 0, 0, '2024-03-27 15:55:26', '2024-03-27 15:55:26'),
(138, 'settingsmenu', 4, 1, 0, 0, 0, '2024-03-27 15:55:26', '2024-03-27 15:55:26'),
(139, 'settingsmenu', 5, 1, 0, 0, 0, '2024-03-27 15:55:26', '2024-03-27 15:55:26'),
(140, 'settingsmenu', 6, 1, 0, 0, 0, '2024-03-27 15:55:26', '2024-03-27 15:55:26'),
(141, 'attachments_types', 1, 1, 1, 1, 1, '2024-03-27 15:55:26', '2024-03-27 15:55:26'),
(142, 'attachments_types', 3, 1, 0, 0, 0, '2024-03-27 15:55:27', '2024-03-27 15:55:27'),
(143, 'attachments_types', 4, 1, 0, 0, 0, '2024-03-27 15:55:27', '2024-03-27 15:55:27'),
(144, 'attachments_types', 5, 1, 0, 0, 0, '2024-03-27 15:55:27', '2024-03-27 15:55:27'),
(145, 'attachments_types', 6, 1, 0, 0, 0, '2024-03-27 15:55:27', '2024-03-27 15:55:27'),
(146, 'notifications_types', 1, 1, 1, 1, 1, '2024-03-27 15:55:27', '2024-03-27 15:55:27'),
(147, 'notifications_types', 3, 1, 0, 0, 0, '2024-03-27 15:55:27', '2024-03-27 15:55:27'),
(148, 'notifications_types', 4, 1, 0, 0, 0, '2024-03-27 15:55:27', '2024-03-27 15:55:27'),
(149, 'notifications_types', 5, 1, 0, 0, 0, '2024-03-27 15:55:27', '2024-03-27 15:55:27'),
(150, 'notifications_types', 6, 1, 0, 0, 0, '2024-03-27 15:55:27', '2024-03-27 15:55:27'),
(151, 'numberings', 1, 1, 0, 1, 0, '2024-03-27 15:55:27', '2024-03-27 15:55:27'),
(152, 'numberings', 3, 1, 0, 0, 0, '2024-03-27 15:55:27', '2024-03-27 15:55:27'),
(153, 'numberings', 4, 1, 0, 0, 0, '2024-03-27 15:55:27', '2024-03-27 15:55:27'),
(154, 'numberings', 5, 1, 0, 0, 0, '2024-03-27 15:55:27', '2024-03-27 15:55:27'),
(155, 'numberings', 6, 1, 0, 0, 0, '2024-03-27 15:55:27', '2024-03-27 15:55:27'),
(156, 'transactionssettingsmenu', 1, 1, 0, 0, 0, '2024-03-27 15:55:27', '2024-03-27 15:55:27'),
(157, 'transactionssettingsmenu', 3, 1, 0, 0, 0, '2024-03-27 15:55:27', '2024-03-27 15:55:27'),
(158, 'transactionssettingsmenu', 4, 1, 0, 0, 0, '2024-03-27 15:55:27', '2024-03-27 15:55:27'),
(159, 'transactionssettingsmenu', 5, 1, 0, 0, 0, '2024-03-27 15:55:27', '2024-03-27 15:55:27'),
(160, 'transactionssettingsmenu', 6, 1, 0, 0, 0, '2024-03-27 15:55:27', '2024-03-27 15:55:27'),
(161, 'transactions_categories', 1, 1, 0, 0, 0, '2024-03-27 15:55:28', '2024-03-27 15:55:28'),
(162, 'transactions_categories', 3, 1, 0, 0, 0, '2024-03-27 15:55:28', '2024-03-27 15:55:28'),
(163, 'transactions_categories', 4, 1, 0, 0, 0, '2024-03-27 15:55:28', '2024-03-27 15:55:28'),
(164, 'transactions_categories', 5, 1, 0, 0, 0, '2024-03-27 15:55:28', '2024-03-27 15:55:28'),
(165, 'transactions_categories', 6, 1, 0, 0, 0, '2024-03-27 15:55:28', '2024-03-27 15:55:28'),
(166, 'transactions_permissions', 1, 1, 1, 1, 0, '2024-03-27 15:55:28', '2024-03-27 15:55:28'),
(167, 'transactions_permissions', 3, 1, 0, 0, 0, '2024-03-27 15:55:28', '2024-03-27 15:55:28'),
(168, 'transactions_permissions', 4, 1, 0, 0, 0, '2024-03-27 15:55:28', '2024-03-27 15:55:28'),
(169, 'transactions_permissions', 5, 1, 0, 0, 0, '2024-03-27 15:55:28', '2024-03-27 15:55:28'),
(170, 'transactions_permissions', 6, 1, 0, 0, 0, '2024-03-27 15:55:28', '2024-03-27 15:55:28'),
(171, 'confidentialities', 1, 1, 1, 1, 1, '2024-03-27 15:55:28', '2024-03-27 15:55:28'),
(172, 'confidentialities', 3, 1, 0, 0, 0, '2024-03-27 15:55:28', '2024-03-27 15:55:28'),
(173, 'confidentialities', 4, 1, 0, 0, 0, '2024-03-27 15:55:28', '2024-03-27 15:55:28'),
(174, 'confidentialities', 5, 1, 0, 0, 0, '2024-03-27 15:55:28', '2024-03-27 15:55:28'),
(175, 'confidentialities', 6, 1, 0, 0, 0, '2024-03-27 15:55:28', '2024-03-27 15:55:28'),
(176, 'priorities', 1, 1, 1, 1, 1, '2024-03-27 15:55:28', '2024-03-27 15:55:28'),
(177, 'priorities', 3, 1, 0, 0, 0, '2024-03-27 15:55:29', '2024-03-27 15:55:29'),
(178, 'priorities', 4, 1, 0, 0, 0, '2024-03-27 15:55:29', '2024-03-27 15:55:29'),
(179, 'priorities', 5, 1, 0, 0, 0, '2024-03-27 15:55:29', '2024-03-27 15:55:29'),
(180, 'priorities', 6, 1, 0, 0, 0, '2024-03-27 15:55:29', '2024-03-27 15:55:29'),
(181, 'urgencies', 1, 1, 1, 1, 1, '2024-03-27 15:55:29', '2024-03-27 15:55:29'),
(182, 'urgencies', 3, 1, 0, 0, 0, '2024-03-27 15:55:29', '2024-03-27 15:55:29'),
(183, 'urgencies', 4, 1, 0, 0, 0, '2024-03-27 15:55:29', '2024-03-27 15:55:29'),
(184, 'urgencies', 5, 1, 0, 0, 0, '2024-03-27 15:55:29', '2024-03-27 15:55:29'),
(185, 'urgencies', 6, 1, 0, 0, 0, '2024-03-27 15:55:29', '2024-03-27 15:55:29'),
(186, 'receivingmethods', 1, 1, 1, 1, 1, '2024-03-27 15:55:29', '2024-03-27 15:55:29'),
(187, 'receivingmethods', 3, 1, 0, 0, 0, '2024-03-27 15:55:29', '2024-03-27 15:55:29'),
(188, 'receivingmethods', 4, 1, 0, 0, 0, '2024-03-27 15:55:29', '2024-03-27 15:55:29'),
(189, 'receivingmethods', 5, 1, 0, 0, 0, '2024-03-27 15:55:29', '2024-03-27 15:55:29'),
(190, 'receivingmethods', 6, 1, 0, 0, 0, '2024-03-27 15:55:29', '2024-03-27 15:55:29'),
(191, 'statuses', 1, 0, 0, 0, 0, '2024-03-27 15:55:29', '2024-03-27 15:55:29'),
(192, 'statuses', 3, 0, 0, 0, 0, '2024-03-27 15:55:29', '2024-03-27 15:55:29'),
(193, 'statuses', 4, 0, 0, 0, 0, '2024-03-27 15:55:29', '2024-03-27 15:55:29'),
(194, 'statuses', 5, 0, 0, 0, 0, '2024-03-27 15:55:30', '2024-03-27 15:55:30'),
(195, 'statuses', 6, 0, 0, 0, 0, '2024-03-27 15:55:30', '2024-03-27 15:55:30'),
(196, 'purposes', 1, 1, 1, 1, 1, '2024-03-27 15:55:30', '2024-03-27 15:55:30'),
(197, 'purposes', 3, 1, 0, 0, 0, '2024-03-27 15:55:30', '2024-03-27 15:55:30'),
(198, 'purposes', 4, 1, 0, 0, 0, '2024-03-27 15:55:30', '2024-03-27 15:55:30'),
(199, 'purposes', 5, 1, 0, 0, 0, '2024-03-27 15:55:30', '2024-03-27 15:55:30'),
(200, 'purposes', 6, 1, 0, 0, 0, '2024-03-27 15:55:30', '2024-03-27 15:55:30'),
(201, 'procedures', 1, 1, 1, 1, 1, '2024-03-27 15:55:30', '2024-03-27 15:55:30'),
(202, 'procedures', 3, 1, 0, 0, 0, '2024-03-27 15:55:30', '2024-03-27 15:55:30'),
(203, 'procedures', 4, 1, 0, 0, 0, '2024-03-27 15:55:30', '2024-03-27 15:55:30'),
(204, 'procedures', 5, 1, 0, 0, 0, '2024-03-27 15:55:30', '2024-03-27 15:55:30'),
(205, 'procedures', 6, 1, 0, 0, 0, '2024-03-27 15:55:30', '2024-03-27 15:55:30'),
(206, 'transactionsdesignmenu', 1, 1, 0, 0, 0, '2024-03-27 15:55:30', '2024-03-27 15:55:30'),
(207, 'transactionsdesignmenu', 3, 1, 0, 0, 0, '2024-03-27 15:55:30', '2024-03-27 15:55:30'),
(208, 'transactionsdesignmenu', 4, 1, 0, 0, 0, '2024-03-27 15:55:30', '2024-03-27 15:55:30'),
(209, 'transactionsdesignmenu', 5, 1, 0, 0, 0, '2024-03-27 15:55:30', '2024-03-27 15:55:30'),
(210, 'transactionsdesignmenu', 6, 1, 0, 0, 0, '2024-03-27 15:55:30', '2024-03-27 15:55:30'),
(211, 'transactions_types', 1, 1, 1, 1, 1, '2024-03-27 15:55:30', '2024-03-27 15:55:30'),
(212, 'transactions_types', 3, 1, 0, 0, 0, '2024-03-27 15:55:30', '2024-03-27 15:55:30'),
(213, 'transactions_types', 4, 1, 0, 0, 0, '2024-03-27 15:55:30', '2024-03-27 15:55:30'),
(214, 'transactions_types', 5, 1, 0, 0, 0, '2024-03-27 15:55:30', '2024-03-27 15:55:30'),
(215, 'transactions_types', 6, 1, 0, 0, 0, '2024-03-27 15:55:31', '2024-03-27 15:55:31'),
(216, 'pages', 1, 1, 1, 1, 1, '2024-03-27 15:55:31', '2024-03-27 15:55:31'),
(217, 'pages', 3, 1, 0, 0, 0, '2024-03-27 15:55:31', '2024-03-27 15:55:31'),
(218, 'pages', 4, 1, 0, 0, 0, '2024-03-27 15:55:31', '2024-03-27 15:55:31'),
(219, 'pages', 5, 1, 0, 0, 0, '2024-03-27 15:55:31', '2024-03-27 15:55:31'),
(220, 'pages', 6, 1, 0, 0, 0, '2024-03-27 15:55:31', '2024-03-27 15:55:31'),
(221, 'templates', 1, 1, 1, 1, 1, '2024-03-27 15:55:31', '2024-03-27 15:55:31'),
(222, 'templates', 3, 1, 0, 0, 0, '2024-03-27 15:55:31', '2024-03-27 15:55:31'),
(223, 'templates', 4, 1, 1, 1, 0, '2024-03-27 15:55:31', '2024-03-27 15:55:31'),
(224, 'templates', 5, 1, 1, 1, 0, '2024-03-27 15:55:31', '2024-03-27 15:55:31'),
(225, 'templates', 6, 1, 0, 0, 0, '2024-03-27 15:55:31', '2024-03-27 15:55:31'),
(226, 'choices', 1, 1, 1, 1, 1, '2024-03-27 15:55:31', '2024-03-27 15:55:31'),
(227, 'choices', 3, 1, 0, 0, 0, '2024-03-27 15:55:31', '2024-03-27 15:55:31'),
(228, 'choices', 4, 1, 0, 0, 0, '2024-03-27 15:55:31', '2024-03-27 15:55:31'),
(229, 'choices', 5, 1, 0, 0, 0, '2024-03-27 15:55:31', '2024-03-27 15:55:31'),
(230, 'choices', 6, 1, 0, 0, 0, '2024-03-27 15:55:31', '2024-03-27 15:55:31'),
(231, 'flows', 1, 1, 1, 1, 1, '2024-03-27 15:55:31', '2024-03-27 15:55:31'),
(232, 'flows', 3, 1, 0, 0, 0, '2024-03-27 15:55:31', '2024-03-27 15:55:31'),
(233, 'flows', 4, 1, 1, 1, 0, '2024-03-27 15:55:31', '2024-03-27 15:55:31'),
(234, 'flows', 5, 1, 1, 1, 0, '2024-03-27 15:55:31', '2024-03-27 15:55:31'),
(235, 'flows', 6, 1, 0, 0, 0, '2024-03-27 15:55:31', '2024-03-27 15:55:31'),
(236, 'steps', 1, 1, 1, 1, 1, '2024-03-27 15:55:32', '2024-03-27 15:55:32'),
(237, 'steps', 3, 1, 0, 0, 0, '2024-03-27 15:55:32', '2024-03-27 15:55:32'),
(238, 'steps', 4, 1, 0, 0, 0, '2024-03-27 15:55:32', '2024-03-27 15:55:32'),
(239, 'steps', 5, 1, 0, 0, 0, '2024-03-27 15:55:32', '2024-03-27 15:55:32'),
(240, 'steps', 6, 1, 0, 0, 0, '2024-03-27 15:55:32', '2024-03-27 15:55:32'),
(241, 'connections', 1, 1, 1, 1, 1, '2024-03-27 15:55:32', '2024-03-27 15:55:32'),
(242, 'connections', 3, 1, 0, 0, 0, '2024-03-27 15:55:32', '2024-03-27 15:55:32'),
(243, 'connections', 4, 1, 0, 0, 0, '2024-03-27 15:55:32', '2024-03-27 15:55:32'),
(244, 'connections', 5, 1, 0, 0, 0, '2024-03-27 15:55:32', '2024-03-27 15:55:32'),
(245, 'connections', 6, 1, 0, 0, 0, '2024-03-27 15:55:32', '2024-03-27 15:55:32'),
(246, 'attachments', 1, 1, 1, 1, 1, '2024-03-27 15:55:32', '2024-03-27 15:55:32'),
(247, 'attachments', 3, 1, 1, 1, 1, '2024-03-27 15:55:32', '2024-03-27 15:55:32'),
(248, 'attachments', 4, 1, 1, 1, 1, '2024-03-27 15:55:32', '2024-03-27 15:55:32'),
(249, 'attachments', 5, 1, 1, 1, 1, '2024-03-27 15:55:32', '2024-03-27 15:55:32'),
(250, 'attachments', 6, 1, 1, 1, 1, '2024-03-27 15:55:32', '2024-03-27 15:55:32'),
(251, 'transactions_logs', 1, 1, 0, 0, 0, '2024-03-27 15:55:32', '2024-03-27 15:55:32'),
(252, 'transactions_logs', 3, 1, 0, 0, 0, '2024-03-27 15:55:32', '2024-03-27 15:55:32'),
(253, 'transactions_logs', 4, 1, 0, 0, 0, '2024-03-27 15:55:32', '2024-03-27 15:55:32'),
(254, 'transactions_logs', 5, 1, 0, 0, 0, '2024-03-27 15:55:32', '2024-03-27 15:55:32'),
(255, 'transactions_logs', 6, 1, 0, 0, 0, '2024-03-27 15:55:32', '2024-03-27 15:55:32'),
(256, 'transactionsmenu', 1, 1, 0, 0, 0, '2024-03-27 15:55:32', '2024-03-27 15:55:32'),
(257, 'transactionsmenu', 3, 1, 0, 0, 0, '2024-03-27 15:55:32', '2024-03-27 15:55:32'),
(258, 'transactionsmenu', 4, 1, 0, 0, 0, '2024-03-27 15:55:32', '2024-03-27 15:55:32'),
(259, 'transactionsmenu', 5, 1, 0, 0, 0, '2024-03-27 15:55:33', '2024-03-27 15:55:33'),
(260, 'transactionsmenu', 6, 1, 0, 0, 0, '2024-03-27 15:55:33', '2024-03-27 15:55:33'),
(261, 'outgoings', 1, 1, 1, 1, 1, '2024-03-27 15:55:33', '2024-03-27 15:55:33'),
(262, 'outgoings', 3, 1, 1, 1, 1, '2024-03-27 15:55:33', '2024-03-27 15:55:33'),
(263, 'outgoings', 4, 1, 1, 1, 1, '2024-03-27 15:55:33', '2024-03-27 15:55:33'),
(264, 'outgoings', 5, 1, 1, 1, 1, '2024-03-27 15:55:33', '2024-03-27 15:55:33'),
(265, 'outgoings', 6, 0, 0, 0, 0, '2024-03-27 15:55:33', '2024-03-27 15:55:33'),
(266, 'incomings', 1, 1, 1, 1, 1, '2024-03-27 15:55:33', '2024-03-27 15:55:33'),
(267, 'incomings', 3, 1, 1, 1, 1, '2024-03-27 15:55:33', '2024-03-27 15:55:33'),
(268, 'incomings', 4, 1, 1, 1, 1, '2024-03-27 15:55:33', '2024-03-27 15:55:33'),
(269, 'incomings', 5, 1, 1, 1, 1, '2024-03-27 15:55:33', '2024-03-27 15:55:33'),
(270, 'incomings', 6, 0, 0, 0, 0, '2024-03-27 15:55:33', '2024-03-27 15:55:33'),
(271, 'internals', 1, 1, 1, 1, 1, '2024-03-27 15:55:33', '2024-03-27 15:55:33'),
(272, 'internals', 3, 1, 1, 1, 1, '2024-03-27 15:55:33', '2024-03-27 15:55:33'),
(273, 'internals', 4, 1, 1, 1, 1, '2024-03-27 15:55:33', '2024-03-27 15:55:33'),
(274, 'internals', 5, 1, 1, 1, 1, '2024-03-27 15:55:33', '2024-03-27 15:55:33'),
(275, 'internals', 6, 0, 0, 0, 0, '2024-03-27 15:55:33', '2024-03-27 15:55:33'),
(276, 'archivesettingssmenu', 1, 1, 0, 0, 0, '2024-03-27 15:55:33', '2024-03-27 15:55:33'),
(277, 'archivesettingssmenu', 3, 0, 0, 0, 0, '2024-03-27 15:55:33', '2024-03-27 15:55:33'),
(278, 'archivesettingssmenu', 4, 0, 0, 0, 0, '2024-03-27 15:55:34', '2024-03-27 15:55:34'),
(279, 'archivesettingssmenu', 5, 0, 0, 0, 0, '2024-03-27 15:55:34', '2024-03-27 15:55:34'),
(280, 'archivesettingssmenu', 6, 0, 0, 0, 0, '2024-03-27 15:55:34', '2024-03-27 15:55:34'),
(281, 'cabinets', 1, 1, 1, 1, 1, '2024-03-27 15:55:34', '2024-03-27 15:55:34'),
(282, 'cabinets', 3, 0, 0, 0, 0, '2024-03-27 15:55:34', '2024-03-27 15:55:34'),
(283, 'cabinets', 4, 0, 0, 0, 0, '2024-03-27 15:55:34', '2024-03-27 15:55:34'),
(284, 'cabinets', 5, 0, 0, 0, 0, '2024-03-27 15:55:34', '2024-03-27 15:55:34'),
(285, 'cabinets', 6, 0, 0, 0, 0, '2024-03-27 15:55:34', '2024-03-27 15:55:34'),
(286, 'folders', 1, 1, 1, 1, 1, '2024-03-27 15:55:34', '2024-03-27 15:55:34'),
(287, 'folders', 3, 0, 0, 0, 0, '2024-03-27 15:55:34', '2024-03-27 15:55:34'),
(288, 'folders', 4, 0, 0, 0, 0, '2024-03-27 15:55:34', '2024-03-27 15:55:34'),
(289, 'folders', 5, 0, 0, 0, 0, '2024-03-27 15:55:34', '2024-03-27 15:55:34'),
(290, 'folders', 6, 0, 0, 0, 0, '2024-03-27 15:55:34', '2024-03-27 15:55:34'),
(291, 'cabinets_permissions', 1, 1, 1, 1, 1, '2024-03-27 15:55:34', '2024-03-27 15:55:34'),
(292, 'cabinets_permissions', 3, 1, 1, 0, 0, '2024-03-27 15:55:34', '2024-03-27 15:55:34'),
(293, 'cabinets_permissions', 4, 0, 0, 0, 0, '2024-03-27 15:55:34', '2024-03-27 15:55:34'),
(294, 'cabinets_permissions', 5, 0, 0, 0, 0, '2024-03-27 15:55:34', '2024-03-27 15:55:34'),
(295, 'cabinets_permissions', 6, 0, 0, 0, 0, '2024-03-27 15:55:34', '2024-03-27 15:55:34'),
(296, 'shares', 1, 1, 1, 1, 1, '2024-03-27 15:55:34', '2024-03-27 15:55:34'),
(297, 'shares', 3, 1, 1, 1, 0, '2024-03-27 15:55:34', '2024-03-27 15:55:34'),
(298, 'shares', 4, 1, 1, 1, 0, '2024-03-27 15:55:34', '2024-03-27 15:55:34'),
(299, 'shares', 5, 1, 1, 1, 0, '2024-03-27 15:55:34', '2024-03-27 15:55:34'),
(300, 'shares', 6, 1, 1, 0, 0, '2024-03-27 15:55:34', '2024-03-27 15:55:34'),
(301, 'files_shares', 1, 1, 1, 1, 1, '2024-03-27 15:55:35', '2024-03-27 15:55:35'),
(302, 'files_shares', 3, 1, 1, 1, 0, '2024-03-27 15:55:35', '2024-03-27 15:55:35'),
(303, 'files_shares', 4, 1, 1, 1, 0, '2024-03-27 15:55:35', '2024-03-27 15:55:35'),
(304, 'files_shares', 5, 1, 1, 1, 0, '2024-03-27 15:55:35', '2024-03-27 15:55:35'),
(305, 'files_shares', 6, 1, 1, 0, 0, '2024-03-27 15:55:35', '2024-03-27 15:55:35'),
(306, 'archivemenu', 1, 1, 0, 0, 0, '2024-03-27 15:55:35', '2024-03-27 15:55:35'),
(307, 'archivemenu', 3, 1, 0, 0, 0, '2024-03-27 15:55:35', '2024-03-27 15:55:35'),
(308, 'archivemenu', 4, 1, 0, 0, 0, '2024-03-27 15:55:35', '2024-03-27 15:55:35'),
(309, 'archivemenu', 5, 1, 0, 0, 0, '2024-03-27 15:55:35', '2024-03-27 15:55:35'),
(310, 'archivemenu', 6, 0, 0, 0, 0, '2024-03-27 15:55:35', '2024-03-27 15:55:35'),
(311, 'archive/outgoings', 1, 1, 0, 0, 0, '2024-03-27 15:55:35', '2024-03-27 15:55:35'),
(312, 'archive/outgoings', 3, 1, 0, 0, 0, '2024-03-27 15:55:35', '2024-03-27 15:55:35'),
(313, 'archive/outgoings', 4, 1, 0, 0, 0, '2024-03-27 15:55:35', '2024-03-27 15:55:35'),
(314, 'archive/outgoings', 5, 1, 0, 0, 0, '2024-03-27 15:55:35', '2024-03-27 15:55:35'),
(315, 'archive/outgoings', 6, 0, 0, 0, 0, '2024-03-27 15:55:35', '2024-03-27 15:55:35'),
(316, 'archive/incomings', 1, 1, 0, 0, 0, '2024-03-27 15:55:35', '2024-03-27 15:55:35'),
(317, 'archive/incomings', 3, 1, 0, 0, 0, '2024-03-27 15:55:35', '2024-03-27 15:55:35'),
(318, 'archive/incomings', 4, 1, 0, 0, 0, '2024-03-27 15:55:36', '2024-03-27 15:55:36'),
(319, 'archive/incomings', 5, 1, 0, 0, 0, '2024-03-27 15:55:36', '2024-03-27 15:55:36'),
(320, 'archive/incomings', 6, 0, 0, 0, 0, '2024-03-27 15:55:36', '2024-03-27 15:55:36'),
(321, 'archive/internals', 1, 1, 0, 0, 0, '2024-03-27 15:55:36', '2024-03-27 15:55:36'),
(322, 'archive/internals', 3, 1, 0, 0, 0, '2024-03-27 15:55:36', '2024-03-27 15:55:36'),
(323, 'archive/internals', 4, 1, 0, 0, 0, '2024-03-27 15:55:36', '2024-03-27 15:55:36'),
(324, 'archive/internals', 5, 1, 0, 0, 0, '2024-03-27 15:55:36', '2024-03-27 15:55:36'),
(325, 'archive/internals', 6, 0, 0, 0, 0, '2024-03-27 15:55:36', '2024-03-27 15:55:36'),
(326, 'reports', 1, 1, 0, 0, 0, '2024-03-27 15:55:36', '2024-03-27 15:55:36'),
(327, 'reports', 3, 1, 0, 0, 0, '2024-03-27 15:55:36', '2024-03-27 15:55:36'),
(328, 'reports', 4, 1, 0, 0, 0, '2024-03-27 15:55:36', '2024-03-27 15:55:36'),
(329, 'reports', 5, 1, 0, 0, 0, '2024-03-27 15:55:36', '2024-03-27 15:55:36'),
(330, 'reports', 6, 0, 0, 0, 0, '2024-03-27 15:55:36', '2024-03-27 15:55:36'),
(331, 'transactions_logs_report', 1, 1, 0, 0, 0, '2024-03-27 15:55:36', '2024-03-27 15:55:36'),
(332, 'transactions_logs_report', 3, 0, 0, 0, 0, '2024-03-27 15:55:36', '2024-03-27 15:55:36'),
(333, 'transactions_logs_report', 4, 0, 0, 0, 0, '2024-03-27 15:55:36', '2024-03-27 15:55:36'),
(334, 'transactions_logs_report', 5, 0, 0, 0, 0, '2024-03-27 15:55:36', '2024-03-27 15:55:36'),
(335, 'transactions_logs_report', 6, 0, 0, 0, 0, '2024-03-27 15:55:37', '2024-03-27 15:55:37'),
(336, 'transactionsreports', 1, 1, 0, 0, 0, '2024-03-27 15:55:37', '2024-03-27 15:55:37'),
(337, 'transactionsreports', 3, 0, 0, 0, 0, '2024-03-27 15:55:37', '2024-03-27 15:55:37'),
(338, 'transactionsreports', 4, 0, 0, 0, 0, '2024-03-27 15:55:37', '2024-03-27 15:55:37'),
(339, 'transactionsreports', 5, 0, 0, 0, 0, '2024-03-27 15:55:37', '2024-03-27 15:55:37'),
(340, 'transactionsreports', 6, 0, 0, 0, 0, '2024-03-27 15:55:37', '2024-03-27 15:55:37'),
(341, 'mgmtsreports', 1, 1, 0, 0, 0, '2024-03-27 15:55:37', '2024-03-27 15:55:37'),
(342, 'mgmtsreports', 3, 0, 0, 0, 0, '2024-03-27 15:55:37', '2024-03-27 15:55:37'),
(343, 'mgmtsreports', 4, 0, 0, 0, 0, '2024-03-27 15:55:37', '2024-03-27 15:55:37'),
(344, 'mgmtsreports', 5, 0, 0, 0, 0, '2024-03-27 15:55:37', '2024-03-27 15:55:37'),
(345, 'mgmtsreports', 6, 0, 0, 0, 0, '2024-03-27 15:55:37', '2024-03-27 15:55:37'),
(346, 'transactionsenquiry', 1, 1, 0, 0, 0, '2024-03-27 15:55:37', '2024-03-27 15:55:37'),
(347, 'transactionsenquiry', 3, 0, 0, 0, 0, '2024-03-27 15:55:37', '2024-03-27 15:55:37'),
(348, 'transactionsenquiry', 4, 0, 0, 0, 0, '2024-03-27 15:55:37', '2024-03-27 15:55:37'),
(349, 'transactionsenquiry', 5, 0, 0, 0, 0, '2024-03-27 15:55:37', '2024-03-27 15:55:37'),
(350, 'transactionsenquiry', 6, 0, 0, 0, 0, '2024-03-27 15:55:37', '2024-03-27 15:55:37'),
(351, 'delivers', 1, 1, 0, 0, 0, '2024-03-27 15:55:38', '2024-03-27 15:55:38'),
(352, 'delivers', 3, 0, 0, 0, 0, '2024-03-27 15:55:38', '2024-03-27 15:55:38'),
(353, 'delivers', 4, 0, 0, 0, 0, '2024-03-27 15:55:38', '2024-03-27 15:55:38'),
(354, 'delivers', 5, 0, 0, 0, 0, '2024-03-27 15:55:38', '2024-03-27 15:55:38'),
(355, 'delivers', 6, 0, 0, 0, 0, '2024-03-27 15:55:38', '2024-03-27 15:55:38'),
(356, 'test', 1, 1, 0, 0, 0, '2024-03-27 15:55:38', '2024-03-27 15:55:38'),
(357, 'test', 3, 0, 0, 0, 0, '2024-03-27 15:55:38', '2024-03-27 15:55:38'),
(358, 'test', 4, 0, 0, 0, 0, '2024-03-27 15:55:38', '2024-03-27 15:55:38'),
(359, 'test', 5, 0, 0, 0, 0, '2024-03-27 15:55:38', '2024-03-27 15:55:38'),
(360, 'test', 6, 0, 0, 0, 0, '2024-03-27 15:55:38', '2024-03-27 15:55:38');

--
-- Indexes for dumped tables
--

--
-- Indexes for table `attachments`
--
ALTER TABLE `attachments`
  ADD PRIMARY KEY (`id`),
  ADD KEY `ocr_index` (`ocr`(768));

--
-- Indexes for table `attachments_types`
--
ALTER TABLE `attachments_types`
  ADD PRIMARY KEY (`id`);

--
-- Indexes for table `branches`
--
ALTER TABLE `branches`
  ADD PRIMARY KEY (`id`);

--
-- Indexes for table `cabinets`
--
ALTER TABLE `cabinets`
  ADD PRIMARY KEY (`id`);

--
-- Indexes for table `cabinets_permissions`
--
ALTER TABLE `cabinets_permissions`
  ADD PRIMARY KEY (`id`);

--
-- Indexes for table `choices`
--
ALTER TABLE `choices`
  ADD PRIMARY KEY (`id`);

--
-- Indexes for table `confidentialities`
--
ALTER TABLE `confidentialities`
  ADD PRIMARY KEY (`id`);

--
-- Indexes for table `connections`
--
ALTER TABLE `connections`
  ADD PRIMARY KEY (`id`);

--
-- Indexes for table `delivers`
--
ALTER TABLE `delivers`
  ADD PRIMARY KEY (`id`);

--
-- Indexes for table `departments`
--
ALTER TABLE `departments`
  ADD PRIMARY KEY (`id`);

--
-- Indexes for table `dictionaries`
--
ALTER TABLE `dictionaries`
  ADD PRIMARY KEY (`id`);

--
-- Indexes for table `entities`
--
ALTER TABLE `entities`
  ADD PRIMARY KEY (`id`);

--
-- Indexes for table `entities_types`
--
ALTER TABLE `entities_types`
  ADD PRIMARY KEY (`id`);

--
-- Indexes for table `failed_jobs`
--
ALTER TABLE `failed_jobs`
  ADD PRIMARY KEY (`id`),
  ADD UNIQUE KEY `failed_jobs_uuid_unique` (`uuid`);

--
-- Indexes for table `fields`
--
ALTER TABLE `fields`
  ADD PRIMARY KEY (`id`);

--
-- Indexes for table `files_shares`
--
ALTER TABLE `files_shares`
  ADD PRIMARY KEY (`id`);

--
-- Indexes for table `flows`
--
ALTER TABLE `flows`
  ADD PRIMARY KEY (`id`);

--
-- Indexes for table `folders`
--
ALTER TABLE `folders`
  ADD PRIMARY KEY (`id`);

--
-- Indexes for table `jobtitles`
--
ALTER TABLE `jobtitles`
  ADD PRIMARY KEY (`id`);

--
-- Indexes for table `logs`
--
ALTER TABLE `logs`
  ADD PRIMARY KEY (`id`);

--
-- Indexes for table `mailboxes`
--
ALTER TABLE `mailboxes`
  ADD PRIMARY KEY (`id`);

--
-- Indexes for table `mailbox_attachments`
--
ALTER TABLE `mailbox_attachments`
  ADD PRIMARY KEY (`id`);

--
-- Indexes for table `managements`
--
ALTER TABLE `managements`
  ADD PRIMARY KEY (`id`);

--
-- Indexes for table `messages`
--
ALTER TABLE `messages`
  ADD PRIMARY KEY (`id`);

--
-- Indexes for table `migrations`
--
ALTER TABLE `migrations`
  ADD PRIMARY KEY (`id`);

--
-- Indexes for table `notifications`
--
ALTER TABLE `notifications`
  ADD PRIMARY KEY (`id`);

--
-- Indexes for table `notifications_types`
--
ALTER TABLE `notifications_types`
  ADD PRIMARY KEY (`id`);

--
-- Indexes for table `numberings`
--
ALTER TABLE `numberings`
  ADD PRIMARY KEY (`id`);

--
-- Indexes for table `outgoings`
--
ALTER TABLE `outgoings`
  ADD PRIMARY KEY (`id`);

--
-- Indexes for table `pages`
--
ALTER TABLE `pages`
  ADD PRIMARY KEY (`id`);

--
-- Indexes for table `priorities`
--
ALTER TABLE `priorities`
  ADD PRIMARY KEY (`id`);

--
-- Indexes for table `procedures`
--
ALTER TABLE `procedures`
  ADD PRIMARY KEY (`id`);

--
-- Indexes for table `purposes`
--
ALTER TABLE `purposes`
  ADD PRIMARY KEY (`id`);

--
-- Indexes for table `receivingmethods`
--
ALTER TABLE `receivingmethods`
  ADD PRIMARY KEY (`id`);

--
-- Indexes for table `shares`
--
ALTER TABLE `shares`
  ADD PRIMARY KEY (`id`);

--
-- Indexes for table `statuses`
--
ALTER TABLE `statuses`
  ADD PRIMARY KEY (`id`);

--
-- Indexes for table `steps`
--
ALTER TABLE `steps`
  ADD PRIMARY KEY (`id`);

--
-- Indexes for table `tasks`
--
ALTER TABLE `tasks`
  ADD PRIMARY KEY (`id`);

--
-- Indexes for table `templates`
--
ALTER TABLE `templates`
  ADD PRIMARY KEY (`id`);

--
-- Indexes for table `transactions_categories`
--
ALTER TABLE `transactions_categories`
  ADD PRIMARY KEY (`id`);

--
-- Indexes for table `transactions_logs`
--
ALTER TABLE `transactions_logs`
  ADD PRIMARY KEY (`id`);

--
-- Indexes for table `transactions_permissions`
--
ALTER TABLE `transactions_permissions`
  ADD PRIMARY KEY (`id`);

--
-- Indexes for table `transactions_types`
--
ALTER TABLE `transactions_types`
  ADD PRIMARY KEY (`id`);

--
-- Indexes for table `urgencies`
--
ALTER TABLE `urgencies`
  ADD PRIMARY KEY (`id`);

--
-- Indexes for table `user_levels`
--
ALTER TABLE `user_levels`
  ADD PRIMARY KEY (`id`);

--
-- Indexes for table `user_privileges`
--
ALTER TABLE `user_privileges`
  ADD PRIMARY KEY (`id`);

--
-- AUTO_INCREMENT for dumped tables
--

--
-- AUTO_INCREMENT for table `attachments`
--
ALTER TABLE `attachments`
  MODIFY `id` bigint(20) UNSIGNED NOT NULL AUTO_INCREMENT, AUTO_INCREMENT=105;

--
-- AUTO_INCREMENT for table `attachments_types`
--
ALTER TABLE `attachments_types`
  MODIFY `id` bigint(20) UNSIGNED NOT NULL AUTO_INCREMENT, AUTO_INCREMENT=6;

--
-- AUTO_INCREMENT for table `branches`
--
ALTER TABLE `branches`
  MODIFY `id` bigint(20) UNSIGNED NOT NULL AUTO_INCREMENT, AUTO_INCREMENT=14;

--
-- AUTO_INCREMENT for table `cabinets`
--
ALTER TABLE `cabinets`
  MODIFY `id` bigint(20) UNSIGNED NOT NULL AUTO_INCREMENT, AUTO_INCREMENT=12;

--
-- AUTO_INCREMENT for table `cabinets_permissions`
--
ALTER TABLE `cabinets_permissions`
  MODIFY `id` bigint(20) UNSIGNED NOT NULL AUTO_INCREMENT, AUTO_INCREMENT=8;

--
-- AUTO_INCREMENT for table `choices`
--
ALTER TABLE `choices`
  MODIFY `id` bigint(20) UNSIGNED NOT NULL AUTO_INCREMENT, AUTO_INCREMENT=2;

--
-- AUTO_INCREMENT for table `confidentialities`
--
ALTER TABLE `confidentialities`
  MODIFY `id` bigint(20) UNSIGNED NOT NULL AUTO_INCREMENT, AUTO_INCREMENT=3;

--
-- AUTO_INCREMENT for table `connections`
--
ALTER TABLE `connections`
  MODIFY `id` bigint(20) UNSIGNED NOT NULL AUTO_INCREMENT, AUTO_INCREMENT=6;

--
-- AUTO_INCREMENT for table `delivers`
--
ALTER TABLE `delivers`
  MODIFY `id` bigint(20) UNSIGNED NOT NULL AUTO_INCREMENT, AUTO_INCREMENT=2;

--
-- AUTO_INCREMENT for table `departments`
--
ALTER TABLE `departments`
  MODIFY `id` bigint(20) UNSIGNED NOT NULL AUTO_INCREMENT, AUTO_INCREMENT=5;

--
-- AUTO_INCREMENT for table `dictionaries`
--
ALTER TABLE `dictionaries`
  MODIFY `id` bigint(20) UNSIGNED NOT NULL AUTO_INCREMENT, AUTO_INCREMENT=1121;

--
-- AUTO_INCREMENT for table `entities`
--
ALTER TABLE `entities`
  MODIFY `id` bigint(20) NOT NULL AUTO_INCREMENT, AUTO_INCREMENT=2032;

--
-- AUTO_INCREMENT for table `entities_types`
--
ALTER TABLE `entities_types`
  MODIFY `id` bigint(20) UNSIGNED NOT NULL AUTO_INCREMENT, AUTO_INCREMENT=4;

--
-- AUTO_INCREMENT for table `failed_jobs`
--
ALTER TABLE `failed_jobs`
  MODIFY `id` bigint(20) UNSIGNED NOT NULL AUTO_INCREMENT;

--
-- AUTO_INCREMENT for table `fields`
--
ALTER TABLE `fields`
  MODIFY `id` bigint(20) UNSIGNED NOT NULL AUTO_INCREMENT, AUTO_INCREMENT=205;

--
-- AUTO_INCREMENT for table `files_shares`
--
ALTER TABLE `files_shares`
  MODIFY `id` bigint(20) UNSIGNED NOT NULL AUTO_INCREMENT, AUTO_INCREMENT=11;

--
-- AUTO_INCREMENT for table `flows`
--
ALTER TABLE `flows`
  MODIFY `id` bigint(20) UNSIGNED NOT NULL AUTO_INCREMENT, AUTO_INCREMENT=9;

--
-- AUTO_INCREMENT for table `folders`
--
ALTER TABLE `folders`
  MODIFY `id` bigint(20) UNSIGNED NOT NULL AUTO_INCREMENT, AUTO_INCREMENT=44;

--
-- AUTO_INCREMENT for table `jobtitles`
--
ALTER TABLE `jobtitles`
  MODIFY `id` bigint(20) UNSIGNED NOT NULL AUTO_INCREMENT;

--
-- AUTO_INCREMENT for table `logs`
--
ALTER TABLE `logs`
  MODIFY `id` bigint(20) UNSIGNED NOT NULL AUTO_INCREMENT, AUTO_INCREMENT=48;

--
-- AUTO_INCREMENT for table `mailboxes`
--
ALTER TABLE `mailboxes`
  MODIFY `id` bigint(20) UNSIGNED NOT NULL AUTO_INCREMENT, AUTO_INCREMENT=41;

--
-- AUTO_INCREMENT for table `mailbox_attachments`
--
ALTER TABLE `mailbox_attachments`
  MODIFY `id` bigint(20) UNSIGNED NOT NULL AUTO_INCREMENT, AUTO_INCREMENT=14;

--
-- AUTO_INCREMENT for table `managements`
--
ALTER TABLE `managements`
  MODIFY `id` bigint(20) UNSIGNED NOT NULL AUTO_INCREMENT, AUTO_INCREMENT=7;

--
-- AUTO_INCREMENT for table `messages`
--
ALTER TABLE `messages`
  MODIFY `id` bigint(20) UNSIGNED NOT NULL AUTO_INCREMENT, AUTO_INCREMENT=17;

--
-- AUTO_INCREMENT for table `migrations`
--
ALTER TABLE `migrations`
  MODIFY `id` int(10) UNSIGNED NOT NULL AUTO_INCREMENT, AUTO_INCREMENT=53;

--
-- AUTO_INCREMENT for table `notifications`
--
ALTER TABLE `notifications`
  MODIFY `id` bigint(20) UNSIGNED NOT NULL AUTO_INCREMENT, AUTO_INCREMENT=113;

--
-- AUTO_INCREMENT for table `notifications_types`
--
ALTER TABLE `notifications_types`
  MODIFY `id` bigint(20) UNSIGNED NOT NULL AUTO_INCREMENT, AUTO_INCREMENT=4;

--
-- AUTO_INCREMENT for table `numberings`
--
ALTER TABLE `numberings`
  MODIFY `id` bigint(20) UNSIGNED NOT NULL AUTO_INCREMENT, AUTO_INCREMENT=5;

--
-- AUTO_INCREMENT for table `outgoings`
--
ALTER TABLE `outgoings`
  MODIFY `id` bigint(20) UNSIGNED NOT NULL AUTO_INCREMENT, AUTO_INCREMENT=119;

--
-- AUTO_INCREMENT for table `pages`
--
ALTER TABLE `pages`
  MODIFY `id` bigint(20) UNSIGNED NOT NULL AUTO_INCREMENT, AUTO_INCREMENT=54;

--
-- AUTO_INCREMENT for table `priorities`
--
ALTER TABLE `priorities`
  MODIFY `id` bigint(20) UNSIGNED NOT NULL AUTO_INCREMENT, AUTO_INCREMENT=3;

--
-- AUTO_INCREMENT for table `procedures`
--
ALTER TABLE `procedures`
  MODIFY `id` bigint(20) UNSIGNED NOT NULL AUTO_INCREMENT, AUTO_INCREMENT=4;

--
-- AUTO_INCREMENT for table `purposes`
--
ALTER TABLE `purposes`
  MODIFY `id` bigint(20) UNSIGNED NOT NULL AUTO_INCREMENT, AUTO_INCREMENT=7;

--
-- AUTO_INCREMENT for table `receivingmethods`
--
ALTER TABLE `receivingmethods`
  MODIFY `id` bigint(20) UNSIGNED NOT NULL AUTO_INCREMENT, AUTO_INCREMENT=4;

--
-- AUTO_INCREMENT for table `shares`
--
ALTER TABLE `shares`
  MODIFY `id` bigint(20) UNSIGNED NOT NULL AUTO_INCREMENT, AUTO_INCREMENT=8;

--
-- AUTO_INCREMENT for table `statuses`
--
ALTER TABLE `statuses`
  MODIFY `id` bigint(20) UNSIGNED NOT NULL AUTO_INCREMENT;

--
-- AUTO_INCREMENT for table `steps`
--
ALTER TABLE `steps`
  MODIFY `id` bigint(20) UNSIGNED NOT NULL AUTO_INCREMENT, AUTO_INCREMENT=24;

--
-- AUTO_INCREMENT for table `tasks`
--
ALTER TABLE `tasks`
  MODIFY `id` bigint(20) UNSIGNED NOT NULL AUTO_INCREMENT, AUTO_INCREMENT=11;

--
-- AUTO_INCREMENT for table `templates`
--
ALTER TABLE `templates`
  MODIFY `id` bigint(20) UNSIGNED NOT NULL AUTO_INCREMENT, AUTO_INCREMENT=10;

--
-- AUTO_INCREMENT for table `transactions_categories`
--
ALTER TABLE `transactions_categories`
  MODIFY `id` bigint(20) UNSIGNED NOT NULL AUTO_INCREMENT, AUTO_INCREMENT=5;

--
-- AUTO_INCREMENT for table `transactions_logs`
--
ALTER TABLE `transactions_logs`
  MODIFY `id` bigint(20) UNSIGNED NOT NULL AUTO_INCREMENT, AUTO_INCREMENT=199;

--
-- AUTO_INCREMENT for table `transactions_permissions`
--
ALTER TABLE `transactions_permissions`
  MODIFY `id` bigint(20) UNSIGNED NOT NULL AUTO_INCREMENT, AUTO_INCREMENT=19;

--
-- AUTO_INCREMENT for table `transactions_types`
--
ALTER TABLE `transactions_types`
  MODIFY `id` bigint(20) UNSIGNED NOT NULL AUTO_INCREMENT, AUTO_INCREMENT=8;

--
-- AUTO_INCREMENT for table `urgencies`
--
ALTER TABLE `urgencies`
  MODIFY `id` bigint(20) UNSIGNED NOT NULL AUTO_INCREMENT, AUTO_INCREMENT=3;

--
-- AUTO_INCREMENT for table `user_levels`
--
ALTER TABLE `user_levels`
  MODIFY `id` bigint(20) UNSIGNED NOT NULL AUTO_INCREMENT, AUTO_INCREMENT=8;

--
-- AUTO_INCREMENT for table `user_privileges`
--
ALTER TABLE `user_privileges`
  MODIFY `id` bigint(20) UNSIGNED NOT NULL AUTO_INCREMENT, AUTO_INCREMENT=361;
COMMIT;

